{"id":69494,"date":"2024-03-22T16:24:44","date_gmt":"2024-03-22T15:24:44","guid":{"rendered":"https:\/\/abinox-chr-clim.com\/index.php\/product\/spiralizer-manuel-oxo-good-grips\/"},"modified":"2026-04-23T09:12:26","modified_gmt":"2026-04-23T07:12:26","slug":"spiralizer-manuel-oxo-good-grips","status":"publish","type":"product","link":"https:\/\/abinox-chr-clim.com\/index.php\/product\/spiralizer-manuel-oxo-good-grips\/","title":{"rendered":"Spiralizer manuel OXO Good Grips"},"content":{"rendered":"<p>Vous aimez les p\u00e2tes mais d\u00e9sirez obtenir une alternative &#63; Le Spiralizer vous permet de cr\u00e9er des nouilles de l\u00e9gume ou de fruit de fa\u00e7on facile et rapide. Installez simplement le l\u00e9gume et tournez la manivelle. La poign\u00e9e antid\u00e9rapante est con\u00e7ue ergonomiquement. Passe au lave-vaisselle.<br \/>Coupe les l\u00e9gumes en spaguetti. La conception de lame ouverte accueille \u00e0 la fois les l\u00e9gumes longs et ronds. Poign\u00e9e antid\u00e9rapante con\u00e7ue ergonomiquement. Compatible lave-vaisselle. Le poussoir prot\u00e8ge la main de la lame.  Coupe les l\u00e9gumes en spaguetti.<\/p>\n<p>Caract\u00e9ristiques :<br \/> Dimensions : 76(H) x 88(\u00d8) mm.<br \/> Mati\u00e8re : Plastique et acier inoxydable.<br \/> Couleur : Vert.<\/p>\n","protected":false},"excerpt":{"rendered":"<div><img decoding=\"async\" src=\"https:\/\/abinox-chr-clim.com\/wp-content\/uploads\/2024\/03\/abinox-garantie-1-an.webp\" width=\"150px\"\/><\/div>\n<p>Spiralizer manuel OXO Good Grips<\/p>\n","protected":false},"featured_media":84960,"comment_status":"closed","ping_status":"closed","template":"","meta":[],"product_brand":[],"product_cat":[1190,1160,1297,1179,1187],"product_tag":[],"class_list":{"0":"post-69494","1":"product","2":"type-product","3":"status-publish","4":"has-post-thumbnail","6":"product_cat-coupe-legumes","7":"product_cat-materiel-electrique-et-de-cuisson","8":"product_cat-non-palettisable","9":"product_cat-petit-materiel","10":"product_cat-preparation-des-aliments","11":"product_shipping_class-free-shipping","13":"first","14":"outofstock","15":"featured","16":"taxable","17":"shipping-taxable","18":"purchasable","19":"product-type-simple"},"_links":{"self":[{"href":"https:\/\/abinox-chr-clim.com\/index.php\/wp-json\/wp\/v2\/product\/69494","targetHints":{"allow":["GET"]}}],"collection":[{"href":"https:\/\/abinox-chr-clim.com\/index.php\/wp-json\/wp\/v2\/product"}],"about":[{"href":"https:\/\/abinox-chr-clim.com\/index.php\/wp-json\/wp\/v2\/types\/product"}],"replies":[{"embeddable":true,"href":"https:\/\/abinox-chr-clim.com\/index.php\/wp-json\/wp\/v2\/comments?post=69494"}],"wp:featuredmedia":[{"embeddable":true,"href":"https:\/\/abinox-chr-clim.com\/index.php\/wp-json\/wp\/v2\/media\/84960"}],"wp:attachment":[{"href":"https:\/\/abinox-chr-clim.com\/index.php\/wp-json\/wp\/v2\/media?parent=69494"}],"wp:term":[{"taxonomy":"product_brand","embeddable":true,"href":"https:\/\/abinox-chr-clim.com\/index.php\/wp-json\/wp\/v2\/product_brand?post=69494"},{"taxonomy":"product_cat","embeddable":true,"href":"https:\/\/abinox-chr-clim.com\/index.php\/wp-json\/wp\/v2\/product_cat?post=69494"},{"taxonomy":"product_tag","embeddable":true,"href":"https:\/\/abinox-chr-clim.com\/index.php\/wp-json\/wp\/v2\/product_tag?post=69494"}],"curies":[{"name":"wp","href":"https:\/\/api.w.org\/{rel}","templated":true}]}}