{"id":69482,"date":"2024-03-22T16:24:38","date_gmt":"2024-03-22T15:24:38","guid":{"rendered":"https:\/\/abinox-chr-clim.com\/index.php\/product\/rehausse-vogue-pour-batteur-planetaire-buffalo-gl190-et-gl191\/"},"modified":"2026-04-02T09:13:28","modified_gmt":"2026-04-02T07:13:28","slug":"rehausse-vogue-pour-batteur-planetaire-buffalo-gl190-et-gl191","status":"publish","type":"product","link":"https:\/\/abinox-chr-clim.com\/index.php\/product\/rehausse-vogue-pour-batteur-planetaire-buffalo-gl190-et-gl191\/","title":{"rendered":"Rehausse Vogue pour batteur plan\u00e9taire Buffalo GL190 et GL191"},"content":{"rendered":"<p>Pieds r\u00e9glables en hauteur. Dessus en acier inoxydable. Assemblage n\u00e9cessaire. Pieds r\u00e9glables en hauteur.<\/p>\n<p>Caract\u00e9ristiques :<br \/> Dimensions : 445(H)x 440(L)x 458(P)mm.<\/p>\n","protected":false},"excerpt":{"rendered":"<div><img decoding=\"async\" src=\"https:\/\/abinox-chr-clim.com\/wp-content\/uploads\/2024\/03\/abinox-garantie-1-an.webp\" width=\"150px\"\/><\/div>\n<p>Rehausse Vogue pour batteur plan\u00e9taire Buffalo GL190 et GL191<\/p>\n","protected":false},"featured_media":101326,"comment_status":"closed","ping_status":"closed","template":"","meta":[],"product_brand":[],"product_cat":[1188,1160,1297,1179,1187],"product_tag":[],"class_list":{"0":"post-69482","1":"product","2":"type-product","3":"status-publish","4":"has-post-thumbnail","6":"product_cat-batteurs","7":"product_cat-materiel-electrique-et-de-cuisson","8":"product_cat-non-palettisable","9":"product_cat-petit-materiel","10":"product_cat-preparation-des-aliments","11":"product_shipping_class-free-shipping","13":"first","14":"outofstock","15":"featured","16":"taxable","17":"shipping-taxable","18":"purchasable","19":"product-type-simple"},"_links":{"self":[{"href":"https:\/\/abinox-chr-clim.com\/index.php\/wp-json\/wp\/v2\/product\/69482","targetHints":{"allow":["GET"]}}],"collection":[{"href":"https:\/\/abinox-chr-clim.com\/index.php\/wp-json\/wp\/v2\/product"}],"about":[{"href":"https:\/\/abinox-chr-clim.com\/index.php\/wp-json\/wp\/v2\/types\/product"}],"replies":[{"embeddable":true,"href":"https:\/\/abinox-chr-clim.com\/index.php\/wp-json\/wp\/v2\/comments?post=69482"}],"wp:featuredmedia":[{"embeddable":true,"href":"https:\/\/abinox-chr-clim.com\/index.php\/wp-json\/wp\/v2\/media\/101326"}],"wp:attachment":[{"href":"https:\/\/abinox-chr-clim.com\/index.php\/wp-json\/wp\/v2\/media?parent=69482"}],"wp:term":[{"taxonomy":"product_brand","embeddable":true,"href":"https:\/\/abinox-chr-clim.com\/index.php\/wp-json\/wp\/v2\/product_brand?post=69482"},{"taxonomy":"product_cat","embeddable":true,"href":"https:\/\/abinox-chr-clim.com\/index.php\/wp-json\/wp\/v2\/product_cat?post=69482"},{"taxonomy":"product_tag","embeddable":true,"href":"https:\/\/abinox-chr-clim.com\/index.php\/wp-json\/wp\/v2\/product_tag?post=69482"}],"curies":[{"name":"wp","href":"https:\/\/api.w.org\/{rel}","templated":true}]}}