{"id":69481,"date":"2024-03-22T16:24:38","date_gmt":"2024-03-22T15:24:38","guid":{"rendered":"https:\/\/abinox-chr-clim.com\/index.php\/product\/batteur-planetaire-7l-waring-wsm7le\/"},"modified":"2026-04-02T10:08:05","modified_gmt":"2026-04-02T08:08:05","slug":"batteur-planetaire-7l-waring-wsm7le","status":"publish","type":"product","link":"https:\/\/abinox-chr-clim.com\/index.php\/product\/batteur-planetaire-7l-waring-wsm7le\/","title":{"rendered":"Batteur plan\u00e9taire 7L Waring WSM7LE"},"content":{"rendered":"<p>Moteur puissant de &#189; HP et 11 vitesses de m\u00e9lange pour plus d&rsquo;efficacit\u00e9 et de polyvalence. Conception \u00e0 engrenages et protection contre les surcharges thermiques.<br \/>Grand bol en acier inoxydable de 7 litres avec poign\u00e9e en acier inoxydable robuste pour une extraction facile.Moteur \u00e0 induction robuste de &#189; HP pour les pr\u00e9parations de cuisines commerciales. Les commandes mont\u00e9es \u00e0 l&rsquo;avant et le voyant d&rsquo;alimentation LED sont positionn\u00e9s pour faciliter l&rsquo;acc\u00e8s de l&rsquo;op\u00e9rateur.R\u00e9f\u00e9rence soumise \u00e0 une Eco-participation mobilier de 1.02\u20ac par unit\u00e9 vendue. La protection anti-\u00e9claboussures amovible avec goulotte d&rsquo;alimentation garde les comptoirs propres et permet de surveiller le m\u00e9lange.La t\u00eate inclinable facilite l&rsquo;ajout et le retrait du bol et des accessoires, et simplifie le nettoyage.La transmission de lubrification permanente \u00e0 engrenages offre des ann\u00e9es de fonctionnement fiable.La protection contre les surcharges thermiques emp\u00eache l&rsquo;unit\u00e9 de fonctionner jusqu&rsquo;\u00e0 ce que les ingr\u00e9dients en exc\u00e8s soient retir\u00e9s du bol.Comprend un fouet, une palette de m\u00e9lange et un crochet p\u00e9trisseur allant au lave-vaisselle. Les pieds en caoutchouc antid\u00e9rapants prot\u00e8gent les comptoirs et emp\u00eachent le batteur de bouger pendant le fonctionnement.  11 vitesses de m\u00e9lange avec un contr\u00f4le de vitesse r\u00e9glable permettent d&rsquo;effectuer tous les m\u00e9langes, des meringues l\u00e9g\u00e8res aux p\u00e2tes lourdes.Grand bol en acier inoxydable de 7 litres avec poign\u00e9e en acier inoxydable robuste pour une extraction facile. .<br \/> Caract\u00e9ristiques :<br \/> Capacit\u00e9 : 7 L.<br \/> Dimensions : 555(H) x 355(L) x 495(P)mm.<br \/> Mati\u00e8re : .<br \/> Voltage : 230V.<br \/> Couleur : Bleu.<\/p>\n","protected":false},"excerpt":{"rendered":"<div><img decoding=\"async\" src=\"https:\/\/abinox-chr-clim.com\/wp-content\/uploads\/2024\/03\/abinox-garantie-1-an.webp\" width=\"150px\"\/><\/div>\n<p>Batteur plan\u00e9taire 7L Waring WSM7LE<\/p>\n","protected":false},"featured_media":100991,"comment_status":"closed","ping_status":"closed","template":"","meta":[],"product_brand":[],"product_cat":[1188,1160,1297,1179,1187],"product_tag":[],"class_list":{"0":"post-69481","1":"product","2":"type-product","3":"status-publish","4":"has-post-thumbnail","6":"product_cat-batteurs","7":"product_cat-materiel-electrique-et-de-cuisson","8":"product_cat-non-palettisable","9":"product_cat-petit-materiel","10":"product_cat-preparation-des-aliments","11":"product_shipping_class-free-shipping","13":"first","14":"instock","15":"featured","16":"taxable","17":"shipping-taxable","18":"purchasable","19":"product-type-simple"},"_links":{"self":[{"href":"https:\/\/abinox-chr-clim.com\/index.php\/wp-json\/wp\/v2\/product\/69481","targetHints":{"allow":["GET"]}}],"collection":[{"href":"https:\/\/abinox-chr-clim.com\/index.php\/wp-json\/wp\/v2\/product"}],"about":[{"href":"https:\/\/abinox-chr-clim.com\/index.php\/wp-json\/wp\/v2\/types\/product"}],"replies":[{"embeddable":true,"href":"https:\/\/abinox-chr-clim.com\/index.php\/wp-json\/wp\/v2\/comments?post=69481"}],"wp:featuredmedia":[{"embeddable":true,"href":"https:\/\/abinox-chr-clim.com\/index.php\/wp-json\/wp\/v2\/media\/100991"}],"wp:attachment":[{"href":"https:\/\/abinox-chr-clim.com\/index.php\/wp-json\/wp\/v2\/media?parent=69481"}],"wp:term":[{"taxonomy":"product_brand","embeddable":true,"href":"https:\/\/abinox-chr-clim.com\/index.php\/wp-json\/wp\/v2\/product_brand?post=69481"},{"taxonomy":"product_cat","embeddable":true,"href":"https:\/\/abinox-chr-clim.com\/index.php\/wp-json\/wp\/v2\/product_cat?post=69481"},{"taxonomy":"product_tag","embeddable":true,"href":"https:\/\/abinox-chr-clim.com\/index.php\/wp-json\/wp\/v2\/product_tag?post=69481"}],"curies":[{"name":"wp","href":"https:\/\/api.w.org\/{rel}","templated":true}]}}