{"id":69474,"date":"2024-03-22T16:24:35","date_gmt":"2024-03-22T15:24:35","guid":{"rendered":"https:\/\/abinox-chr-clim.com\/index.php\/product\/batteur-planetaire-buffalo-blanc-7l\/"},"modified":"2026-04-02T09:51:35","modified_gmt":"2026-04-02T07:51:35","slug":"batteur-planetaire-buffalo-blanc-7l","status":"publish","type":"product","link":"https:\/\/abinox-chr-clim.com\/index.php\/product\/batteur-planetaire-buffalo-blanc-7l\/","title":{"rendered":"Batteur plan\u00e9taire Buffalo blanc 7L"},"content":{"rendered":"<p>Batteur extr\u00eamement durable et robuste avec bol amovible grande capacit\u00e9. Id\u00e9al pour un usage quotidien dans les boulangeries, les restaurants, les cantines et m\u00eame les \u00e9coles pr\u00e9parant les repas sur place. La t\u00eate de levage et le bol en inox facilitent le nettoyage et le remplacement des accessoires, quant au couvercle avec tr\u00e9mie amovible, ils prot\u00e8gent des projections lors du m\u00e9lange.<br \/>Le fonctionnement du batteur plan\u00e9taire m\u00e9lange le contenu entier du bol pour des r\u00e9sultats rapides et efficaces. Contr\u00f4le de la vitesse en continu pour une pr\u00e9cision de m\u00e9lange maximale. La construction enti\u00e8rement m\u00e9tallique conf\u00e8re au batteur une excellente r\u00e9sistance. R\u00e9f\u00e9rence soumise \u00e0 une Eco-participation mobilier de 0.92\u20ac par unit\u00e9 vendue. La tr\u00e9mie amovible vous permet d&rsquo;ajouter des ingr\u00e9dients en toute s\u00e9curit\u00e9 tout en m\u00e9langeant. La t\u00eate peut \u00eatre relev\u00e9e pour faciliter le nettoyage ou le changement d&rsquo;accessoires. Accessoires en aluminium : batteur, fouet et crochet \u00e0 p\u00e2te.Fonctionnement convivial gain de temps. Le fonctionnement du batteur plan\u00e9taire m\u00e9lange le contenu entier du bol pour des r\u00e9sultats rapides et efficaces.<\/p>\n<p>Caract\u00e9ristiques :<br \/> Dimensions : 41(H) x 42(L)cm.<br \/> Mati\u00e8re : .<br \/> Voltage : 220-240V.<br \/> Couleur : Blanc.<\/p>\n","protected":false},"excerpt":{"rendered":"<div><img decoding=\"async\" src=\"https:\/\/abinox-chr-clim.com\/wp-content\/uploads\/2024\/03\/abinox-garantie-1-an.webp\" width=\"150px\"\/><\/div>\n<p>Batteur plan\u00e9taire Buffalo blanc 7L<\/p>\n","protected":false},"featured_media":87462,"comment_status":"closed","ping_status":"closed","template":"","meta":[],"product_brand":[],"product_cat":[1188,1160,1297,1179,1187],"product_tag":[],"class_list":{"0":"post-69474","1":"product","2":"type-product","3":"status-publish","4":"has-post-thumbnail","6":"product_cat-batteurs","7":"product_cat-materiel-electrique-et-de-cuisson","8":"product_cat-non-palettisable","9":"product_cat-petit-materiel","10":"product_cat-preparation-des-aliments","11":"product_shipping_class-free-shipping","13":"first","14":"outofstock","15":"featured","16":"taxable","17":"shipping-taxable","18":"purchasable","19":"product-type-simple"},"_links":{"self":[{"href":"https:\/\/abinox-chr-clim.com\/index.php\/wp-json\/wp\/v2\/product\/69474","targetHints":{"allow":["GET"]}}],"collection":[{"href":"https:\/\/abinox-chr-clim.com\/index.php\/wp-json\/wp\/v2\/product"}],"about":[{"href":"https:\/\/abinox-chr-clim.com\/index.php\/wp-json\/wp\/v2\/types\/product"}],"replies":[{"embeddable":true,"href":"https:\/\/abinox-chr-clim.com\/index.php\/wp-json\/wp\/v2\/comments?post=69474"}],"wp:featuredmedia":[{"embeddable":true,"href":"https:\/\/abinox-chr-clim.com\/index.php\/wp-json\/wp\/v2\/media\/87462"}],"wp:attachment":[{"href":"https:\/\/abinox-chr-clim.com\/index.php\/wp-json\/wp\/v2\/media?parent=69474"}],"wp:term":[{"taxonomy":"product_brand","embeddable":true,"href":"https:\/\/abinox-chr-clim.com\/index.php\/wp-json\/wp\/v2\/product_brand?post=69474"},{"taxonomy":"product_cat","embeddable":true,"href":"https:\/\/abinox-chr-clim.com\/index.php\/wp-json\/wp\/v2\/product_cat?post=69474"},{"taxonomy":"product_tag","embeddable":true,"href":"https:\/\/abinox-chr-clim.com\/index.php\/wp-json\/wp\/v2\/product_tag?post=69474"}],"curies":[{"name":"wp","href":"https:\/\/api.w.org\/{rel}","templated":true}]}}