{"id":69460,"date":"2024-03-22T16:24:30","date_gmt":"2024-03-22T15:24:30","guid":{"rendered":"https:\/\/abinox-chr-clim.com\/index.php\/product\/plancha-electrique-plaque-lisse-chromee-gm70-80ftes-cr-gastro-m-700-plus\/"},"modified":"2026-04-02T09:20:48","modified_gmt":"2026-04-02T07:20:48","slug":"plancha-electrique-plaque-lisse-chromee-gm70-80ftes-cr-gastro-m-700-plus","status":"publish","type":"product","link":"https:\/\/abinox-chr-clim.com\/index.php\/product\/plancha-electrique-plaque-lisse-chromee-gm70-80ftes-cr-gastro-m-700-plus\/","title":{"rendered":"Plancha \u00e9lectrique plaque lisse chrom\u00e9e GM70\/80FTES-CR Gastro M 700 plus"},"content":{"rendered":"<p>Plaques \u00e0 snacker robustes avec un temps de chauffe rapide et une r\u00e9partition uniforme de la chaleur. Bac de r\u00e9cup\u00e9ration int\u00e9gr\u00e9 et dosseret en acier inoxydable pour une zone de proximit\u00e9 propre. L&rsquo;option plaques chrom\u00e9es (50 microns) n\u00e9cessite moins d&rsquo;\u00e9nergie pour maintenir la temp\u00e9rature de cuisson. Livr\u00e9es sans porte.<br \/>Plaque chrom\u00e9e de haute qualit\u00e9 (50 microns). Dimensions surface de cuisson : 735(L) x 530(P)mm. Bac de r\u00e9cup\u00e9ration. Thermostat r\u00e9glable. R\u00e9f\u00e9rence soumise \u00e0 une Eco-participation mobilier de 0.35\u20ac par unit\u00e9 vendue.  R\u00e9f\u00e9rence soumise \u00e0 une Eco-participation DEEE de 1,98\u20ac par unit\u00e9 vendue. Plaque chrom\u00e9e de haute qualit\u00e9 (50 microns). Dimensions surface de cuisson : 735(L) x 530(P)mm.<\/p>\n<p>Caract\u00e9ristiques :<br \/> Dimensions : 850(H) x 800(L) x 700(P) mm.<br \/> Mati\u00e8re : Acier inoxydable.<br \/> Voltage : 400V.<br \/> Couleur : Acier inoxydable.<\/p>\n","protected":false},"excerpt":{"rendered":"<div><img decoding=\"async\" src=\"https:\/\/abinox-chr-clim.com\/wp-content\/uploads\/2024\/03\/abinox-garantie-1-an.webp\" width=\"150px\"\/><\/div>\n<p>Plancha \u00e9lectrique plaque lisse chrom\u00e9e GM70\/80FTES-CR Gastro M 700 plus<\/p>\n","protected":false},"featured_media":102350,"comment_status":"closed","ping_status":"closed","template":"","meta":[],"product_brand":[],"product_cat":[1185,1160,1296,1179],"product_tag":[],"class_list":{"0":"post-69460","1":"product","2":"type-product","3":"status-publish","4":"has-post-thumbnail","6":"product_cat-grils-et-plaques-de-cuisson","7":"product_cat-materiel-electrique-et-de-cuisson","8":"product_cat-palettisable","9":"product_cat-petit-materiel","11":"first","12":"instock","13":"featured","14":"taxable","15":"shipping-taxable","16":"purchasable","17":"product-type-simple"},"_links":{"self":[{"href":"https:\/\/abinox-chr-clim.com\/index.php\/wp-json\/wp\/v2\/product\/69460","targetHints":{"allow":["GET"]}}],"collection":[{"href":"https:\/\/abinox-chr-clim.com\/index.php\/wp-json\/wp\/v2\/product"}],"about":[{"href":"https:\/\/abinox-chr-clim.com\/index.php\/wp-json\/wp\/v2\/types\/product"}],"replies":[{"embeddable":true,"href":"https:\/\/abinox-chr-clim.com\/index.php\/wp-json\/wp\/v2\/comments?post=69460"}],"wp:featuredmedia":[{"embeddable":true,"href":"https:\/\/abinox-chr-clim.com\/index.php\/wp-json\/wp\/v2\/media\/102350"}],"wp:attachment":[{"href":"https:\/\/abinox-chr-clim.com\/index.php\/wp-json\/wp\/v2\/media?parent=69460"}],"wp:term":[{"taxonomy":"product_brand","embeddable":true,"href":"https:\/\/abinox-chr-clim.com\/index.php\/wp-json\/wp\/v2\/product_brand?post=69460"},{"taxonomy":"product_cat","embeddable":true,"href":"https:\/\/abinox-chr-clim.com\/index.php\/wp-json\/wp\/v2\/product_cat?post=69460"},{"taxonomy":"product_tag","embeddable":true,"href":"https:\/\/abinox-chr-clim.com\/index.php\/wp-json\/wp\/v2\/product_tag?post=69460"}],"curies":[{"name":"wp","href":"https:\/\/api.w.org\/{rel}","templated":true}]}}