{"id":69393,"date":"2024-03-22T16:24:00","date_gmt":"2024-03-22T15:24:00","guid":{"rendered":"https:\/\/abinox-chr-clim.com\/index.php\/product\/friteuse-gaz-8l-gastro-m-650-65-40frg\/"},"modified":"2026-04-02T09:20:33","modified_gmt":"2026-04-02T07:20:33","slug":"friteuse-gaz-8l-gastro-m-650-65-40frg","status":"publish","type":"product","link":"https:\/\/abinox-chr-clim.com\/index.php\/product\/friteuse-gaz-8l-gastro-m-650-65-40frg\/","title":{"rendered":"Friteuse gaz 8L Gastro M 650 65\/40FRG"},"content":{"rendered":"<p>Friteuse gaz avec allumage piezo, soupape de s\u00e9curit\u00e9 thermostatique et coupe-circuit thermique. Mont\u00e9e en temp\u00e9rature rapide gr\u00e2ce \u00e0 2 br\u00fbleurs ind\u00e9pendants. Zone froide pour la r\u00e9colte des r\u00e9sidus d&rsquo;aliments, robinet de vidange. Livr\u00e9e avec 1 panier. Attention : ne pas utiliser de graisse solide.<br \/>Ext\u00e9rieur acier inoxydable. La capacit\u00e9 du r\u00e9servoir de la friteuse correspond \u00e0 8 litres d&rsquo;huile, au rep\u00e8re de niveau maximum indiqu\u00e9 dans le r\u00e9servoir. Robinet de vidange. R\u00e9f\u00e9rence soumise \u00e0 une Eco-participation mobilier de 0.09\u20ac par unit\u00e9 vendue. Capacit\u00e9 de friture max.8kg\/h.Coupe-circuit thermique. R\u00e9f\u00e9rence soumise \u00e0 une Eco-participation DEEE de 0,50\u20ac par unit\u00e9 vendue. Ext\u00e9rieur acier inoxydable.<\/p>\n<p>Caract\u00e9ristiques :<br \/> Capacit\u00e9 : 8L.<br \/> Dimensions : 280(H) x 400(L) x 650(P) mm.<br \/> Mati\u00e8re : Ext\u00e9rieur acier inoxydable.<br \/> Sortie : 6,3kW.<br \/> Couleur : Acier inoxydable.<br \/> Puissance : 6.3 kW.<\/p>\n","protected":false},"excerpt":{"rendered":"<div><img decoding=\"async\" src=\"https:\/\/abinox-chr-clim.com\/wp-content\/uploads\/2024\/03\/abinox-garantie-1-an.webp\" width=\"150px\"\/><\/div>\n<p>Friteuse gaz 8L Gastro M 650 65\/40FRG<\/p>\n","protected":false},"featured_media":102329,"comment_status":"closed","ping_status":"closed","template":"","meta":[],"product_brand":[],"product_cat":[1182,1160,1296,1179],"product_tag":[],"class_list":{"0":"post-69393","1":"product","2":"type-product","3":"status-publish","4":"has-post-thumbnail","6":"product_cat-friteuses","7":"product_cat-materiel-electrique-et-de-cuisson","8":"product_cat-palettisable","9":"product_cat-petit-materiel","11":"first","12":"instock","13":"featured","14":"taxable","15":"shipping-taxable","16":"purchasable","17":"product-type-simple"},"_links":{"self":[{"href":"https:\/\/abinox-chr-clim.com\/index.php\/wp-json\/wp\/v2\/product\/69393","targetHints":{"allow":["GET"]}}],"collection":[{"href":"https:\/\/abinox-chr-clim.com\/index.php\/wp-json\/wp\/v2\/product"}],"about":[{"href":"https:\/\/abinox-chr-clim.com\/index.php\/wp-json\/wp\/v2\/types\/product"}],"replies":[{"embeddable":true,"href":"https:\/\/abinox-chr-clim.com\/index.php\/wp-json\/wp\/v2\/comments?post=69393"}],"wp:featuredmedia":[{"embeddable":true,"href":"https:\/\/abinox-chr-clim.com\/index.php\/wp-json\/wp\/v2\/media\/102329"}],"wp:attachment":[{"href":"https:\/\/abinox-chr-clim.com\/index.php\/wp-json\/wp\/v2\/media?parent=69393"}],"wp:term":[{"taxonomy":"product_brand","embeddable":true,"href":"https:\/\/abinox-chr-clim.com\/index.php\/wp-json\/wp\/v2\/product_brand?post=69393"},{"taxonomy":"product_cat","embeddable":true,"href":"https:\/\/abinox-chr-clim.com\/index.php\/wp-json\/wp\/v2\/product_cat?post=69393"},{"taxonomy":"product_tag","embeddable":true,"href":"https:\/\/abinox-chr-clim.com\/index.php\/wp-json\/wp\/v2\/product_tag?post=69393"}],"curies":[{"name":"wp","href":"https:\/\/api.w.org\/{rel}","templated":true}]}}