{"id":69373,"date":"2024-03-22T16:23:53","date_gmt":"2024-03-22T15:23:53","guid":{"rendered":"https:\/\/abinox-chr-clim.com\/index.php\/product\/friteuse-induction-cuve-simple-buffalo-3kw\/"},"modified":"2026-04-02T09:30:15","modified_gmt":"2026-04-02T07:30:15","slug":"friteuse-induction-cuve-simple-buffalo-3kw","status":"publish","type":"product","link":"https:\/\/abinox-chr-clim.com\/index.php\/product\/friteuse-induction-cuve-simple-buffalo-3kw\/","title":{"rendered":"Friteuse induction cuve simple Buffalo 3kW"},"content":{"rendered":"<p>Friteuse \u00e0 induction facile \u00e0 utiliser et haute performance pour une cuisson rapide contr\u00f4l\u00e9e, \u00e9conome en \u00e9nergie. R\u00e9sistances prot\u00e9g\u00e9es et robinet de vidange robuste pour un nettoyage plus facile et plus rapide que pour les mod\u00e8les standards. Id\u00e9ale pour tous types d&rsquo;\u00e9tablissements.<br \/>Construction inox facile \u00e0 nettoyer. Retour en temp\u00e9rature rapide. Panier et couvercle fournis. R\u00e9f\u00e9rence soumise \u00e0 une Eco-participation mobilier de 0.84\u20ac par unit\u00e9 vendue. Coupe-circuit de s\u00e9curit\u00e9. Manches anti chaleur des paniers. Cuve \u00e0 huile en V et robinets pour une vidange facile et sans d\u00e9g\u00e2ts. Fonctionnement induction \u00e9conome en \u00e9nergie. Filtre \u00e0 air amovible mont\u00e9 sur la base. Contr\u00f4le pr\u00e9cis de la temp\u00e9rature. Construction inox facile \u00e0 nettoyer.<\/p>\n<p>Caract\u00e9ristiques :<br \/> Capacit\u00e9 : 7,5 L.<br \/> Dimensions : 415(H) x 290(L) x 440(P) mm.<br \/> Mati\u00e8re : Inox.<br \/> Temp\u00e9rature : 60 \u00b0C \u00e0 190 \u00b0C.<br \/> Voltage : 220\/240V.<br \/> Couleur : Acier inoxydable.<br \/> Puissance : 3 kW.<\/p>\n","protected":false},"excerpt":{"rendered":"<div><img decoding=\"async\" src=\"https:\/\/abinox-chr-clim.com\/wp-content\/uploads\/2024\/03\/abinox-garantie-1-an.webp\" width=\"150px\"\/><\/div>\n<p>Friteuse induction cuve simple Buffalo 3kW<\/p>\n","protected":false},"featured_media":85417,"comment_status":"closed","ping_status":"closed","template":"","meta":[],"product_brand":[],"product_cat":[1182,1160,1297,1179],"product_tag":[],"class_list":{"0":"post-69373","1":"product","2":"type-product","3":"status-publish","4":"has-post-thumbnail","6":"product_cat-friteuses","7":"product_cat-materiel-electrique-et-de-cuisson","8":"product_cat-non-palettisable","9":"product_cat-petit-materiel","10":"product_shipping_class-free-shipping","12":"first","13":"instock","14":"featured","15":"taxable","16":"shipping-taxable","17":"purchasable","18":"product-type-simple"},"_links":{"self":[{"href":"https:\/\/abinox-chr-clim.com\/index.php\/wp-json\/wp\/v2\/product\/69373","targetHints":{"allow":["GET"]}}],"collection":[{"href":"https:\/\/abinox-chr-clim.com\/index.php\/wp-json\/wp\/v2\/product"}],"about":[{"href":"https:\/\/abinox-chr-clim.com\/index.php\/wp-json\/wp\/v2\/types\/product"}],"replies":[{"embeddable":true,"href":"https:\/\/abinox-chr-clim.com\/index.php\/wp-json\/wp\/v2\/comments?post=69373"}],"wp:featuredmedia":[{"embeddable":true,"href":"https:\/\/abinox-chr-clim.com\/index.php\/wp-json\/wp\/v2\/media\/85417"}],"wp:attachment":[{"href":"https:\/\/abinox-chr-clim.com\/index.php\/wp-json\/wp\/v2\/media?parent=69373"}],"wp:term":[{"taxonomy":"product_brand","embeddable":true,"href":"https:\/\/abinox-chr-clim.com\/index.php\/wp-json\/wp\/v2\/product_brand?post=69373"},{"taxonomy":"product_cat","embeddable":true,"href":"https:\/\/abinox-chr-clim.com\/index.php\/wp-json\/wp\/v2\/product_cat?post=69373"},{"taxonomy":"product_tag","embeddable":true,"href":"https:\/\/abinox-chr-clim.com\/index.php\/wp-json\/wp\/v2\/product_tag?post=69373"}],"curies":[{"name":"wp","href":"https:\/\/api.w.org\/{rel}","templated":true}]}}