{"id":69363,"date":"2024-03-22T16:23:48","date_gmt":"2024-03-22T15:23:48","guid":{"rendered":"https:\/\/abinox-chr-clim.com\/index.php\/product\/gril-salamandre-electrique-lincat-silverlink-gr3\/"},"modified":"2026-04-24T10:19:30","modified_gmt":"2026-04-24T08:19:30","slug":"gril-salamandre-electrique-lincat-silverlink-gr3","status":"publish","type":"product","link":"https:\/\/abinox-chr-clim.com\/index.php\/product\/gril-salamandre-electrique-lincat-silverlink-gr3\/","title":{"rendered":"Gril salamandre \u00e9lectrique Lincat Silverlink GR3"},"content":{"rendered":"<p>Gril finition acier inoxydable de qualit\u00e9 avec \u00e9tag\u00e8re \u00e0 cinq positions. Fournit une distribution uniforme de la chaleur qui le rend id\u00e9al pour griller et toaster. Fourni avec une po\u00eale grill, une grille \u00e0 toasts et un tiroir ramasse-miettes.<br \/>Grille 5 positions pour une pr\u00e9cision de cuisson maximale. R\u00e9partition uniforme de la chaleur &#8211; l&rsquo;ensemble de la grille re\u00e7oit la m\u00eame temp\u00e9rature. Conception inox facile \u00e0 nettoyer. R\u00e9f\u00e9rence soumise \u00e0 une Eco-participation mobilier de 0.64\u20ac par unit\u00e9 vendue. Contr\u00f4le de la temp\u00e9rature simple par bouton rotatif. Dimensions int\u00e9rieures : 176(H) x 478(L) x 307(P)mm. R\u00e9sistances m\u00e9talliques. Ramasse-miettes. Grille 5 positions. Plateau ramasse-miettes et grille fournis de s\u00e9rie. Mod\u00e8le GR3.Grille 5 positions pour une pr\u00e9cision de cuisson maximale.<\/p>\n<p>Caract\u00e9ristiques :<br \/> Dimensions : 314(H) x 600(L) x 350(P) mm.<br \/> Mati\u00e8re : Finition acier inoxydable.<br \/> Sortie : 50 burgers\/h, 180 steaks\/h.<br \/> Voltage : 230V<\/p>\n","protected":false},"excerpt":{"rendered":"<div><img decoding=\"async\" src=\"https:\/\/abinox-chr-clim.com\/wp-content\/uploads\/2024\/03\/abinox-garantie-1-an.webp\" width=\"150px\"\/><\/div>\n<p>Gril salamandre \u00e9lectrique Lincat Silverlink GR3<\/p>\n","protected":false},"featured_media":103436,"comment_status":"closed","ping_status":"closed","template":"","meta":[],"product_brand":[],"product_cat":[1180,1160,1297,1179],"product_tag":[],"class_list":{"0":"post-69363","1":"product","2":"type-product","3":"status-publish","4":"has-post-thumbnail","6":"product_cat-chauffe-aliments","7":"product_cat-materiel-electrique-et-de-cuisson","8":"product_cat-non-palettisable","9":"product_cat-petit-materiel","10":"product_shipping_class-free-shipping","12":"first","13":"instock","14":"featured","15":"taxable","16":"shipping-taxable","17":"purchasable","18":"product-type-simple"},"_links":{"self":[{"href":"https:\/\/abinox-chr-clim.com\/index.php\/wp-json\/wp\/v2\/product\/69363","targetHints":{"allow":["GET"]}}],"collection":[{"href":"https:\/\/abinox-chr-clim.com\/index.php\/wp-json\/wp\/v2\/product"}],"about":[{"href":"https:\/\/abinox-chr-clim.com\/index.php\/wp-json\/wp\/v2\/types\/product"}],"replies":[{"embeddable":true,"href":"https:\/\/abinox-chr-clim.com\/index.php\/wp-json\/wp\/v2\/comments?post=69363"}],"wp:featuredmedia":[{"embeddable":true,"href":"https:\/\/abinox-chr-clim.com\/index.php\/wp-json\/wp\/v2\/media\/103436"}],"wp:attachment":[{"href":"https:\/\/abinox-chr-clim.com\/index.php\/wp-json\/wp\/v2\/media?parent=69363"}],"wp:term":[{"taxonomy":"product_brand","embeddable":true,"href":"https:\/\/abinox-chr-clim.com\/index.php\/wp-json\/wp\/v2\/product_brand?post=69363"},{"taxonomy":"product_cat","embeddable":true,"href":"https:\/\/abinox-chr-clim.com\/index.php\/wp-json\/wp\/v2\/product_cat?post=69363"},{"taxonomy":"product_tag","embeddable":true,"href":"https:\/\/abinox-chr-clim.com\/index.php\/wp-json\/wp\/v2\/product_tag?post=69363"}],"curies":[{"name":"wp","href":"https:\/\/api.w.org\/{rel}","templated":true}]}}