{"id":69357,"date":"2024-03-22T16:23:46","date_gmt":"2024-03-22T15:23:46","guid":{"rendered":"https:\/\/abinox-chr-clim.com\/index.php\/product\/thermoplongeur-cuisson-sous-vide-portable-buffalo-1500w\/"},"modified":"2026-04-21T09:08:05","modified_gmt":"2026-04-21T07:08:05","slug":"thermoplongeur-cuisson-sous-vide-portable-buffalo-1500w","status":"publish","type":"product","link":"https:\/\/abinox-chr-clim.com\/index.php\/product\/thermoplongeur-cuisson-sous-vide-portable-buffalo-1500w\/","title":{"rendered":"Thermoplongeur cuisson sous vide portable Buffalo 1500W"},"content":{"rendered":"<p>Thermoplongeur compact et portable pour une utilisation ponctuelle ou lors de d\u00e9placements. L&rsquo;appareil est adapt\u00e9 \u00e0 la plupart des r\u00e9cipients, pots ou bacs, aux parois planes ou arrondies. La circulation de l&rsquo;eau permet une meilleure r\u00e9partition de la temp\u00e9rature. Bacs vendus s\u00e9par\u00e9ment (profondeur minimum 200mm).<br \/>Conception simple \u00e0 nettoyer. Ecran d&rsquo;affichage LCD. Dispositif d&rsquo;alarme de d\u00e9tection de faible niveau d&rsquo;eau. R\u00e9f\u00e9rence soumise \u00e0 une Eco-participation mobilier de 0.13\u20ac par unit\u00e9 vendue. Contr\u00f4le de temp\u00e9rature de \u00b1 0,5\u00b0C. Profondeur minimum du bac requise : 200mm. Capacit\u00e9 maximum : 40L. D\u00e9bit de pompe : 5L\/mn. Minuterie 0-99hr. R\u00e9f\u00e9rence soumise \u00e0 une Eco-participation DEEE de 0,04\u20ac par unit\u00e9 vendue. Conception simple \u00e0 nettoyer.<\/p>\n<p>Caract\u00e9ristiques :<br \/> Capacit\u00e9 : 40 L.<br \/> Dimensions : 320(H) x 145(L) x 130(P) mm.<br \/> Mati\u00e8re : .<br \/> Temp\u00e9rature : ambiante +5\u00b0C, maximum 99\u00b0C.<br \/> Voltage : 230V.<br \/> Couleur : Acier inoxydable.<br \/> Puissance : 1.5 kW.<\/p>\n","protected":false},"excerpt":{"rendered":"<div><img decoding=\"async\" src=\"https:\/\/abinox-chr-clim.com\/wp-content\/uploads\/2024\/03\/abinox-garantie-1-an.webp\" width=\"150px\"\/><\/div>\n<p>Thermoplongeur cuisson sous vide portable Buffalo 1500W<\/p>\n","protected":false},"featured_media":92309,"comment_status":"closed","ping_status":"closed","template":"","meta":[],"product_brand":[],"product_cat":[1180,1160,1297,1179],"product_tag":[],"class_list":{"0":"post-69357","1":"product","2":"type-product","3":"status-publish","4":"has-post-thumbnail","6":"product_cat-chauffe-aliments","7":"product_cat-materiel-electrique-et-de-cuisson","8":"product_cat-non-palettisable","9":"product_cat-petit-materiel","10":"product_shipping_class-free-shipping","12":"first","13":"instock","14":"featured","15":"taxable","16":"shipping-taxable","17":"purchasable","18":"product-type-simple"},"_links":{"self":[{"href":"https:\/\/abinox-chr-clim.com\/index.php\/wp-json\/wp\/v2\/product\/69357","targetHints":{"allow":["GET"]}}],"collection":[{"href":"https:\/\/abinox-chr-clim.com\/index.php\/wp-json\/wp\/v2\/product"}],"about":[{"href":"https:\/\/abinox-chr-clim.com\/index.php\/wp-json\/wp\/v2\/types\/product"}],"replies":[{"embeddable":true,"href":"https:\/\/abinox-chr-clim.com\/index.php\/wp-json\/wp\/v2\/comments?post=69357"}],"wp:featuredmedia":[{"embeddable":true,"href":"https:\/\/abinox-chr-clim.com\/index.php\/wp-json\/wp\/v2\/media\/92309"}],"wp:attachment":[{"href":"https:\/\/abinox-chr-clim.com\/index.php\/wp-json\/wp\/v2\/media?parent=69357"}],"wp:term":[{"taxonomy":"product_brand","embeddable":true,"href":"https:\/\/abinox-chr-clim.com\/index.php\/wp-json\/wp\/v2\/product_brand?post=69357"},{"taxonomy":"product_cat","embeddable":true,"href":"https:\/\/abinox-chr-clim.com\/index.php\/wp-json\/wp\/v2\/product_cat?post=69357"},{"taxonomy":"product_tag","embeddable":true,"href":"https:\/\/abinox-chr-clim.com\/index.php\/wp-json\/wp\/v2\/product_tag?post=69357"}],"curies":[{"name":"wp","href":"https:\/\/api.w.org\/{rel}","templated":true}]}}