{"id":69354,"date":"2024-03-22T16:23:45","date_gmt":"2024-03-22T15:23:45","guid":{"rendered":"https:\/\/abinox-chr-clim.com\/index.php\/product\/double-plaque-de-cuisson-induction-a-commande-tactile-caterlite-3-kw\/"},"modified":"2026-04-21T09:55:38","modified_gmt":"2026-04-21T07:55:38","slug":"double-plaque-de-cuisson-induction-a-commande-tactile-caterlite-3-kw","status":"publish","type":"product","link":"https:\/\/abinox-chr-clim.com\/index.php\/product\/double-plaque-de-cuisson-induction-a-commande-tactile-caterlite-3-kw\/","title":{"rendered":"Double plaque de cuisson induction \u00e0 commande tactile Caterlite 3\u00a0kW"},"content":{"rendered":"<p>Avec une chaleur instantan\u00e9e et r\u00e9glable et moins de gaspillage d&rsquo;\u00e9nergie, cette plaque de cuisson induction robuste et facile \u00e0 nettoyer est id\u00e9ale pour une utilisation l\u00e9g\u00e8re. Convient uniquement aux batteries de cuisine compatibles induction.<br \/>Plage de temp\u00e9rature 60 \u00e0 240\u00a0\u00b0C. Chaleur instantan\u00e9e et r\u00e9active. Corps robuste en acier inoxydable. R\u00e9f\u00e9rence soumise \u00e0 une Eco-participation mobilier de 0.26\u20ac par unit\u00e9 vendue. 6\u00a0niveaux de puissance pour une cuisson pr\u00e9cise. 10\u00a0r\u00e9glages de temp\u00e9rature. Taille minimale de la casserole\u00a0: 120mm. Taille maximale de la casserole\u00a0: 240mm. Conception l\u00e9g\u00e8re. Minuterie de 0 \u00e0 180\u00a0minutes. Plage de temp\u00e9rature 60 \u00e0 240\u00a0\u00b0C.<\/p>\n<p>Caract\u00e9ristiques :<br \/> Dimensions : 56(H) x 608(L) x 370(P) mm.<br \/> Mati\u00e8re : Inox.<br \/> Temp\u00e9rature : 60 \u00b0C \u00e0 240 \u00b0C.<br \/> Voltage : 220-240V.<br \/> Couleur : Acier inoxydable.<\/p>\n","protected":false},"excerpt":{"rendered":"<div><img decoding=\"async\" src=\"https:\/\/abinox-chr-clim.com\/wp-content\/uploads\/2024\/03\/abinox-garantie-1-an.webp\" width=\"150px\"\/><\/div>\n<p>Double plaque de cuisson induction \u00e0 commande tactile Caterlite 3\u00a0kW<\/p>\n","protected":false},"featured_media":90098,"comment_status":"closed","ping_status":"closed","template":"","meta":[],"product_brand":[],"product_cat":[1180,1160,1297,1179],"product_tag":[],"class_list":{"0":"post-69354","1":"product","2":"type-product","3":"status-publish","4":"has-post-thumbnail","6":"product_cat-chauffe-aliments","7":"product_cat-materiel-electrique-et-de-cuisson","8":"product_cat-non-palettisable","9":"product_cat-petit-materiel","10":"product_shipping_class-free-shipping","12":"first","13":"instock","14":"featured","15":"taxable","16":"shipping-taxable","17":"purchasable","18":"product-type-simple"},"_links":{"self":[{"href":"https:\/\/abinox-chr-clim.com\/index.php\/wp-json\/wp\/v2\/product\/69354","targetHints":{"allow":["GET"]}}],"collection":[{"href":"https:\/\/abinox-chr-clim.com\/index.php\/wp-json\/wp\/v2\/product"}],"about":[{"href":"https:\/\/abinox-chr-clim.com\/index.php\/wp-json\/wp\/v2\/types\/product"}],"replies":[{"embeddable":true,"href":"https:\/\/abinox-chr-clim.com\/index.php\/wp-json\/wp\/v2\/comments?post=69354"}],"wp:featuredmedia":[{"embeddable":true,"href":"https:\/\/abinox-chr-clim.com\/index.php\/wp-json\/wp\/v2\/media\/90098"}],"wp:attachment":[{"href":"https:\/\/abinox-chr-clim.com\/index.php\/wp-json\/wp\/v2\/media?parent=69354"}],"wp:term":[{"taxonomy":"product_brand","embeddable":true,"href":"https:\/\/abinox-chr-clim.com\/index.php\/wp-json\/wp\/v2\/product_brand?post=69354"},{"taxonomy":"product_cat","embeddable":true,"href":"https:\/\/abinox-chr-clim.com\/index.php\/wp-json\/wp\/v2\/product_cat?post=69354"},{"taxonomy":"product_tag","embeddable":true,"href":"https:\/\/abinox-chr-clim.com\/index.php\/wp-json\/wp\/v2\/product_tag?post=69354"}],"curies":[{"name":"wp","href":"https:\/\/api.w.org\/{rel}","templated":true}]}}