{"id":69344,"date":"2024-03-22T16:23:40","date_gmt":"2024-03-22T15:23:40","guid":{"rendered":"https:\/\/abinox-chr-clim.com\/index.php\/product\/plaque-induction-professionnelle-buffalo-3kw\/"},"modified":"2026-04-21T09:28:43","modified_gmt":"2026-04-21T07:28:43","slug":"plaque-induction-professionnelle-buffalo-3kw","status":"publish","type":"product","link":"https:\/\/abinox-chr-clim.com\/index.php\/product\/plaque-induction-professionnelle-buffalo-3kw\/","title":{"rendered":"Plaque induction professionnelle Buffalo 3kW"},"content":{"rendered":"<p>Plaque \u00e0 induction haute r\u00e9sistance en acier inoxydable, facile \u00e0 nettoyer, avec panneau de commande num\u00e9rique. Cette plaque poss\u00e8de une grande surface de cuisson (jusqu&rsquo;\u00e0 320mm de large). M\u00e9thode de cuisson offrant pr\u00e9cision et confort, l&rsquo;induction restitue une puissance instantan\u00e9e, la mani\u00e8re la plus efficiente et la plus rapide de cuisiner. Convient uniquement pour les batteries de cuisine compatibles induction.<br \/>10 niveaux de puissance. Corps acier inoxydable. Vitro c\u00e9ramique noire r\u00e9sistante. R\u00e9f\u00e9rence soumise \u00e0 une Eco-participation mobilier de 0.49\u20ac par unit\u00e9 vendue. Filtre pour prot\u00e9ger le ventilateur de refroidissement. Fonction d\u00e9tection de casserole. Longueur du c\u00e2ble 1,35 m.Minuterie 0-180 mn. 10 niveaux de puissance.<\/p>\n<p>Caract\u00e9ristiques :<br \/> Dimensions : 120(H) x 390(L) x 490(P) mm.<br \/> Mati\u00e8re : Inox.<br \/> Temp\u00e9rature : 60 \u00b0C \u00e0 240 \u00b0C.<br \/> Voltage : 220-240V.<br \/> Couleur : Noir.<br \/> Puissance : 3000 W.<\/p>\n","protected":false},"excerpt":{"rendered":"<div><img decoding=\"async\" src=\"https:\/\/abinox-chr-clim.com\/wp-content\/uploads\/2024\/03\/abinox-garantie-1-an.webp\" width=\"150px\"\/><\/div>\n<p>Plaque induction professionnelle Buffalo 3kW<\/p>\n","protected":false},"featured_media":85430,"comment_status":"closed","ping_status":"closed","template":"","meta":[],"product_brand":[],"product_cat":[1180,1160,1297,1179],"product_tag":[],"class_list":{"0":"post-69344","1":"product","2":"type-product","3":"status-publish","4":"has-post-thumbnail","6":"product_cat-chauffe-aliments","7":"product_cat-materiel-electrique-et-de-cuisson","8":"product_cat-non-palettisable","9":"product_cat-petit-materiel","10":"product_shipping_class-free-shipping","12":"first","13":"instock","14":"featured","15":"taxable","16":"shipping-taxable","17":"purchasable","18":"product-type-simple"},"_links":{"self":[{"href":"https:\/\/abinox-chr-clim.com\/index.php\/wp-json\/wp\/v2\/product\/69344","targetHints":{"allow":["GET"]}}],"collection":[{"href":"https:\/\/abinox-chr-clim.com\/index.php\/wp-json\/wp\/v2\/product"}],"about":[{"href":"https:\/\/abinox-chr-clim.com\/index.php\/wp-json\/wp\/v2\/types\/product"}],"replies":[{"embeddable":true,"href":"https:\/\/abinox-chr-clim.com\/index.php\/wp-json\/wp\/v2\/comments?post=69344"}],"wp:featuredmedia":[{"embeddable":true,"href":"https:\/\/abinox-chr-clim.com\/index.php\/wp-json\/wp\/v2\/media\/85430"}],"wp:attachment":[{"href":"https:\/\/abinox-chr-clim.com\/index.php\/wp-json\/wp\/v2\/media?parent=69344"}],"wp:term":[{"taxonomy":"product_brand","embeddable":true,"href":"https:\/\/abinox-chr-clim.com\/index.php\/wp-json\/wp\/v2\/product_brand?post=69344"},{"taxonomy":"product_cat","embeddable":true,"href":"https:\/\/abinox-chr-clim.com\/index.php\/wp-json\/wp\/v2\/product_cat?post=69344"},{"taxonomy":"product_tag","embeddable":true,"href":"https:\/\/abinox-chr-clim.com\/index.php\/wp-json\/wp\/v2\/product_tag?post=69344"}],"curies":[{"name":"wp","href":"https:\/\/api.w.org\/{rel}","templated":true}]}}