{"id":69310,"date":"2024-03-22T16:23:26","date_gmt":"2024-03-22T15:23:26","guid":{"rendered":"https:\/\/abinox-chr-clim.com\/index.php\/product\/four-electrique-a-convection-6-niveaux-avec-humidificateur-gastro-m-400v\/"},"modified":"2026-04-02T09:24:10","modified_gmt":"2026-04-02T07:24:10","slug":"four-electrique-a-convection-6-niveaux-avec-humidificateur-gastro-m-400v","status":"publish","type":"product","link":"https:\/\/abinox-chr-clim.com\/index.php\/product\/four-electrique-a-convection-6-niveaux-avec-humidificateur-gastro-m-400v\/","title":{"rendered":"Four \u00e9lectrique \u00e0 convection 6 niveaux avec humidificateur Gastro M 400V"},"content":{"rendered":"<p>Four \u00e9lectrique \u00e0 convection en acier inoxydable 6 niveaux 600x400mm avec humidificateur et porte battante. Dot\u00e9s de 2 turbines et d&rsquo;un panneau de commande \u00e9lectro-m\u00e9canique convivial. Modifiable en GN 1\/1 avec le kit \u00e9chelle de transformation GR211 (vendu s\u00e9par\u00e9ment). NB : attention, four p\u00e2tissier, ne poss\u00e8de pas d&rsquo;\u00e9vacuation des eaux de condensats.<br \/>Fonctionnement simple. Panneau de commande \u00e9lectro-m\u00e9canique convivial. Porte double vitrage. R\u00e9f\u00e9rence soumise \u00e0 une Eco-participation mobilier de 0.29\u20ac par unit\u00e9 vendue. Modifiable en GN 1\/1 avec kit \u00e9chelle de transformation GR211 (vendu s\u00e9par\u00e9ment). 6 niveaux &#8211; Niveau d&rsquo;espacement entre chaque niveau : 75mm. Accepte 6  x 600&#215;400 ou 4 x GN 1\/1. Produit n\u00e9cessitant obligatoirement une installation par un professionnel pour b\u00e9n\u00e9ficier de la garantie.  2 turbines. R\u00e9f\u00e9rence soumise \u00e0 une Eco-participation DEEE de 1,70\u20ac par unit\u00e9 vendue. Fonctionnement simple.<\/p>\n<p>Caract\u00e9ristiques :<br \/> Dimensions : 710(H) x 833(L) x 710(P) mm.<br \/> Mati\u00e8re : Inox.<br \/> Sortie : 7,7kW.<br \/> Temp\u00e9rature : 50 \u00b0C \u00e0 300 \u00b0C.<br \/> Voltage : 400V.<br \/> Couleur : Acier inoxydable.<br \/> Puissance : 7.7 kW.<\/p>\n","protected":false},"excerpt":{"rendered":"<div><img decoding=\"async\" src=\"https:\/\/abinox-chr-clim.com\/wp-content\/uploads\/2024\/03\/abinox-garantie-1-an.webp\" width=\"150px\"\/><\/div>\n<p>Four \u00e9lectrique \u00e0 convection 6 niveaux avec humidificateur Gastro M 400V<\/p>\n","protected":false},"featured_media":0,"comment_status":"closed","ping_status":"closed","template":"","meta":[],"product_brand":[],"product_cat":[1176,1160,1175,1296],"product_tag":[],"class_list":{"0":"post-69310","1":"product","2":"type-product","3":"status-publish","5":"product_cat-fours-a-convection","6":"product_cat-materiel-electrique-et-de-cuisson","7":"product_cat-micro-ondes-et-fours","8":"product_cat-palettisable","10":"first","11":"outofstock","12":"featured","13":"taxable","14":"shipping-taxable","15":"purchasable","16":"product-type-simple"},"_links":{"self":[{"href":"https:\/\/abinox-chr-clim.com\/index.php\/wp-json\/wp\/v2\/product\/69310","targetHints":{"allow":["GET"]}}],"collection":[{"href":"https:\/\/abinox-chr-clim.com\/index.php\/wp-json\/wp\/v2\/product"}],"about":[{"href":"https:\/\/abinox-chr-clim.com\/index.php\/wp-json\/wp\/v2\/types\/product"}],"replies":[{"embeddable":true,"href":"https:\/\/abinox-chr-clim.com\/index.php\/wp-json\/wp\/v2\/comments?post=69310"}],"wp:attachment":[{"href":"https:\/\/abinox-chr-clim.com\/index.php\/wp-json\/wp\/v2\/media?parent=69310"}],"wp:term":[{"taxonomy":"product_brand","embeddable":true,"href":"https:\/\/abinox-chr-clim.com\/index.php\/wp-json\/wp\/v2\/product_brand?post=69310"},{"taxonomy":"product_cat","embeddable":true,"href":"https:\/\/abinox-chr-clim.com\/index.php\/wp-json\/wp\/v2\/product_cat?post=69310"},{"taxonomy":"product_tag","embeddable":true,"href":"https:\/\/abinox-chr-clim.com\/index.php\/wp-json\/wp\/v2\/product_tag?post=69310"}],"curies":[{"name":"wp","href":"https:\/\/api.w.org\/{rel}","templated":true}]}}