{"id":69309,"date":"2024-03-22T16:23:26","date_gmt":"2024-03-22T15:23:26","guid":{"rendered":"https:\/\/abinox-chr-clim.com\/index.php\/product\/four-electrique-a-convection-4-niveaux-avec-humidificateur-gastro-m-porte-laterale-400v\/"},"modified":"2026-04-02T09:24:09","modified_gmt":"2026-04-02T07:24:09","slug":"four-electrique-a-convection-4-niveaux-avec-humidificateur-gastro-m-porte-laterale-400v","status":"publish","type":"product","link":"https:\/\/abinox-chr-clim.com\/index.php\/product\/four-electrique-a-convection-4-niveaux-avec-humidificateur-gastro-m-porte-laterale-400v\/","title":{"rendered":"Four \u00e9lectrique \u00e0 convection 4 niveaux avec humidificateur Gastro M porte lat\u00e9rale 400V"},"content":{"rendered":"<p>Four \u00e9lectrique \u00e0 convention puissant avec humidificateur, 4 niveaux (600&#215;400 mm), 2 turbines,  porte lat\u00e9rale double vitrage et panneau de commande \u00e9lectro-m\u00e9canique convivial. Livr\u00e9 avec 1 grille. Ext\u00e9rieur et int\u00e9rieur inox. Modifiable en GN 1\/1 avec le kit \u00e9chelle de transformation GR210 (vendu s\u00e9par\u00e9ment). NB : attention, four p\u00e2tissier, ne poss\u00e8de pas d&rsquo;\u00e9vacuation des eaux de condensats.<br \/>Fonctionnement simple. Panneau de commande \u00e9lectro-m\u00e9canique convivial. Porte double vitrage non r\u00e9versible. R\u00e9f\u00e9rence soumise \u00e0 une Eco-participation mobilier de 0.2\u20ac par unit\u00e9 vendue. Modifiable en GN 1\/1 avec kit \u00e9chelle de transformation GR210 (vendu s\u00e9par\u00e9ment). 4 niveaux &#8211; Livr\u00e9 avec 1 grille. 4  x 600x 400 \/ 4 x1\/1 GN. Produit n\u00e9cessitant obligatoirement une installation par un professionnel pour b\u00e9n\u00e9ficier de la garantie.  2 turbines. R\u00e9f\u00e9rence soumise \u00e0 une Eco-participation DEEE de 1,48\u20ac par unit\u00e9 vendue. Fonctionnement simple.<\/p>\n<p>Caract\u00e9ristiques :<br \/> Dimensions : 560(H)x 825(L)x 685(P)mm.<br \/> Mati\u00e8re : Acier inoxydable.<br \/> Sortie : 6,3kW.<br \/> Temp\u00e9rature : 50 \u00b0C \u00e0 300 \u00b0C.<br \/> Voltage : 400V.<br \/> Couleur : Acier inoxydable.<br \/> Puissance : 6.3 kW.<\/p>\n","protected":false},"excerpt":{"rendered":"<div><img decoding=\"async\" src=\"https:\/\/abinox-chr-clim.com\/wp-content\/uploads\/2024\/03\/abinox-garantie-1-an.webp\" width=\"150px\"\/><\/div>\n<p>Four \u00e9lectrique \u00e0 convection 4 niveaux avec humidificateur Gastro M porte lat\u00e9rale 400V<\/p>\n","protected":false},"featured_media":0,"comment_status":"closed","ping_status":"closed","template":"","meta":[],"product_brand":[],"product_cat":[1176,1160,1175,1296],"product_tag":[],"class_list":{"0":"post-69309","1":"product","2":"type-product","3":"status-publish","5":"product_cat-fours-a-convection","6":"product_cat-materiel-electrique-et-de-cuisson","7":"product_cat-micro-ondes-et-fours","8":"product_cat-palettisable","10":"first","11":"instock","12":"featured","13":"taxable","14":"shipping-taxable","15":"purchasable","16":"product-type-simple"},"_links":{"self":[{"href":"https:\/\/abinox-chr-clim.com\/index.php\/wp-json\/wp\/v2\/product\/69309","targetHints":{"allow":["GET"]}}],"collection":[{"href":"https:\/\/abinox-chr-clim.com\/index.php\/wp-json\/wp\/v2\/product"}],"about":[{"href":"https:\/\/abinox-chr-clim.com\/index.php\/wp-json\/wp\/v2\/types\/product"}],"replies":[{"embeddable":true,"href":"https:\/\/abinox-chr-clim.com\/index.php\/wp-json\/wp\/v2\/comments?post=69309"}],"wp:attachment":[{"href":"https:\/\/abinox-chr-clim.com\/index.php\/wp-json\/wp\/v2\/media?parent=69309"}],"wp:term":[{"taxonomy":"product_brand","embeddable":true,"href":"https:\/\/abinox-chr-clim.com\/index.php\/wp-json\/wp\/v2\/product_brand?post=69309"},{"taxonomy":"product_cat","embeddable":true,"href":"https:\/\/abinox-chr-clim.com\/index.php\/wp-json\/wp\/v2\/product_cat?post=69309"},{"taxonomy":"product_tag","embeddable":true,"href":"https:\/\/abinox-chr-clim.com\/index.php\/wp-json\/wp\/v2\/product_tag?post=69309"}],"curies":[{"name":"wp","href":"https:\/\/api.w.org\/{rel}","templated":true}]}}