{"id":69305,"date":"2024-03-22T16:23:23","date_gmt":"2024-03-22T15:23:23","guid":{"rendered":"https:\/\/abinox-chr-clim.com\/index.php\/product\/four-electrique-a-convection-4-niveaux-gastro-m-230v\/"},"modified":"2026-04-02T09:24:06","modified_gmt":"2026-04-02T07:24:06","slug":"four-electrique-a-convection-4-niveaux-gastro-m-230v","status":"publish","type":"product","link":"https:\/\/abinox-chr-clim.com\/index.php\/product\/four-electrique-a-convection-4-niveaux-gastro-m-230v\/","title":{"rendered":"Four \u00e9lectrique \u00e0 convection 4 niveaux Gastro M 230V"},"content":{"rendered":"<p>Four \u00e9lectrique quatre niveaux compatibles GN 2\/3. Poss\u00e8de un panneau de commande \u00e9lectro-m\u00e9canique convivial et deux turbines. Int\u00e9rieur et ext\u00e9rieur en acier inoxydable. Minuterie, thermostat 50\u00b0C &#8211; 300\u00b0C et t\u00e9moin lumineux. Equip\u00e9 d&rsquo;une porte double vitrage basculante.<br \/>Fonctionnement simple. Panneau de commande \u00e9lectro-m\u00e9canique convivial. Porte double vitrage basculante. R\u00e9f\u00e9rence soumise \u00e0 une Eco-participation mobilier de 0.14\u20ac par unit\u00e9 vendue. 4 niveaux compatibles GN 2\/3. Espacement entre les grilles 70mm. Livr\u00e9 avec 1 grille. Produit n\u00e9cessitant obligatoirement une installation par un professionnel pour b\u00e9n\u00e9ficier de la garantie.  2 turbines. R\u00e9f\u00e9rence soumise \u00e0 une Eco-participation DEEE de 0,80\u20ac par unit\u00e9 vendue. Fonctionnement simple.<\/p>\n<p>Caract\u00e9ristiques :<br \/> Dimensions : 568(H) x 557(L) x 585(P) mm.<br \/> Mati\u00e8re : Acier inoxydable.<br \/> Sortie : 2,8kW.<br \/> Temp\u00e9rature : 50\u00b0C &#8211; 300\u00b0C.<br \/> Voltage : 220-240V.<br \/> Couleur : Acier inoxydable.<br \/> Puissance : 2.8 kW.<br \/> Bac GN : GN 2\/3XY.<\/p>\n","protected":false},"excerpt":{"rendered":"<div><img decoding=\"async\" src=\"https:\/\/abinox-chr-clim.com\/wp-content\/uploads\/2024\/03\/abinox-garantie-1-an.webp\" width=\"150px\"\/><\/div>\n<p>Four \u00e9lectrique \u00e0 convection 4 niveaux Gastro M 230V<\/p>\n","protected":false},"featured_media":0,"comment_status":"closed","ping_status":"closed","template":"","meta":[],"product_brand":[],"product_cat":[1176,1160,1175,1296],"product_tag":[],"class_list":{"0":"post-69305","1":"product","2":"type-product","3":"status-publish","5":"product_cat-fours-a-convection","6":"product_cat-materiel-electrique-et-de-cuisson","7":"product_cat-micro-ondes-et-fours","8":"product_cat-palettisable","10":"first","11":"instock","12":"featured","13":"taxable","14":"shipping-taxable","15":"purchasable","16":"product-type-simple"},"_links":{"self":[{"href":"https:\/\/abinox-chr-clim.com\/index.php\/wp-json\/wp\/v2\/product\/69305","targetHints":{"allow":["GET"]}}],"collection":[{"href":"https:\/\/abinox-chr-clim.com\/index.php\/wp-json\/wp\/v2\/product"}],"about":[{"href":"https:\/\/abinox-chr-clim.com\/index.php\/wp-json\/wp\/v2\/types\/product"}],"replies":[{"embeddable":true,"href":"https:\/\/abinox-chr-clim.com\/index.php\/wp-json\/wp\/v2\/comments?post=69305"}],"wp:attachment":[{"href":"https:\/\/abinox-chr-clim.com\/index.php\/wp-json\/wp\/v2\/media?parent=69305"}],"wp:term":[{"taxonomy":"product_brand","embeddable":true,"href":"https:\/\/abinox-chr-clim.com\/index.php\/wp-json\/wp\/v2\/product_brand?post=69305"},{"taxonomy":"product_cat","embeddable":true,"href":"https:\/\/abinox-chr-clim.com\/index.php\/wp-json\/wp\/v2\/product_cat?post=69305"},{"taxonomy":"product_tag","embeddable":true,"href":"https:\/\/abinox-chr-clim.com\/index.php\/wp-json\/wp\/v2\/product_tag?post=69305"}],"curies":[{"name":"wp","href":"https:\/\/api.w.org\/{rel}","templated":true}]}}