{"id":69295,"date":"2024-03-22T16:23:19","date_gmt":"2024-03-22T15:23:19","guid":{"rendered":"https:\/\/abinox-chr-clim.com\/index.php\/product\/four-a-micro-ondes-avec-gril-et-8-programmes-de-cuisson-tristar-20l\/"},"modified":"2026-04-02T10:08:50","modified_gmt":"2026-04-02T08:08:50","slug":"four-a-micro-ondes-avec-gril-et-8-programmes-de-cuisson-tristar-20l","status":"publish","type":"product","link":"https:\/\/abinox-chr-clim.com\/index.php\/product\/four-a-micro-ondes-avec-gril-et-8-programmes-de-cuisson-tristar-20l\/","title":{"rendered":"Four \u00e0 micro-ondes avec gril et 8 programmes de cuisson Tristar 20L"},"content":{"rendered":"<p>Ce micro-ondes \u00e9l\u00e9gant a une capacit\u00e9 de 20 litres.Le micro-ondes dispose d&rsquo;une fonction gril et de 8 programmes de cuisson pr\u00e9d\u00e9finis. La porte miroir et la finition chrom\u00e9e offrent un design tr\u00e8s luxueux.  Ce micro-ondes \u00e9l\u00e9gant a une capacit\u00e9 de 20 litres.<\/p>\n<p>Caract\u00e9ristiques :<br \/> Dimensions : 260(H) x 230(L) x 365(P) mm.<br \/> Mati\u00e8re : Plastique.<br \/> Couleur : Argent.<\/p>\n","protected":false},"excerpt":{"rendered":"<div><img decoding=\"async\" src=\"https:\/\/abinox-chr-clim.com\/wp-content\/uploads\/2024\/03\/abinox-garantie-1-an.webp\" width=\"150px\"\/><\/div>\n<p>Four \u00e0 micro-ondes avec gril et 8 programmes de cuisson Tristar 20L<\/p>\n","protected":false},"featured_media":92216,"comment_status":"closed","ping_status":"closed","template":"","meta":[],"product_brand":[],"product_cat":[1160,1175,1297],"product_tag":[],"class_list":{"0":"post-69295","1":"product","2":"type-product","3":"status-publish","4":"has-post-thumbnail","6":"product_cat-materiel-electrique-et-de-cuisson","7":"product_cat-micro-ondes-et-fours","8":"product_cat-non-palettisable","9":"product_shipping_class-free-shipping","11":"first","12":"instock","13":"featured","14":"taxable","15":"shipping-taxable","16":"purchasable","17":"product-type-simple"},"_links":{"self":[{"href":"https:\/\/abinox-chr-clim.com\/index.php\/wp-json\/wp\/v2\/product\/69295","targetHints":{"allow":["GET"]}}],"collection":[{"href":"https:\/\/abinox-chr-clim.com\/index.php\/wp-json\/wp\/v2\/product"}],"about":[{"href":"https:\/\/abinox-chr-clim.com\/index.php\/wp-json\/wp\/v2\/types\/product"}],"replies":[{"embeddable":true,"href":"https:\/\/abinox-chr-clim.com\/index.php\/wp-json\/wp\/v2\/comments?post=69295"}],"wp:featuredmedia":[{"embeddable":true,"href":"https:\/\/abinox-chr-clim.com\/index.php\/wp-json\/wp\/v2\/media\/92216"}],"wp:attachment":[{"href":"https:\/\/abinox-chr-clim.com\/index.php\/wp-json\/wp\/v2\/media?parent=69295"}],"wp:term":[{"taxonomy":"product_brand","embeddable":true,"href":"https:\/\/abinox-chr-clim.com\/index.php\/wp-json\/wp\/v2\/product_brand?post=69295"},{"taxonomy":"product_cat","embeddable":true,"href":"https:\/\/abinox-chr-clim.com\/index.php\/wp-json\/wp\/v2\/product_cat?post=69295"},{"taxonomy":"product_tag","embeddable":true,"href":"https:\/\/abinox-chr-clim.com\/index.php\/wp-json\/wp\/v2\/product_tag?post=69295"}],"curies":[{"name":"wp","href":"https:\/\/api.w.org\/{rel}","templated":true}]}}