{"id":69266,"date":"2024-03-22T16:23:03","date_gmt":"2024-03-22T15:23:03","guid":{"rendered":"https:\/\/abinox-chr-clim.com\/index.php\/product\/casier-de-lavage-stockage-assiettes-vogue\/"},"modified":"2026-04-02T08:59:22","modified_gmt":"2026-04-02T06:59:22","slug":"casier-de-lavage-stockage-assiettes-vogue","status":"publish","type":"product","link":"https:\/\/abinox-chr-clim.com\/index.php\/product\/casier-de-lavage-stockage-assiettes-vogue\/","title":{"rendered":"Casier de lavage-stockage assiettes Vogue"},"content":{"rendered":"<p>Ergots de maintien pour assiettes et petits plateaux. Les assiettes sont maintenues fermement en place.<br \/>Peut \u00eatre utilis\u00e9 pour laver les tasses, les plats et les r\u00e9cipients en une seule fois pour r\u00e9duire les cycles requis. La conception ajour\u00e9e aide \u00e0 acc\u00e9l\u00e9rer les temps de s\u00e9chage. Design minimaliste permettant \u00e9galement de recouvrir les plats de d\u00e9tergent pour lave-vaisselle. Les plots durables vous permettent de nettoyer les ustensiles de cuisine lourds sans les endommager. Coins arrondis pour une sortie en douceur du lave-vaisselle.Le mat\u00e9riau de qualit\u00e9 commerciale est capable de r\u00e9sister \u00e0 une utilisation r\u00e9guli\u00e8re et intensive. Plots moul\u00e9s &#8211; mesurant 11,46 largeur \u00e0 la base, 9,78\u00a0mm de largeur en haut, hauteur 80 mm. L&rsquo;\u00e9cart entre les plots est d&rsquo;environ 79,96 mm.Peut \u00eatre utilis\u00e9 pour laver les tasses, les plats et les r\u00e9cipients en une seule fois pour r\u00e9duire les cycles requis.<\/p>\n<p>Caract\u00e9ristiques :<br \/> Dimensions : 100(H) x 500(L) x 500(P) mm.<br \/> Mati\u00e8re : Polypropyl\u00e8ne.<br \/> Couleur : Gris.<\/p>\n","protected":false},"excerpt":{"rendered":"<div><img decoding=\"async\" src=\"https:\/\/abinox-chr-clim.com\/wp-content\/uploads\/2024\/03\/abinox-garantie-1-an.webp\" width=\"150px\"\/><\/div>\n<p>Casier de lavage-stockage assiettes Vogue<\/p>\n","protected":false},"featured_media":103477,"comment_status":"closed","ping_status":"closed","template":"","meta":[],"product_brand":[],"product_cat":[1172,1171,1160,1297],"product_tag":[],"class_list":{"0":"post-69266","1":"product","2":"type-product","3":"status-publish","4":"has-post-thumbnail","6":"product_cat-casiers-de-lavage","7":"product_cat-laverie","8":"product_cat-materiel-electrique-et-de-cuisson","9":"product_cat-non-palettisable","10":"product_shipping_class-free-shipping","12":"first","13":"instock","14":"featured","15":"taxable","16":"shipping-taxable","17":"purchasable","18":"product-type-simple"},"_links":{"self":[{"href":"https:\/\/abinox-chr-clim.com\/index.php\/wp-json\/wp\/v2\/product\/69266","targetHints":{"allow":["GET"]}}],"collection":[{"href":"https:\/\/abinox-chr-clim.com\/index.php\/wp-json\/wp\/v2\/product"}],"about":[{"href":"https:\/\/abinox-chr-clim.com\/index.php\/wp-json\/wp\/v2\/types\/product"}],"replies":[{"embeddable":true,"href":"https:\/\/abinox-chr-clim.com\/index.php\/wp-json\/wp\/v2\/comments?post=69266"}],"wp:featuredmedia":[{"embeddable":true,"href":"https:\/\/abinox-chr-clim.com\/index.php\/wp-json\/wp\/v2\/media\/103477"}],"wp:attachment":[{"href":"https:\/\/abinox-chr-clim.com\/index.php\/wp-json\/wp\/v2\/media?parent=69266"}],"wp:term":[{"taxonomy":"product_brand","embeddable":true,"href":"https:\/\/abinox-chr-clim.com\/index.php\/wp-json\/wp\/v2\/product_brand?post=69266"},{"taxonomy":"product_cat","embeddable":true,"href":"https:\/\/abinox-chr-clim.com\/index.php\/wp-json\/wp\/v2\/product_cat?post=69266"},{"taxonomy":"product_tag","embeddable":true,"href":"https:\/\/abinox-chr-clim.com\/index.php\/wp-json\/wp\/v2\/product_tag?post=69266"}],"curies":[{"name":"wp","href":"https:\/\/api.w.org\/{rel}","templated":true}]}}