{"id":69264,"date":"2024-03-22T16:23:02","date_gmt":"2024-03-22T15:23:02","guid":{"rendered":"https:\/\/abinox-chr-clim.com\/index.php\/product\/casier-de-lavage-35x35cm-gastro-m\/"},"modified":"2026-04-02T09:28:13","modified_gmt":"2026-04-02T07:28:13","slug":"casier-de-lavage-35x35cm-gastro-m","status":"publish","type":"product","link":"https:\/\/abinox-chr-clim.com\/index.php\/product\/casier-de-lavage-35x35cm-gastro-m\/","title":{"rendered":"Casier de lavage 35x35cm Gastro M"},"content":{"rendered":"<p>dimensions ext\u00e9rieures : 32,5&#215;32,5 cm en bas, 35,5&#215;35,5 cm en haut. Hauteur ext\u00e9rieure : 15 cm. Dimensions int\u00e9rieures : 32&#215;32 cm bord inf\u00e9rieur, 35&#215;35 cm bord sup\u00e9rieur. Hauteur int\u00e9rieure : 13,5 cm. Mat\u00e9riau : polypropyl\u00e8ne. poids nominal : 0,754 kg.  dimensions ext\u00e9rieures : 32,5&#215;32,5 cm en bas, 35,5&#215;35,5 cm en haut.<\/p>\n<p>Caract\u00e9ristiques :<br \/> Dimensions : 150(H) x 350(L) x 350(P) mm.<br \/> Mati\u00e8re : Polypropyl\u00e8ne<\/p>\n","protected":false},"excerpt":{"rendered":"<div><img decoding=\"async\" src=\"https:\/\/abinox-chr-clim.com\/wp-content\/uploads\/2024\/03\/abinox-garantie-1-an.webp\" width=\"150px\"\/><\/div>\n<p>Casier de lavage 35x35cm Gastro M<\/p>\n","protected":false},"featured_media":102924,"comment_status":"closed","ping_status":"closed","template":"","meta":[],"product_brand":[],"product_cat":[1172,1171,1160,1297],"product_tag":[],"class_list":{"0":"post-69264","1":"product","2":"type-product","3":"status-publish","4":"has-post-thumbnail","6":"product_cat-casiers-de-lavage","7":"product_cat-laverie","8":"product_cat-materiel-electrique-et-de-cuisson","9":"product_cat-non-palettisable","10":"product_shipping_class-free-shipping","12":"first","13":"instock","14":"featured","15":"taxable","16":"shipping-taxable","17":"purchasable","18":"product-type-simple"},"_links":{"self":[{"href":"https:\/\/abinox-chr-clim.com\/index.php\/wp-json\/wp\/v2\/product\/69264","targetHints":{"allow":["GET"]}}],"collection":[{"href":"https:\/\/abinox-chr-clim.com\/index.php\/wp-json\/wp\/v2\/product"}],"about":[{"href":"https:\/\/abinox-chr-clim.com\/index.php\/wp-json\/wp\/v2\/types\/product"}],"replies":[{"embeddable":true,"href":"https:\/\/abinox-chr-clim.com\/index.php\/wp-json\/wp\/v2\/comments?post=69264"}],"wp:featuredmedia":[{"embeddable":true,"href":"https:\/\/abinox-chr-clim.com\/index.php\/wp-json\/wp\/v2\/media\/102924"}],"wp:attachment":[{"href":"https:\/\/abinox-chr-clim.com\/index.php\/wp-json\/wp\/v2\/media?parent=69264"}],"wp:term":[{"taxonomy":"product_brand","embeddable":true,"href":"https:\/\/abinox-chr-clim.com\/index.php\/wp-json\/wp\/v2\/product_brand?post=69264"},{"taxonomy":"product_cat","embeddable":true,"href":"https:\/\/abinox-chr-clim.com\/index.php\/wp-json\/wp\/v2\/product_cat?post=69264"},{"taxonomy":"product_tag","embeddable":true,"href":"https:\/\/abinox-chr-clim.com\/index.php\/wp-json\/wp\/v2\/product_tag?post=69264"}],"curies":[{"name":"wp","href":"https:\/\/api.w.org\/{rel}","templated":true}]}}