{"id":69224,"date":"2024-03-22T16:22:47","date_gmt":"2024-03-22T15:22:47","guid":{"rendered":"https:\/\/abinox-chr-clim.com\/index.php\/product\/casier-de-lavage-haut-pour-verres-vogue-180-x-400-x-400mm\/"},"modified":"2026-04-02T09:21:22","modified_gmt":"2026-04-02T07:21:22","slug":"casier-de-lavage-haut-pour-verres-vogue-180-x-400-x-400mm","status":"publish","type":"product","link":"https:\/\/abinox-chr-clim.com\/index.php\/product\/casier-de-lavage-haut-pour-verres-vogue-180-x-400-x-400mm\/","title":{"rendered":"Casier de lavage haut pour verres Vogue 180 x 400 x 400mm"},"content":{"rendered":"<p>Armature m\u00e9tallique avec rev\u00eatement PE pour une plus grande durabilit\u00e9. Convient pour les verres, tasses et autres r\u00e9cipients ouverts. 180mm de haut.<br \/>Compatible avec les lave-verres de 400 x 400mm. Rev\u00eatement PE. Angles coulissants pour un mouvement facile. Capacit\u00e9 maxi 16 pintes. Compatible avec les lave-verres de 400 x 400mm.<\/p>\n<p>Caract\u00e9ristiques :<br \/> Capacit\u00e9 : 16 pintes.<br \/> Dimensions : 180(h)x400(l)x400(p)mm.<br \/> Mati\u00e8re : C\u00e2ble.<br \/> Couleur : Noir.<\/p>\n","protected":false},"excerpt":{"rendered":"<div><img decoding=\"async\" src=\"https:\/\/abinox-chr-clim.com\/wp-content\/uploads\/2024\/03\/abinox-garantie-1-an.webp\" width=\"150px\"\/><\/div>\n<p>Casier de lavage haut pour verres Vogue 180 x 400 x 400mm<\/p>\n","protected":false},"featured_media":81526,"comment_status":"closed","ping_status":"closed","template":"","meta":[],"product_brand":[],"product_cat":[1172,1171,1160,1297],"product_tag":[],"class_list":{"0":"post-69224","1":"product","2":"type-product","3":"status-publish","4":"has-post-thumbnail","6":"product_cat-casiers-de-lavage","7":"product_cat-laverie","8":"product_cat-materiel-electrique-et-de-cuisson","9":"product_cat-non-palettisable","10":"product_shipping_class-free-shipping","12":"first","13":"instock","14":"featured","15":"taxable","16":"shipping-taxable","17":"purchasable","18":"product-type-simple"},"_links":{"self":[{"href":"https:\/\/abinox-chr-clim.com\/index.php\/wp-json\/wp\/v2\/product\/69224","targetHints":{"allow":["GET"]}}],"collection":[{"href":"https:\/\/abinox-chr-clim.com\/index.php\/wp-json\/wp\/v2\/product"}],"about":[{"href":"https:\/\/abinox-chr-clim.com\/index.php\/wp-json\/wp\/v2\/types\/product"}],"replies":[{"embeddable":true,"href":"https:\/\/abinox-chr-clim.com\/index.php\/wp-json\/wp\/v2\/comments?post=69224"}],"wp:featuredmedia":[{"embeddable":true,"href":"https:\/\/abinox-chr-clim.com\/index.php\/wp-json\/wp\/v2\/media\/81526"}],"wp:attachment":[{"href":"https:\/\/abinox-chr-clim.com\/index.php\/wp-json\/wp\/v2\/media?parent=69224"}],"wp:term":[{"taxonomy":"product_brand","embeddable":true,"href":"https:\/\/abinox-chr-clim.com\/index.php\/wp-json\/wp\/v2\/product_brand?post=69224"},{"taxonomy":"product_cat","embeddable":true,"href":"https:\/\/abinox-chr-clim.com\/index.php\/wp-json\/wp\/v2\/product_cat?post=69224"},{"taxonomy":"product_tag","embeddable":true,"href":"https:\/\/abinox-chr-clim.com\/index.php\/wp-json\/wp\/v2\/product_tag?post=69224"}],"curies":[{"name":"wp","href":"https:\/\/api.w.org\/{rel}","templated":true}]}}