{"id":69215,"date":"2024-03-22T16:22:39","date_gmt":"2024-03-22T15:22:39","guid":{"rendered":"https:\/\/abinox-chr-clim.com\/index.php\/product\/friteuse-electrique-sur-pied-gastro-m-gm70-40fre-10-litres\/"},"modified":"2026-04-20T09:41:06","modified_gmt":"2026-04-20T07:41:06","slug":"friteuse-electrique-sur-pied-gastro-m-gm70-40fre-10-litres","status":"publish","type":"product","link":"https:\/\/abinox-chr-clim.com\/index.php\/product\/friteuse-electrique-sur-pied-gastro-m-gm70-40fre-10-litres\/","title":{"rendered":"Friteuse \u00e9lectrique sur pied Gastro-M GM70\/40FRE 10 litres"},"content":{"rendered":"<p>Friteuse \u00e9lectrique avec contr\u00f4le de la temp\u00e9rature par thermostat r\u00e9glable, vidange avec col de cygne et vanne de s\u00e9curit\u00e9,  interrupteur on\/off, coupe-circuit de s\u00e9curit\u00e9, zone froide. R\u00e9sistance relevable autoblocante. Livr\u00e9e avec panier. Attention : ne pas utiliser de graisse solide.<br \/>10 litres &#8211; Capacit\u00e9 de friture max.6kg\/h. Robinet de vidange int\u00e9gr\u00e9. Contr\u00f4le de temp\u00e9rature thermostatique. R\u00e9f\u00e9rence soumise \u00e0 une Eco-participation mobilier de 0.15\u20ac par unit\u00e9 vendue. Sur placard ferm\u00e9 1 porte. Produit n\u00e9cessitant obligatoirement une installation par un professionnel pour b\u00e9n\u00e9ficier de la garantie. Thermostat de s\u00e9curit\u00e9. R\u00e9f\u00e9rence soumise \u00e0 une Eco-participation DEEE de 1,45\u20ac par unit\u00e9 vendue. 10 litres &#8211; Capacit\u00e9 de friture max.6kg\/h.<\/p>\n<p>Caract\u00e9ristiques :<br \/> Capacit\u00e9 : 10L.<br \/> Dimensions : 850(H) x 400(L) x 700(P) mm.<br \/> Mati\u00e8re : Acier inoxydable.<br \/> Sortie : 7.5kW.<br \/> Voltage : 400V.<br \/> Couleur : Acier inoxydable.<br \/> Puissance : 7.5 kW.<\/p>\n","protected":false},"excerpt":{"rendered":"<div><img decoding=\"async\" src=\"https:\/\/abinox-chr-clim.com\/wp-content\/uploads\/2024\/03\/abinox-garantie-1-an.webp\" width=\"150px\"\/><\/div>\n<p>Friteuse \u00e9lectrique sur pied Gastro-M GM70\/40FRE 10 litres<\/p>\n","protected":false},"featured_media":102809,"comment_status":"closed","ping_status":"closed","template":"","meta":[],"product_brand":[],"product_cat":[1167,1170,1160,1296],"product_tag":[],"class_list":{"0":"post-69215","1":"product","2":"type-product","3":"status-publish","4":"has-post-thumbnail","6":"product_cat-cuisson-horizontale","7":"product_cat-gastro-m-serie-700","8":"product_cat-materiel-electrique-et-de-cuisson","9":"product_cat-palettisable","11":"first","12":"instock","13":"featured","14":"taxable","15":"shipping-taxable","16":"purchasable","17":"product-type-simple"},"_links":{"self":[{"href":"https:\/\/abinox-chr-clim.com\/index.php\/wp-json\/wp\/v2\/product\/69215","targetHints":{"allow":["GET"]}}],"collection":[{"href":"https:\/\/abinox-chr-clim.com\/index.php\/wp-json\/wp\/v2\/product"}],"about":[{"href":"https:\/\/abinox-chr-clim.com\/index.php\/wp-json\/wp\/v2\/types\/product"}],"replies":[{"embeddable":true,"href":"https:\/\/abinox-chr-clim.com\/index.php\/wp-json\/wp\/v2\/comments?post=69215"}],"wp:featuredmedia":[{"embeddable":true,"href":"https:\/\/abinox-chr-clim.com\/index.php\/wp-json\/wp\/v2\/media\/102809"}],"wp:attachment":[{"href":"https:\/\/abinox-chr-clim.com\/index.php\/wp-json\/wp\/v2\/media?parent=69215"}],"wp:term":[{"taxonomy":"product_brand","embeddable":true,"href":"https:\/\/abinox-chr-clim.com\/index.php\/wp-json\/wp\/v2\/product_brand?post=69215"},{"taxonomy":"product_cat","embeddable":true,"href":"https:\/\/abinox-chr-clim.com\/index.php\/wp-json\/wp\/v2\/product_cat?post=69215"},{"taxonomy":"product_tag","embeddable":true,"href":"https:\/\/abinox-chr-clim.com\/index.php\/wp-json\/wp\/v2\/product_tag?post=69215"}],"curies":[{"name":"wp","href":"https:\/\/api.w.org\/{rel}","templated":true}]}}