{"id":69200,"date":"2024-03-22T16:22:34","date_gmt":"2024-03-22T15:22:34","guid":{"rendered":"https:\/\/abinox-chr-clim.com\/index.php\/product\/fourneau-electrique-4-plaques-gastro-m-650-sur-four-electrique-a-convection\/"},"modified":"2026-04-15T09:32:27","modified_gmt":"2026-04-15T07:32:27","slug":"fourneau-electrique-4-plaques-gastro-m-650-sur-four-electrique-a-convection","status":"publish","type":"product","link":"https:\/\/abinox-chr-clim.com\/index.php\/product\/fourneau-electrique-4-plaques-gastro-m-650-sur-four-electrique-a-convection\/","title":{"rendered":"Fourneau \u00e9lectrique 4 plaques Gastro M 650 sur four \u00e9lectrique \u00e0 convection"},"content":{"rendered":"<p>Fourneau \u00e9lectrique 4 plaques sur four \u00e9lectrique \u00e0 convection. Plaques avec r\u00e9partition uniforme de la chaleur et thermostat 6 positions. Four \u00e9lectrique \u00e0 convection avec thermostat et t\u00e9moin lumineux. Pieds r\u00e9glables.<br \/>4 plaques de 2,6 kW. Puissance du four 5kW. R\u00e9f\u00e9rence soumise \u00e0 une Eco-participation mobilier de 0.27\u20ac par unit\u00e9 vendue.  R\u00e9f\u00e9rence soumise \u00e0 une Eco-participation DEEE de 2,00\u20ac par unit\u00e9 vendue. 4 plaques de 2,6 kW.<\/p>\n<p>Caract\u00e9ristiques :<br \/> Dimensions : 850H x 700W x 650mm.<br \/> Mati\u00e8re : Acier inoxydable.<br \/> Sortie : 14,36kW.<br \/> Voltage : 400V.<br \/> Couleur : Acier inoxydable.<\/p>\n","protected":false},"excerpt":{"rendered":"<div><img decoding=\"async\" src=\"https:\/\/abinox-chr-clim.com\/wp-content\/uploads\/2024\/03\/abinox-garantie-1-an.webp\" width=\"150px\"\/><\/div>\n<p>Fourneau \u00e9lectrique 4 plaques Gastro M 650 sur four \u00e9lectrique \u00e0 convection<\/p>\n","protected":false},"featured_media":102320,"comment_status":"closed","ping_status":"closed","template":"","meta":[],"product_brand":[],"product_cat":[1167,1169,1160,1296],"product_tag":[],"class_list":{"0":"post-69200","1":"product","2":"type-product","3":"status-publish","4":"has-post-thumbnail","6":"product_cat-cuisson-horizontale","7":"product_cat-gastro-m-serie-650","8":"product_cat-materiel-electrique-et-de-cuisson","9":"product_cat-palettisable","11":"first","12":"outofstock","13":"featured","14":"taxable","15":"shipping-taxable","16":"purchasable","17":"product-type-simple"},"_links":{"self":[{"href":"https:\/\/abinox-chr-clim.com\/index.php\/wp-json\/wp\/v2\/product\/69200","targetHints":{"allow":["GET"]}}],"collection":[{"href":"https:\/\/abinox-chr-clim.com\/index.php\/wp-json\/wp\/v2\/product"}],"about":[{"href":"https:\/\/abinox-chr-clim.com\/index.php\/wp-json\/wp\/v2\/types\/product"}],"replies":[{"embeddable":true,"href":"https:\/\/abinox-chr-clim.com\/index.php\/wp-json\/wp\/v2\/comments?post=69200"}],"wp:featuredmedia":[{"embeddable":true,"href":"https:\/\/abinox-chr-clim.com\/index.php\/wp-json\/wp\/v2\/media\/102320"}],"wp:attachment":[{"href":"https:\/\/abinox-chr-clim.com\/index.php\/wp-json\/wp\/v2\/media?parent=69200"}],"wp:term":[{"taxonomy":"product_brand","embeddable":true,"href":"https:\/\/abinox-chr-clim.com\/index.php\/wp-json\/wp\/v2\/product_brand?post=69200"},{"taxonomy":"product_cat","embeddable":true,"href":"https:\/\/abinox-chr-clim.com\/index.php\/wp-json\/wp\/v2\/product_cat?post=69200"},{"taxonomy":"product_tag","embeddable":true,"href":"https:\/\/abinox-chr-clim.com\/index.php\/wp-json\/wp\/v2\/product_tag?post=69200"}],"curies":[{"name":"wp","href":"https:\/\/api.w.org\/{rel}","templated":true}]}}