{"id":69198,"date":"2024-03-22T16:22:33","date_gmt":"2024-03-22T15:22:33","guid":{"rendered":"https:\/\/abinox-chr-clim.com\/index.php\/product\/fourneau-6-feux-sur-four-electrique-a-convection-avec-placard-ouvert-gastro-m-65-110cfge\/"},"modified":"2026-04-15T09:32:25","modified_gmt":"2026-04-15T07:32:25","slug":"fourneau-6-feux-sur-four-electrique-a-convection-avec-placard-ouvert-gastro-m-65-110cfge","status":"publish","type":"product","link":"https:\/\/abinox-chr-clim.com\/index.php\/product\/fourneau-6-feux-sur-four-electrique-a-convection-avec-placard-ouvert-gastro-m-65-110cfge\/","title":{"rendered":"Fourneau 6 feux sur four \u00e9lectrique \u00e0 convection avec placard ouvert Gastro M 65\/110CFGE"},"content":{"rendered":"<p>Fourneaux 6 feux vifs sur four \u00e9lectrique \u00e0 convection ou four gaz, avec thermocouples, br\u00fbleurs cuivre, plaques de d\u00e9bordement \u00e9maill\u00e9es et allumage automatique. Le maxi four gaz du GN050 poss\u00e8de des rails amovibles et une double porte avec poign\u00e9es incurv\u00e9es pour faciliter l&rsquo;ouverture et le nettoyage.<br \/>Econome en \u00e9nergie, br\u00fbleurs haute performance. 3 feux vifs de 3,6 kW. 3 feux vifs de 7,5 kW. R\u00e9f\u00e9rence soumise \u00e0 une Eco-participation mobilier de 0.39\u20ac par unit\u00e9 vendue.  Puissance four 3,9kW. R\u00e9f\u00e9rence soumise \u00e0 une Eco-participation DEEE de 2,48\u20ac par unit\u00e9 vendue. Econome en \u00e9nergie, br\u00fbleurs haute performance.<\/p>\n<p>Caract\u00e9ristiques :<br \/> Dimensions : 850(H) x 1100(L) x 650(P)mm.<br \/> Mati\u00e8re : Acier inoxydable.<br \/> Voltage : 400V.<br \/> Couleur : Acier inoxydable.<\/p>\n","protected":false},"excerpt":{"rendered":"<div><img decoding=\"async\" src=\"https:\/\/abinox-chr-clim.com\/wp-content\/uploads\/2024\/03\/abinox-garantie-1-an.webp\" width=\"150px\"\/><\/div>\n<p>Fourneau 6 feux sur four \u00e9lectrique \u00e0 convection avec placard ouvert Gastro M 65\/110CFGE<\/p>\n","protected":false},"featured_media":102318,"comment_status":"closed","ping_status":"closed","template":"","meta":[],"product_brand":[],"product_cat":[1167,1169,1160,1296],"product_tag":[],"class_list":{"0":"post-69198","1":"product","2":"type-product","3":"status-publish","4":"has-post-thumbnail","6":"product_cat-cuisson-horizontale","7":"product_cat-gastro-m-serie-650","8":"product_cat-materiel-electrique-et-de-cuisson","9":"product_cat-palettisable","11":"first","12":"instock","13":"featured","14":"taxable","15":"shipping-taxable","16":"purchasable","17":"product-type-simple"},"_links":{"self":[{"href":"https:\/\/abinox-chr-clim.com\/index.php\/wp-json\/wp\/v2\/product\/69198","targetHints":{"allow":["GET"]}}],"collection":[{"href":"https:\/\/abinox-chr-clim.com\/index.php\/wp-json\/wp\/v2\/product"}],"about":[{"href":"https:\/\/abinox-chr-clim.com\/index.php\/wp-json\/wp\/v2\/types\/product"}],"replies":[{"embeddable":true,"href":"https:\/\/abinox-chr-clim.com\/index.php\/wp-json\/wp\/v2\/comments?post=69198"}],"wp:featuredmedia":[{"embeddable":true,"href":"https:\/\/abinox-chr-clim.com\/index.php\/wp-json\/wp\/v2\/media\/102318"}],"wp:attachment":[{"href":"https:\/\/abinox-chr-clim.com\/index.php\/wp-json\/wp\/v2\/media?parent=69198"}],"wp:term":[{"taxonomy":"product_brand","embeddable":true,"href":"https:\/\/abinox-chr-clim.com\/index.php\/wp-json\/wp\/v2\/product_brand?post=69198"},{"taxonomy":"product_cat","embeddable":true,"href":"https:\/\/abinox-chr-clim.com\/index.php\/wp-json\/wp\/v2\/product_cat?post=69198"},{"taxonomy":"product_tag","embeddable":true,"href":"https:\/\/abinox-chr-clim.com\/index.php\/wp-json\/wp\/v2\/product_tag?post=69198"}],"curies":[{"name":"wp","href":"https:\/\/api.w.org\/{rel}","templated":true}]}}