{"id":69190,"date":"2024-03-22T16:22:31","date_gmt":"2024-03-22T15:22:31","guid":{"rendered":"https:\/\/abinox-chr-clim.com\/index.php\/product\/grillade-pierre-de-lave-gaz-gastro-m-grl60-60\/"},"modified":"2026-04-02T09:20:20","modified_gmt":"2026-04-02T07:20:20","slug":"grillade-pierre-de-lave-gaz-gastro-m-grl60-60","status":"publish","type":"product","link":"https:\/\/abinox-chr-clim.com\/index.php\/product\/grillade-pierre-de-lave-gaz-gastro-m-grl60-60\/","title":{"rendered":"Grillade pierre de lave gaz Gastro M GRL60\/60"},"content":{"rendered":"<p>Grillade pierre de lave gaz avec grille en fonte, allumage piezo, br\u00fbleur en acier inoxydable, bac \u00e0 eau et thermocouple. Fournie avec pierres de lave.<br \/>Ext\u00e9rieur en acier inoxydable. Bac \u00e0 eau. Bac de r\u00e9cup\u00e9ration int\u00e9gr\u00e9. R\u00e9f\u00e9rence soumise \u00e0 une Eco-participation mobilier de 0.14\u20ac par unit\u00e9 vendue. Livr\u00e9e avec injecteurs butane\/propane (Produit n\u00e9cessitant obligatoirement une installation par un professionnel pour b\u00e9n\u00e9ficier de la garantie). Thermostats r\u00e9glables. R\u00e9f\u00e9rence soumise \u00e0 une Eco-participation DEEE de 0,84\u20ac par unit\u00e9 vendue. Ext\u00e9rieur en acier inoxydable.<\/p>\n<p>Caract\u00e9ristiques :<br \/> Dimensions : 280(H) x 600(L) x 600(P) mm.<br \/> Mati\u00e8re : Ext\u00e9rieur en acier inoxydable.<br \/> Sortie : 11kW.<br \/> Couleur : .<br \/> Puissance : 11 kW.<\/p>\n","protected":false},"excerpt":{"rendered":"<div><img decoding=\"async\" src=\"https:\/\/abinox-chr-clim.com\/wp-content\/uploads\/2024\/03\/abinox-garantie-1-an.webp\" width=\"150px\"\/><\/div>\n<p>Grillade pierre de lave gaz Gastro M GRL60\/60<\/p>\n","protected":false},"featured_media":102312,"comment_status":"closed","ping_status":"closed","template":"","meta":[],"product_brand":[],"product_cat":[1167,1168,1160,1296],"product_tag":[],"class_list":{"0":"post-69190","1":"product","2":"type-product","3":"status-publish","4":"has-post-thumbnail","6":"product_cat-cuisson-horizontale","7":"product_cat-gastro-m-serie-600","8":"product_cat-materiel-electrique-et-de-cuisson","9":"product_cat-palettisable","11":"first","12":"instock","13":"featured","14":"taxable","15":"shipping-taxable","16":"purchasable","17":"product-type-simple"},"_links":{"self":[{"href":"https:\/\/abinox-chr-clim.com\/index.php\/wp-json\/wp\/v2\/product\/69190","targetHints":{"allow":["GET"]}}],"collection":[{"href":"https:\/\/abinox-chr-clim.com\/index.php\/wp-json\/wp\/v2\/product"}],"about":[{"href":"https:\/\/abinox-chr-clim.com\/index.php\/wp-json\/wp\/v2\/types\/product"}],"replies":[{"embeddable":true,"href":"https:\/\/abinox-chr-clim.com\/index.php\/wp-json\/wp\/v2\/comments?post=69190"}],"wp:featuredmedia":[{"embeddable":true,"href":"https:\/\/abinox-chr-clim.com\/index.php\/wp-json\/wp\/v2\/media\/102312"}],"wp:attachment":[{"href":"https:\/\/abinox-chr-clim.com\/index.php\/wp-json\/wp\/v2\/media?parent=69190"}],"wp:term":[{"taxonomy":"product_brand","embeddable":true,"href":"https:\/\/abinox-chr-clim.com\/index.php\/wp-json\/wp\/v2\/product_brand?post=69190"},{"taxonomy":"product_cat","embeddable":true,"href":"https:\/\/abinox-chr-clim.com\/index.php\/wp-json\/wp\/v2\/product_cat?post=69190"},{"taxonomy":"product_tag","embeddable":true,"href":"https:\/\/abinox-chr-clim.com\/index.php\/wp-json\/wp\/v2\/product_tag?post=69190"}],"curies":[{"name":"wp","href":"https:\/\/api.w.org\/{rel}","templated":true}]}}