{"id":69155,"date":"2024-03-22T16:22:14","date_gmt":"2024-03-22T15:22:14","guid":{"rendered":"https:\/\/abinox-chr-clim.com\/index.php\/product\/tiroir-a-cafe\/"},"modified":"2026-04-02T09:01:32","modified_gmt":"2026-04-02T07:01:32","slug":"tiroir-a-cafe","status":"publish","type":"product","link":"https:\/\/abinox-chr-clim.com\/index.php\/product\/tiroir-a-cafe\/","title":{"rendered":"Tiroir \u00e0 caf\u00e9"},"content":{"rendered":"<p>Conteneur portatif anti-rouille \u00e0 placer sous le comptoir ou sous la machine (en fonction de la taille de la machine) pour jeter le marc.<br \/>Grande capacit\u00e9 &#8211; r\u00e9duit le nombre de vidanges n\u00e9cessaires par jour. Portable &#8211; peut \u00eatre utilis\u00e9 presque partout. Conception en acier inoxydable facile \u00e0 nettoyer et permettant de gagner du temps. R\u00e9f\u00e9rence soumise \u00e0 une Eco-participation mobilier de 0.27\u20ac par unit\u00e9 vendue. Barre \u00e0 rouleaux amovible pour un nettoyage facile. Peut \u00eatre utilis\u00e9 sous le comptoir ou sous la machine (en fonction de la taille de la machine).Tiroir amovible &#8211; facile \u00e0 vider et \u00e0 remplacer. Grande capacit\u00e9 &#8211; r\u00e9duit le nombre de vidanges n\u00e9cessaires par jour.<\/p>\n<p>Caract\u00e9ristiques :<br \/> Dimensions : 90(H) x 255(L) x 410(P) mm.<br \/> Mati\u00e8re : Acier inoxydable.<br \/> Couleur : Argent.<\/p>\n","protected":false},"excerpt":{"rendered":"<div><img decoding=\"async\" src=\"https:\/\/abinox-chr-clim.com\/wp-content\/uploads\/2024\/03\/abinox-garantie-1-an.webp\" width=\"150px\"\/><\/div>\n<p>Tiroir \u00e0 caf\u00e9<\/p>\n","protected":false},"featured_media":104824,"comment_status":"closed","ping_status":"closed","template":"","meta":[],"product_brand":[],"product_cat":[1165,1164,1160,1297],"product_tag":[],"class_list":{"0":"post-69155","1":"product","2":"type-product","3":"status-publish","4":"has-post-thumbnail","6":"product_cat-cafe-cafeterie","7":"product_cat-cafeterie","8":"product_cat-materiel-electrique-et-de-cuisson","9":"product_cat-non-palettisable","10":"product_shipping_class-free-shipping","12":"first","13":"outofstock","14":"featured","15":"taxable","16":"shipping-taxable","17":"purchasable","18":"product-type-simple"},"_links":{"self":[{"href":"https:\/\/abinox-chr-clim.com\/index.php\/wp-json\/wp\/v2\/product\/69155","targetHints":{"allow":["GET"]}}],"collection":[{"href":"https:\/\/abinox-chr-clim.com\/index.php\/wp-json\/wp\/v2\/product"}],"about":[{"href":"https:\/\/abinox-chr-clim.com\/index.php\/wp-json\/wp\/v2\/types\/product"}],"replies":[{"embeddable":true,"href":"https:\/\/abinox-chr-clim.com\/index.php\/wp-json\/wp\/v2\/comments?post=69155"}],"wp:featuredmedia":[{"embeddable":true,"href":"https:\/\/abinox-chr-clim.com\/index.php\/wp-json\/wp\/v2\/media\/104824"}],"wp:attachment":[{"href":"https:\/\/abinox-chr-clim.com\/index.php\/wp-json\/wp\/v2\/media?parent=69155"}],"wp:term":[{"taxonomy":"product_brand","embeddable":true,"href":"https:\/\/abinox-chr-clim.com\/index.php\/wp-json\/wp\/v2\/product_brand?post=69155"},{"taxonomy":"product_cat","embeddable":true,"href":"https:\/\/abinox-chr-clim.com\/index.php\/wp-json\/wp\/v2\/product_cat?post=69155"},{"taxonomy":"product_tag","embeddable":true,"href":"https:\/\/abinox-chr-clim.com\/index.php\/wp-json\/wp\/v2\/product_tag?post=69155"}],"curies":[{"name":"wp","href":"https:\/\/api.w.org\/{rel}","templated":true}]}}