{"id":69151,"date":"2024-03-22T16:22:13","date_gmt":"2024-03-22T15:22:13","guid":{"rendered":"https:\/\/abinox-chr-clim.com\/index.php\/product\/machine-a-cafe-bravilor-bonamat-novo\/"},"modified":"2026-04-02T08:45:30","modified_gmt":"2026-04-02T06:45:30","slug":"machine-a-cafe-bravilor-bonamat-novo","status":"publish","type":"product","link":"https:\/\/abinox-chr-clim.com\/index.php\/product\/machine-a-cafe-bravilor-bonamat-novo\/","title":{"rendered":"Machine \u00e0 caf\u00e9 Bravilor Bonamat Novo"},"content":{"rendered":"<p>Machine \u00e0 caf\u00e9 \u00e0 remplissage manuel facile \u00e0 utiliser avec plaques de maintien en temp\u00e9rature autor\u00e9gul\u00e9es selon la quantit\u00e9 de caf\u00e9 restante. Faible entretien et porte-filtres en plastique. Fournie avec filtres et un pichet en verre lavable au lave-vaisselle (2 pichets pour F454E).<br \/>Pr\u00eate \u00e0 utiliser &#8211; livr\u00e9e avec deux verseuses en verre et un sachet de filtres en papier. Pr\u00e9paration rapide de 5 minutes par verseuse &#8211; id\u00e9al en cas de forte demande. Les deux plaques chauffantes autor\u00e9gul\u00e9es et antirayures de la Novo maintiennent le caf\u00e9 \u00e0 la temp\u00e9rature id\u00e9ale. R\u00e9f\u00e9rence soumise \u00e0 une Eco-participation mobilier de 0.38\u20ac par unit\u00e9 vendue. Les plaques sont ind\u00e9pendantes l&rsquo;une de l&rsquo;autre &#8211; \u00e9conomisez de l&rsquo;\u00e9nergie en p\u00e9riode creuse. Portable &#8211; id\u00e9al pour la restauration mobile.Remplissage d&rsquo;eau manuel &#8211; pas de raccordement n\u00e9cessaire. R\u00e9f\u00e9rence soumise \u00e0 une Eco-participation DEEE de 0,29\u20ac par unit\u00e9 vendue. Pr\u00eate \u00e0 utiliser &#8211; livr\u00e9e avec deux verseuses en verre et un sachet de filtres en papier.<\/p>\n<p>Caract\u00e9ristiques :<br \/> Capacit\u00e9 : 1,7L (24 tasses).<br \/> Dimensions : 430(H) x 205(L) x 340(P) mm.<br \/> Mati\u00e8re : Inox.<br \/> Sortie : 18 litres par heure (environ 144 tasses\/h).<br \/> Voltage : 230V.<br \/> Couleur : Noir et argent.<br \/> Puissance : 2.13 kW.<\/p>\n","protected":false},"excerpt":{"rendered":"<div><img decoding=\"async\" src=\"https:\/\/abinox-chr-clim.com\/wp-content\/uploads\/2024\/03\/abinox-garantie-1-an.webp\" width=\"150px\"\/><\/div>\n<p>Machine \u00e0 caf\u00e9 Bravilor Bonamat Novo<\/p>\n","protected":false},"featured_media":95437,"comment_status":"closed","ping_status":"closed","template":"","meta":[],"product_brand":[],"product_cat":[1165,1164,1160,1297],"product_tag":[],"class_list":{"0":"post-69151","1":"product","2":"type-product","3":"status-publish","4":"has-post-thumbnail","6":"product_cat-cafe-cafeterie","7":"product_cat-cafeterie","8":"product_cat-materiel-electrique-et-de-cuisson","9":"product_cat-non-palettisable","10":"product_shipping_class-free-shipping","12":"first","13":"instock","14":"featured","15":"taxable","16":"shipping-taxable","17":"purchasable","18":"product-type-simple"},"_links":{"self":[{"href":"https:\/\/abinox-chr-clim.com\/index.php\/wp-json\/wp\/v2\/product\/69151","targetHints":{"allow":["GET"]}}],"collection":[{"href":"https:\/\/abinox-chr-clim.com\/index.php\/wp-json\/wp\/v2\/product"}],"about":[{"href":"https:\/\/abinox-chr-clim.com\/index.php\/wp-json\/wp\/v2\/types\/product"}],"replies":[{"embeddable":true,"href":"https:\/\/abinox-chr-clim.com\/index.php\/wp-json\/wp\/v2\/comments?post=69151"}],"wp:featuredmedia":[{"embeddable":true,"href":"https:\/\/abinox-chr-clim.com\/index.php\/wp-json\/wp\/v2\/media\/95437"}],"wp:attachment":[{"href":"https:\/\/abinox-chr-clim.com\/index.php\/wp-json\/wp\/v2\/media?parent=69151"}],"wp:term":[{"taxonomy":"product_brand","embeddable":true,"href":"https:\/\/abinox-chr-clim.com\/index.php\/wp-json\/wp\/v2\/product_brand?post=69151"},{"taxonomy":"product_cat","embeddable":true,"href":"https:\/\/abinox-chr-clim.com\/index.php\/wp-json\/wp\/v2\/product_cat?post=69151"},{"taxonomy":"product_tag","embeddable":true,"href":"https:\/\/abinox-chr-clim.com\/index.php\/wp-json\/wp\/v2\/product_tag?post=69151"}],"curies":[{"name":"wp","href":"https:\/\/api.w.org\/{rel}","templated":true}]}}