{"id":69150,"date":"2024-03-22T16:22:12","date_gmt":"2024-03-22T15:22:12","guid":{"rendered":"https:\/\/abinox-chr-clim.com\/index.php\/product\/percolateur-compact-caterlite-15l\/"},"modified":"2026-04-02T08:45:10","modified_gmt":"2026-04-02T06:45:10","slug":"percolateur-compact-caterlite-15l","status":"publish","type":"product","link":"https:\/\/abinox-chr-clim.com\/index.php\/product\/percolateur-compact-caterlite-15l\/","title":{"rendered":"Percolateur compact Caterlite 15L"},"content":{"rendered":"<p>Percolateur en acier inoxydable double paroi froid au toucher. El\u00e9ment de chauffe puissant, indicateur de niveau d&rsquo;eau, bouton marche\/arr\u00eat. Filtre \u00e0 caf\u00e9 inox r\u00e9utilisable.<br \/>Double paroi inox.  R\u00e9f\u00e9rence soumise \u00e0 une Eco-participation mobilier de 0.38\u20ac par unit\u00e9 vendue. Robinet anti-gouttes deux positions.Indicateur de niveau d&rsquo;eau.El\u00e9ment chauffant tr\u00e8s puissant.Pour utilisation peu intensive.R\u00e9f\u00e9rence soumise \u00e0 une Eco-participation DEEE de 0,27\u20ac par unit\u00e9 vendue. Double paroi inox. .<br \/> Caract\u00e9ristiques :<br \/> Capacit\u00e9 : 15 L.<br \/> Dimensions : 560(H) x 330(L) x 350(P) mm.<br \/> Mati\u00e8re : .<br \/> Sortie : 1.5kW.<br \/> Voltage : 220-240V.<br \/> Couleur : Noir et argent.<br \/> Puissance : 1.5 kW.<\/p>\n","protected":false},"excerpt":{"rendered":"<div><img decoding=\"async\" src=\"https:\/\/abinox-chr-clim.com\/wp-content\/uploads\/2024\/03\/abinox-garantie-1-an.webp\" width=\"150px\"\/><\/div>\n<p>Percolateur compact Caterlite 15L<\/p>\n","protected":false},"featured_media":95640,"comment_status":"closed","ping_status":"closed","template":"","meta":[],"product_brand":[],"product_cat":[1165,1164,1160,1297],"product_tag":[],"class_list":{"0":"post-69150","1":"product","2":"type-product","3":"status-publish","4":"has-post-thumbnail","6":"product_cat-cafe-cafeterie","7":"product_cat-cafeterie","8":"product_cat-materiel-electrique-et-de-cuisson","9":"product_cat-non-palettisable","10":"product_shipping_class-free-shipping","12":"first","13":"instock","14":"featured","15":"taxable","16":"shipping-taxable","17":"purchasable","18":"product-type-simple"},"_links":{"self":[{"href":"https:\/\/abinox-chr-clim.com\/index.php\/wp-json\/wp\/v2\/product\/69150","targetHints":{"allow":["GET"]}}],"collection":[{"href":"https:\/\/abinox-chr-clim.com\/index.php\/wp-json\/wp\/v2\/product"}],"about":[{"href":"https:\/\/abinox-chr-clim.com\/index.php\/wp-json\/wp\/v2\/types\/product"}],"replies":[{"embeddable":true,"href":"https:\/\/abinox-chr-clim.com\/index.php\/wp-json\/wp\/v2\/comments?post=69150"}],"wp:featuredmedia":[{"embeddable":true,"href":"https:\/\/abinox-chr-clim.com\/index.php\/wp-json\/wp\/v2\/media\/95640"}],"wp:attachment":[{"href":"https:\/\/abinox-chr-clim.com\/index.php\/wp-json\/wp\/v2\/media?parent=69150"}],"wp:term":[{"taxonomy":"product_brand","embeddable":true,"href":"https:\/\/abinox-chr-clim.com\/index.php\/wp-json\/wp\/v2\/product_brand?post=69150"},{"taxonomy":"product_cat","embeddable":true,"href":"https:\/\/abinox-chr-clim.com\/index.php\/wp-json\/wp\/v2\/product_cat?post=69150"},{"taxonomy":"product_tag","embeddable":true,"href":"https:\/\/abinox-chr-clim.com\/index.php\/wp-json\/wp\/v2\/product_tag?post=69150"}],"curies":[{"name":"wp","href":"https:\/\/api.w.org\/{rel}","templated":true}]}}