{"id":69078,"date":"2024-03-22T16:21:42","date_gmt":"2024-03-22T15:21:42","guid":{"rendered":"https:\/\/abinox-chr-clim.com\/index.php\/product\/blender-de-cuisine-x-prep-waring-mx1200xtxee\/"},"modified":"2026-04-14T09:02:53","modified_gmt":"2026-04-14T07:02:53","slug":"blender-de-cuisine-x-prep-waring-mx1200xtxee","status":"publish","type":"product","link":"https:\/\/abinox-chr-clim.com\/index.php\/product\/blender-de-cuisine-x-prep-waring-mx1200xtxee\/","title":{"rendered":"Blender de cuisine X-Prep Waring MX1200XTXEE"},"content":{"rendered":"<p>Blender de cuisine professionnel polyvalent, \u00e0 vitesse variable. Il est adapt\u00e9 \u00e0 une vari\u00e9t\u00e9 de pr\u00e9parations dont la p\u00e2te \u00e0 pain, les oeufs en neige, les soupes et smoothies. Comprend un couvercle en vinyle avec bouchon d&rsquo;introduction; id\u00e9al pour les m\u00e9langes chauds.<br \/>Moteur professionnel 3,5 HP. Patin d&rsquo;une pi\u00e8ce sous le pichet, amovible et compatible lave-vaisselle. Vitesse variable de 1500 \u00e0 20000 tr\/mn. R\u00e9f\u00e9rence soumise \u00e0 une Eco-participation mobilier de 0.43\u20ac par unit\u00e9 vendue. Patin et pieds du pichet en caoutchouc pour l&rsquo;insonorisation.Couteau acier inoxydable r\u00e9sistant. R\u00e9f\u00e9rence soumise \u00e0 une Eco-participation DEEE de 0,32\u20ac par unit\u00e9 vendue. Moteur professionnel 3,5 HP.<\/p>\n<p>Caract\u00e9ristiques :<br \/> Capacit\u00e9 : 2 L.<br \/> Dimensions : 457(H) x 215(L) x 209(P) mm.<br \/> Mati\u00e8re : Pichet copolyester.<br \/> Vitesse : 1500 \u00e0 20000 tr\/mn &#8211; pulse 30000 tr\/mn.<br \/> Voltage : 230V.<br \/> Couleur : Noir.<\/p>\n","protected":false},"excerpt":{"rendered":"<div><img decoding=\"async\" src=\"https:\/\/abinox-chr-clim.com\/wp-content\/uploads\/2024\/03\/abinox-garantie-1-an.webp\" width=\"150px\"\/><\/div>\n<p>Blender de cuisine X-Prep Waring MX1200XTXEE<\/p>\n","protected":false},"featured_media":101806,"comment_status":"closed","ping_status":"closed","template":"","meta":[],"product_brand":[],"product_cat":[1161,1160,1297],"product_tag":[],"class_list":{"0":"post-69078","1":"product","2":"type-product","3":"status-publish","4":"has-post-thumbnail","6":"product_cat-blenders-et-mixeurs-plongeants","7":"product_cat-materiel-electrique-et-de-cuisson","8":"product_cat-non-palettisable","9":"product_shipping_class-free-shipping","11":"first","12":"instock","13":"featured","14":"taxable","15":"shipping-taxable","16":"purchasable","17":"product-type-simple"},"_links":{"self":[{"href":"https:\/\/abinox-chr-clim.com\/index.php\/wp-json\/wp\/v2\/product\/69078","targetHints":{"allow":["GET"]}}],"collection":[{"href":"https:\/\/abinox-chr-clim.com\/index.php\/wp-json\/wp\/v2\/product"}],"about":[{"href":"https:\/\/abinox-chr-clim.com\/index.php\/wp-json\/wp\/v2\/types\/product"}],"replies":[{"embeddable":true,"href":"https:\/\/abinox-chr-clim.com\/index.php\/wp-json\/wp\/v2\/comments?post=69078"}],"wp:featuredmedia":[{"embeddable":true,"href":"https:\/\/abinox-chr-clim.com\/index.php\/wp-json\/wp\/v2\/media\/101806"}],"wp:attachment":[{"href":"https:\/\/abinox-chr-clim.com\/index.php\/wp-json\/wp\/v2\/media?parent=69078"}],"wp:term":[{"taxonomy":"product_brand","embeddable":true,"href":"https:\/\/abinox-chr-clim.com\/index.php\/wp-json\/wp\/v2\/product_brand?post=69078"},{"taxonomy":"product_cat","embeddable":true,"href":"https:\/\/abinox-chr-clim.com\/index.php\/wp-json\/wp\/v2\/product_cat?post=69078"},{"taxonomy":"product_tag","embeddable":true,"href":"https:\/\/abinox-chr-clim.com\/index.php\/wp-json\/wp\/v2\/product_tag?post=69078"}],"curies":[{"name":"wp","href":"https:\/\/api.w.org\/{rel}","templated":true}]}}