{"id":69076,"date":"2024-03-22T16:21:41","date_gmt":"2024-03-22T15:21:41","guid":{"rendered":"https:\/\/abinox-chr-clim.com\/index.php\/product\/mixeur-plongeant-a-vitesse-variable-nisbets-essentials-250-mm\/"},"modified":"2026-04-14T10:50:59","modified_gmt":"2026-04-14T08:50:59","slug":"mixeur-plongeant-a-vitesse-variable-nisbets-essentials-250-mm","status":"publish","type":"product","link":"https:\/\/abinox-chr-clim.com\/index.php\/product\/mixeur-plongeant-a-vitesse-variable-nisbets-essentials-250-mm\/","title":{"rendered":"Mixeur plongeant \u00e0 vitesse variable Nisbets Essentials 250 mm"},"content":{"rendered":"<p>Mixeur plongeant puissant avec contr\u00f4le de vitesse variable et pied amovible.<br \/>Le puissant moteur de 350\u00a0W peut traiter de grandes quantit\u00e9s d&rsquo;aliments \u00e0 la fois.Le contr\u00f4le de vitesse variable entre 4 000 et 20 000 tr\/min offre une excellente pr\u00e9cision de m\u00e9lange. La construction l\u00e9g\u00e8re et ergonomique assure un confort maximal pendant l&rsquo;utilisation. Le pied amovible de 250 mm permet un nettoyage facile. Les \u00e9vents de refroidissement aident \u00e0 pr\u00e9venir la surchauffe lors d&rsquo;une utilisation prolong\u00e9e.Le puissant moteur de 350\u00a0W peut traiter de grandes quantit\u00e9s d&rsquo;aliments \u00e0 la fois.<\/p>\n<p>Caract\u00e9ristiques :<br \/> Dimensions : 633,7(H) mm.<br \/> Mati\u00e8re : Inox.<br \/> Voltage : 220-240V.<br \/> Couleur : Noir.<\/p>\n","protected":false},"excerpt":{"rendered":"<div><img decoding=\"async\" src=\"https:\/\/abinox-chr-clim.com\/wp-content\/uploads\/2024\/03\/abinox-garantie-1-an.webp\" width=\"150px\"\/><\/div>\n<p>Mixeur plongeant \u00e0 vitesse variable Nisbets Essentials 250 mm<\/p>\n","protected":false},"featured_media":89705,"comment_status":"closed","ping_status":"closed","template":"","meta":[],"product_brand":[],"product_cat":[1161,1160,1297],"product_tag":[],"class_list":{"0":"post-69076","1":"product","2":"type-product","3":"status-publish","4":"has-post-thumbnail","6":"product_cat-blenders-et-mixeurs-plongeants","7":"product_cat-materiel-electrique-et-de-cuisson","8":"product_cat-non-palettisable","9":"product_shipping_class-free-shipping","11":"first","12":"instock","13":"featured","14":"taxable","15":"shipping-taxable","16":"purchasable","17":"product-type-simple"},"_links":{"self":[{"href":"https:\/\/abinox-chr-clim.com\/index.php\/wp-json\/wp\/v2\/product\/69076","targetHints":{"allow":["GET"]}}],"collection":[{"href":"https:\/\/abinox-chr-clim.com\/index.php\/wp-json\/wp\/v2\/product"}],"about":[{"href":"https:\/\/abinox-chr-clim.com\/index.php\/wp-json\/wp\/v2\/types\/product"}],"replies":[{"embeddable":true,"href":"https:\/\/abinox-chr-clim.com\/index.php\/wp-json\/wp\/v2\/comments?post=69076"}],"wp:featuredmedia":[{"embeddable":true,"href":"https:\/\/abinox-chr-clim.com\/index.php\/wp-json\/wp\/v2\/media\/89705"}],"wp:attachment":[{"href":"https:\/\/abinox-chr-clim.com\/index.php\/wp-json\/wp\/v2\/media?parent=69076"}],"wp:term":[{"taxonomy":"product_brand","embeddable":true,"href":"https:\/\/abinox-chr-clim.com\/index.php\/wp-json\/wp\/v2\/product_brand?post=69076"},{"taxonomy":"product_cat","embeddable":true,"href":"https:\/\/abinox-chr-clim.com\/index.php\/wp-json\/wp\/v2\/product_cat?post=69076"},{"taxonomy":"product_tag","embeddable":true,"href":"https:\/\/abinox-chr-clim.com\/index.php\/wp-json\/wp\/v2\/product_tag?post=69076"}],"curies":[{"name":"wp","href":"https:\/\/api.w.org\/{rel}","templated":true}]}}