{"id":69072,"date":"2024-03-22T16:21:40","date_gmt":"2024-03-22T15:21:40","guid":{"rendered":"https:\/\/abinox-chr-clim.com\/index.php\/product\/accessoire-de-fouet-pour-melangeur-waring-stick\/"},"modified":"2026-04-14T08:33:07","modified_gmt":"2026-04-14T06:33:07","slug":"accessoire-de-fouet-pour-melangeur-waring-stick","status":"publish","type":"product","link":"https:\/\/abinox-chr-clim.com\/index.php\/product\/accessoire-de-fouet-pour-melangeur-waring-stick\/","title":{"rendered":"Accessoire de fouet pour m\u00e9langeur Waring Stick"},"content":{"rendered":"<p>Fouet de 250 mm \u00e0 fixer sur les mixeurs Big Stik.<br \/>Id\u00e9al pour la pur\u00e9e de pommes de terre.  R\u00e9f\u00e9rence soumise \u00e0 une Eco-participation mobilier de 0.18\u20ac par unit\u00e9 vendue. Id\u00e9al pour la pur\u00e9e de pommes de terre. .<br \/> Caract\u00e9ristiques :<br \/> Dimensions : 250(H) mm.<br \/> Mati\u00e8re : .<br \/> Couleur : Noir et argent.<\/p>\n","protected":false},"excerpt":{"rendered":"<div><img decoding=\"async\" src=\"https:\/\/abinox-chr-clim.com\/wp-content\/uploads\/2024\/03\/abinox-garantie-1-an.webp\" width=\"150px\"\/><\/div>\n<p>Accessoire de fouet pour m\u00e9langeur Waring Stick<\/p>\n","protected":false},"featured_media":79741,"comment_status":"closed","ping_status":"closed","template":"","meta":[],"product_brand":[],"product_cat":[1161,1160,1296],"product_tag":[],"class_list":{"0":"post-69072","1":"product","2":"type-product","3":"status-publish","4":"has-post-thumbnail","6":"product_cat-blenders-et-mixeurs-plongeants","7":"product_cat-materiel-electrique-et-de-cuisson","8":"product_cat-palettisable","10":"first","11":"instock","12":"featured","13":"taxable","14":"shipping-taxable","15":"purchasable","16":"product-type-simple"},"_links":{"self":[{"href":"https:\/\/abinox-chr-clim.com\/index.php\/wp-json\/wp\/v2\/product\/69072","targetHints":{"allow":["GET"]}}],"collection":[{"href":"https:\/\/abinox-chr-clim.com\/index.php\/wp-json\/wp\/v2\/product"}],"about":[{"href":"https:\/\/abinox-chr-clim.com\/index.php\/wp-json\/wp\/v2\/types\/product"}],"replies":[{"embeddable":true,"href":"https:\/\/abinox-chr-clim.com\/index.php\/wp-json\/wp\/v2\/comments?post=69072"}],"wp:featuredmedia":[{"embeddable":true,"href":"https:\/\/abinox-chr-clim.com\/index.php\/wp-json\/wp\/v2\/media\/79741"}],"wp:attachment":[{"href":"https:\/\/abinox-chr-clim.com\/index.php\/wp-json\/wp\/v2\/media?parent=69072"}],"wp:term":[{"taxonomy":"product_brand","embeddable":true,"href":"https:\/\/abinox-chr-clim.com\/index.php\/wp-json\/wp\/v2\/product_brand?post=69072"},{"taxonomy":"product_cat","embeddable":true,"href":"https:\/\/abinox-chr-clim.com\/index.php\/wp-json\/wp\/v2\/product_cat?post=69072"},{"taxonomy":"product_tag","embeddable":true,"href":"https:\/\/abinox-chr-clim.com\/index.php\/wp-json\/wp\/v2\/product_tag?post=69072"}],"curies":[{"name":"wp","href":"https:\/\/api.w.org\/{rel}","templated":true}]}}