{"id":69070,"date":"2024-03-22T16:21:39","date_gmt":"2024-03-22T15:21:39","guid":{"rendered":"https:\/\/abinox-chr-clim.com\/index.php\/product\/wok-induction-hendi-profi-line-239773-pour-fu438\/"},"modified":"2026-04-14T10:48:41","modified_gmt":"2026-04-14T08:48:41","slug":"wok-induction-hendi-profi-line-239773-pour-fu438","status":"publish","type":"product","link":"https:\/\/abinox-chr-clim.com\/index.php\/product\/wok-induction-hendi-profi-line-239773-pour-fu438\/","title":{"rendered":"Wok induction Hendi Profi Line 239773 pour FU438"},"content":{"rendered":"<p>Wok induction \u00e0 utiliser avec la plaque de cuisson \u00e0 induction FU438. Avec couvercle \u00e0 poign\u00e9e en acier inoxydable et poign\u00e9e softgrip. Convient pour feux gaz, plaque induction, plaque \u00e9lectrique, plaque vitroc\u00e9ramique. Mat\u00e9riau 3 couches. Wok induction \u00e0 utiliser avec la plaque de cuisson \u00e0 induction FU438.<\/p>\n<p>Caract\u00e9ristiques :<br \/> Dimensions : 180(H) x 360(\u00d8) mm.<br \/> Mati\u00e8re : Inox<\/p>\n","protected":false},"excerpt":{"rendered":"<p>Wok induction Hendi Profi Line 239773 pour FU438<\/p>\n","protected":false},"featured_media":101045,"comment_status":"closed","ping_status":"closed","template":"","meta":[],"product_brand":[],"product_cat":[1160,1297],"product_tag":[],"class_list":{"0":"post-69070","1":"product","2":"type-product","3":"status-publish","4":"has-post-thumbnail","6":"product_cat-materiel-electrique-et-de-cuisson","7":"product_cat-non-palettisable","8":"product_shipping_class-free-shipping","10":"first","11":"instock","12":"featured","13":"taxable","14":"shipping-taxable","15":"purchasable","16":"product-type-simple"},"_links":{"self":[{"href":"https:\/\/abinox-chr-clim.com\/index.php\/wp-json\/wp\/v2\/product\/69070","targetHints":{"allow":["GET"]}}],"collection":[{"href":"https:\/\/abinox-chr-clim.com\/index.php\/wp-json\/wp\/v2\/product"}],"about":[{"href":"https:\/\/abinox-chr-clim.com\/index.php\/wp-json\/wp\/v2\/types\/product"}],"replies":[{"embeddable":true,"href":"https:\/\/abinox-chr-clim.com\/index.php\/wp-json\/wp\/v2\/comments?post=69070"}],"wp:featuredmedia":[{"embeddable":true,"href":"https:\/\/abinox-chr-clim.com\/index.php\/wp-json\/wp\/v2\/media\/101045"}],"wp:attachment":[{"href":"https:\/\/abinox-chr-clim.com\/index.php\/wp-json\/wp\/v2\/media?parent=69070"}],"wp:term":[{"taxonomy":"product_brand","embeddable":true,"href":"https:\/\/abinox-chr-clim.com\/index.php\/wp-json\/wp\/v2\/product_brand?post=69070"},{"taxonomy":"product_cat","embeddable":true,"href":"https:\/\/abinox-chr-clim.com\/index.php\/wp-json\/wp\/v2\/product_cat?post=69070"},{"taxonomy":"product_tag","embeddable":true,"href":"https:\/\/abinox-chr-clim.com\/index.php\/wp-json\/wp\/v2\/product_tag?post=69070"}],"curies":[{"name":"wp","href":"https:\/\/api.w.org\/{rel}","templated":true}]}}