{"id":68994,"date":"2024-03-22T16:19:03","date_gmt":"2024-03-22T15:19:03","guid":{"rendered":"https:\/\/abinox-chr-clim.com\/index.php\/product\/lot-de-5-bacs-gn1-4-vogue\/"},"modified":"2026-04-02T09:04:42","modified_gmt":"2026-04-02T07:04:42","slug":"lot-de-5-bacs-gn1-4-vogue","status":"publish","type":"product","link":"https:\/\/abinox-chr-clim.com\/index.php\/product\/lot-de-5-bacs-gn1-4-vogue\/","title":{"rendered":"Lot de 5 bacs GN1\/4 Vogue"},"content":{"rendered":"<p>Rebord en surplomb pour s&rsquo;ins\u00e9rer dans la station de buffet. \u00c9paisseur du mat\u00e9riau : 08 mm &#8211; Jauge 20. L&rsquo;acier inoxydable ne se d\u00e9forme pas et ne se brise pas. Coins solides pour \u00e9viter les dommages. Essuyable pour un nettoyage facile.  Rebord en surplomb pour s&rsquo;ins\u00e9rer dans la station de buffet.<\/p>\n<p>Caract\u00e9ristiques :<br \/>Lot : 5.<br \/> Capacit\u00e9 : 12,5 L.<br \/> Dimensions : 162(H) x 265(L) x 100(P) mm.<br \/> Mati\u00e8re : Inox.<br \/> Couleur : .<br \/> Bac GN : GN 1\/4XY.<\/p>\n","protected":false},"excerpt":{"rendered":"<div><img decoding=\"async\" src=\"https:\/\/abinox-chr-clim.com\/wp-content\/uploads\/2024\/03\/abinox-garantie.webp\" width=\"400px\"\/><\/div>\n<p>Lot de 5 bacs GN1\/4 Vogue<\/p>\n","protected":false},"featured_media":100169,"comment_status":"closed","ping_status":"closed","template":"","meta":[],"product_brand":[],"product_cat":[1249,1297,1255],"product_tag":[],"class_list":{"0":"post-68994","1":"product","2":"type-product","3":"status-publish","4":"has-post-thumbnail","6":"product_cat-froid","7":"product_cat-non-palettisable","8":"product_cat-tables-refrigerees","9":"product_shipping_class-free-shipping","11":"first","12":"instock","13":"featured","14":"taxable","15":"shipping-taxable","16":"purchasable","17":"product-type-simple"},"_links":{"self":[{"href":"https:\/\/abinox-chr-clim.com\/index.php\/wp-json\/wp\/v2\/product\/68994","targetHints":{"allow":["GET"]}}],"collection":[{"href":"https:\/\/abinox-chr-clim.com\/index.php\/wp-json\/wp\/v2\/product"}],"about":[{"href":"https:\/\/abinox-chr-clim.com\/index.php\/wp-json\/wp\/v2\/types\/product"}],"replies":[{"embeddable":true,"href":"https:\/\/abinox-chr-clim.com\/index.php\/wp-json\/wp\/v2\/comments?post=68994"}],"wp:featuredmedia":[{"embeddable":true,"href":"https:\/\/abinox-chr-clim.com\/index.php\/wp-json\/wp\/v2\/media\/100169"}],"wp:attachment":[{"href":"https:\/\/abinox-chr-clim.com\/index.php\/wp-json\/wp\/v2\/media?parent=68994"}],"wp:term":[{"taxonomy":"product_brand","embeddable":true,"href":"https:\/\/abinox-chr-clim.com\/index.php\/wp-json\/wp\/v2\/product_brand?post=68994"},{"taxonomy":"product_cat","embeddable":true,"href":"https:\/\/abinox-chr-clim.com\/index.php\/wp-json\/wp\/v2\/product_cat?post=68994"},{"taxonomy":"product_tag","embeddable":true,"href":"https:\/\/abinox-chr-clim.com\/index.php\/wp-json\/wp\/v2\/product_tag?post=68994"}],"curies":[{"name":"wp","href":"https:\/\/api.w.org\/{rel}","templated":true}]}}