{"id":68905,"date":"2024-03-22T16:18:28","date_gmt":"2024-03-22T15:18:28","guid":{"rendered":"https:\/\/abinox-chr-clim.com\/index.php\/product\/machine-a-glacons-de-comptoir-11kg-polar-serie-c\/"},"modified":"2026-01-07T08:25:41","modified_gmt":"2026-01-07T07:25:41","slug":"machine-a-glacons-de-comptoir-11kg-polar-serie-c","status":"publish","type":"product","link":"https:\/\/abinox-chr-clim.com\/index.php\/product\/machine-a-glacons-de-comptoir-11kg-polar-serie-c\/","title":{"rendered":"Machine \u00e0 gla\u00e7ons de comptoir 11kg Polar S\u00e9rie C"},"content":{"rendered":"<p>Machine \u00e0 gla\u00e7ons de comptoir compacte avec bo\u00eetier en ABS noir, id\u00e9ale pour les petits restaurants et bars. Le remplissage manuel s&rsquo;effectue simplement en soulevant le couvercle du r\u00e9servoir.  Arr\u00eat automatique lorsque le bac \u00e0 gla\u00e7ons amovible d&rsquo;1kg est plein. Refroidissement \u00e0 air. Fournie avec une pelle.<br \/>De la glace est distribu\u00e9e dans le bac de 1\u00a0kg pour une utilisation imm\u00e9diate. La fonction de s\u00e9lection des tailles vous permet de choisir le type de gla\u00e7on qui convient le mieux \u00e0 votre menu de boissons. Commandes conviviales \u00e0 bouton-poussoir pour une utilisation simple et peu de formation requise. Le couvercle aide \u00e0 maintenir la temp\u00e9rature et \u00e0 garder la glace \u00e0 l&rsquo;abri des contaminants. Structure facile \u00e0 entretenir, qui fait gagner du temps avec de nombreuses pi\u00e8ces amovibles pour un nettoyage simple \u00e0 la main. La fonction de d\u00e9givrage simple et manuelle aide \u00e0 maintenir l&rsquo;unit\u00e9 dans une condition de fonctionnement optimale. Pieds robustes permettant le positionnement au comptoir pour un acc\u00e8s facile. Remplissage manuel &#8211; aucun raccord d&rsquo;eau ou d&rsquo;\u00e9coulement requis. Livr\u00e9 avec une pelle \u00e0 gla\u00e7ons alimentaire. R\u00e9f\u00e9rence soumise \u00e0 une Eco-participation DEEE de 1,03\u20ac par unit\u00e9 vendue. De la glace est distribu\u00e9e dans le bac de 1\u00a0kg pour une utilisation imm\u00e9diate.<\/p>\n<p>Caract\u00e9ristiques :<br \/> Capacit\u00e9 : Bac 1 kg. r\u00e9servoir \u00e0 eau 2 L.<br \/> Dimensions : 380(H) x 305(L) x 380(P) mm.<br \/> Mati\u00e8re : Plastique.<br \/> Sortie : 11 kg\/24 hr.<br \/> Fr\u00e9on : R600a.<br \/> Voltage : 230V.<br \/> Couleur : Noir.<br \/> Puissance : 130 W.<br \/> Temp\u00e9rature ambiante : 38 \u00b0C.<\/p>\n","protected":false},"excerpt":{"rendered":"<div><img decoding=\"async\" src=\"https:\/\/abinox-chr-clim.com\/wp-content\/uploads\/2024\/03\/abinox-garantie-1-an.webp\" width=\"150px\"\/><\/div>\n<p>Machine \u00e0 gla\u00e7ons de comptoir 11kg Polar S\u00e9rie C<\/p>\n","protected":false},"featured_media":99185,"comment_status":"closed","ping_status":"closed","template":"","meta":[],"product_brand":[],"product_cat":[1249,1253,1297],"product_tag":[],"class_list":{"0":"post-68905","1":"product","2":"type-product","3":"status-publish","4":"has-post-thumbnail","6":"product_cat-froid","7":"product_cat-machines-a-glacons-froid","8":"product_cat-non-palettisable","9":"product_shipping_class-free-shipping","11":"first","12":"outofstock","13":"featured","14":"taxable","15":"shipping-taxable","16":"purchasable","17":"product-type-simple"},"_links":{"self":[{"href":"https:\/\/abinox-chr-clim.com\/index.php\/wp-json\/wp\/v2\/product\/68905","targetHints":{"allow":["GET"]}}],"collection":[{"href":"https:\/\/abinox-chr-clim.com\/index.php\/wp-json\/wp\/v2\/product"}],"about":[{"href":"https:\/\/abinox-chr-clim.com\/index.php\/wp-json\/wp\/v2\/types\/product"}],"replies":[{"embeddable":true,"href":"https:\/\/abinox-chr-clim.com\/index.php\/wp-json\/wp\/v2\/comments?post=68905"}],"wp:featuredmedia":[{"embeddable":true,"href":"https:\/\/abinox-chr-clim.com\/index.php\/wp-json\/wp\/v2\/media\/99185"}],"wp:attachment":[{"href":"https:\/\/abinox-chr-clim.com\/index.php\/wp-json\/wp\/v2\/media?parent=68905"}],"wp:term":[{"taxonomy":"product_brand","embeddable":true,"href":"https:\/\/abinox-chr-clim.com\/index.php\/wp-json\/wp\/v2\/product_brand?post=68905"},{"taxonomy":"product_cat","embeddable":true,"href":"https:\/\/abinox-chr-clim.com\/index.php\/wp-json\/wp\/v2\/product_cat?post=68905"},{"taxonomy":"product_tag","embeddable":true,"href":"https:\/\/abinox-chr-clim.com\/index.php\/wp-json\/wp\/v2\/product_tag?post=68905"}],"curies":[{"name":"wp","href":"https:\/\/api.w.org\/{rel}","templated":true}]}}