{"id":68903,"date":"2024-03-22T16:18:27","date_gmt":"2024-03-22T15:18:27","guid":{"rendered":"https:\/\/abinox-chr-clim.com\/index.php\/product\/machine-a-granite-polar-serie-g-1-x-12-l\/"},"modified":"2026-04-14T10:38:45","modified_gmt":"2026-04-14T08:38:45","slug":"machine-a-granite-polar-serie-g-1-x-12-l","status":"publish","type":"product","link":"https:\/\/abinox-chr-clim.com\/index.php\/product\/machine-a-granite-polar-serie-g-1-x-12-l\/","title":{"rendered":"Machine \u00e0 granite Polar S\u00e9rie G 1 x 12 L"},"content":{"rendered":"<p>Utilisez des pr\u00e9parations pr\u00eates \u00e0 l&#8217;emploi ou cr\u00e9ez vos propres m\u00e9langes qui seront r\u00e9frig\u00e9r\u00e9s et pr\u00eats \u00e0 servir en seulement 40 minutes. Les commandes num\u00e9riques simples et les cuves et robinets faciles \u00e0 nettoyer rendront les utilisateurs aussi heureux que les clients.<br \/>1 cuve haute capacit\u00e9 de 12 litres sans BPA. L&rsquo;\u00e9clairage LED contribue \u00e0 d\u00e9velopper votre attractivit\u00e9. Commande num\u00e9rique simple \u00e0 utiliser. R\u00e9f\u00e9rence soumise \u00e0 une Eco-participation mobilier de 4.49\u20ac par unit\u00e9 vendue. Mode boisson fra\u00eeche r\u00e9glable pour les jus de fruits. Le m\u00e9lange n\u00e9cessite une teneur minimale en sucre de 13%.La vitesse d&rsquo;agitation r\u00e9glable permet de contr\u00f4ler l&rsquo;\u00e9paisseur de la glace. 1 cuve haute capacit\u00e9 de 12 litres sans BPA.<\/p>\n<p>Caract\u00e9ristiques :<br \/> Capacit\u00e9 : 12 L.<br \/> Dimensions : 810(H) x 270(L) x 515(P) mm.<br \/> Mati\u00e8re : Inox et plastique.<br \/> Temp\u00e9rature : -10 \u00b0C \u00e0 7 \u00b0C.<br \/> Voltage : 230V.<br \/> Couleur : Noir.<br \/> Temp\u00e9rature ambiante : 32 \u00b0C.<\/p>\n","protected":false},"excerpt":{"rendered":"<div><img decoding=\"async\" src=\"https:\/\/abinox-chr-clim.com\/wp-content\/uploads\/2024\/03\/abinox-garantie-1-an.webp\" width=\"150px\"\/><\/div>\n<p>Machine \u00e0 granite Polar S\u00e9rie G 1 x 12 L<\/p>\n","protected":false},"featured_media":87452,"comment_status":"closed","ping_status":"closed","template":"","meta":[],"product_brand":[],"product_cat":[1249,1253,1296],"product_tag":[],"class_list":{"0":"post-68903","1":"product","2":"type-product","3":"status-publish","4":"has-post-thumbnail","6":"product_cat-froid","7":"product_cat-machines-a-glacons-froid","8":"product_cat-palettisable","10":"first","11":"instock","12":"featured","13":"taxable","14":"shipping-taxable","15":"purchasable","16":"product-type-simple"},"_links":{"self":[{"href":"https:\/\/abinox-chr-clim.com\/index.php\/wp-json\/wp\/v2\/product\/68903","targetHints":{"allow":["GET"]}}],"collection":[{"href":"https:\/\/abinox-chr-clim.com\/index.php\/wp-json\/wp\/v2\/product"}],"about":[{"href":"https:\/\/abinox-chr-clim.com\/index.php\/wp-json\/wp\/v2\/types\/product"}],"replies":[{"embeddable":true,"href":"https:\/\/abinox-chr-clim.com\/index.php\/wp-json\/wp\/v2\/comments?post=68903"}],"wp:featuredmedia":[{"embeddable":true,"href":"https:\/\/abinox-chr-clim.com\/index.php\/wp-json\/wp\/v2\/media\/87452"}],"wp:attachment":[{"href":"https:\/\/abinox-chr-clim.com\/index.php\/wp-json\/wp\/v2\/media?parent=68903"}],"wp:term":[{"taxonomy":"product_brand","embeddable":true,"href":"https:\/\/abinox-chr-clim.com\/index.php\/wp-json\/wp\/v2\/product_brand?post=68903"},{"taxonomy":"product_cat","embeddable":true,"href":"https:\/\/abinox-chr-clim.com\/index.php\/wp-json\/wp\/v2\/product_cat?post=68903"},{"taxonomy":"product_tag","embeddable":true,"href":"https:\/\/abinox-chr-clim.com\/index.php\/wp-json\/wp\/v2\/product_tag?post=68903"}],"curies":[{"name":"wp","href":"https:\/\/api.w.org\/{rel}","templated":true}]}}