{"id":68895,"date":"2024-03-22T16:18:25","date_gmt":"2024-03-22T15:18:25","guid":{"rendered":"https:\/\/abinox-chr-clim.com\/index.php\/product\/machine-a-glacons-de-comptoir-a-remplissage-manuel-caterlite\/"},"modified":"2026-04-14T09:53:00","modified_gmt":"2026-04-14T07:53:00","slug":"machine-a-glacons-de-comptoir-a-remplissage-manuel-caterlite","status":"publish","type":"product","link":"https:\/\/abinox-chr-clim.com\/index.php\/product\/machine-a-glacons-de-comptoir-a-remplissage-manuel-caterlite\/","title":{"rendered":"Machine \u00e0 gla\u00e7ons de comptoir \u00e0 remplissage manuel Caterlite"},"content":{"rendered":"<p>Compacte et simple \u00e0 utiliser, et avec l&rsquo;avantage de ne pas n\u00e9cessiter de raccord permanent \u00e0 l&rsquo;eau, c&rsquo;est la machine \u00e0 gla\u00e7ons id\u00e9ale pour les comptoirs des petits \u00e9tablissements, traiteurs itin\u00e9rants et associations. Bac de stockage d&rsquo;un kilo. Utilisation peu intensive.<br \/>Bac \u00e0 gla\u00e7ons amovible et lavable pour une hygi\u00e8ne maximale. Ext\u00e9rieur en plastique antibact\u00e9rien facile \u00e0 nettoyer. Fen\u00eatre transparente permettant une surveillance simple du niveau de glace. R\u00e9f\u00e9rence soumise \u00e0 une Eco-participation mobilier de 1.19\u20ac par unit\u00e9 vendue. Les gla\u00e7ons en forme de balle \u00e0 croquer conviennent \u00e0 la plupart des boissons. Panneau de commande intuitif mont\u00e9 sur le dessus. Livr\u00e9 avec une pelle \u00e0 gla\u00e7ons pratique.Le design compact destin\u00e9 pour les comptoirs est facile \u00e0 positionner l\u00e0 o\u00f9 c&rsquo;est n\u00e9cessaire. Bac \u00e0 gla\u00e7ons amovible et lavable pour une hygi\u00e8ne maximale.<\/p>\n<p>Caract\u00e9ristiques :<br \/> Capacit\u00e9 : 1kg.<br \/> Dimensions : 315(H) x 244(L) x 373(P) mm.<br \/> Mati\u00e8re : Acier inoxydable et plastique.<br \/> Sortie : 120 W.<br \/> Fr\u00e9on : R600a.<br \/> Voltage : 230V.<br \/> Couleur : Acier inoxydable.<br \/> Temp\u00e9rature ambiante : 32 \u00b0C.<\/p>\n","protected":false},"excerpt":{"rendered":"<div><img decoding=\"async\" src=\"https:\/\/abinox-chr-clim.com\/wp-content\/uploads\/2024\/03\/abinox-garantie-1-an.webp\" width=\"150px\"\/><\/div>\n<p>Machine \u00e0 gla\u00e7ons de comptoir \u00e0 remplissage manuel Caterlite<\/p>\n","protected":false},"featured_media":85189,"comment_status":"closed","ping_status":"closed","template":"","meta":[],"product_brand":[],"product_cat":[1249,1253,1297],"product_tag":[],"class_list":{"0":"post-68895","1":"product","2":"type-product","3":"status-publish","4":"has-post-thumbnail","6":"product_cat-froid","7":"product_cat-machines-a-glacons-froid","8":"product_cat-non-palettisable","9":"product_shipping_class-free-shipping","11":"first","12":"outofstock","13":"featured","14":"taxable","15":"shipping-taxable","16":"purchasable","17":"product-type-simple"},"_links":{"self":[{"href":"https:\/\/abinox-chr-clim.com\/index.php\/wp-json\/wp\/v2\/product\/68895","targetHints":{"allow":["GET"]}}],"collection":[{"href":"https:\/\/abinox-chr-clim.com\/index.php\/wp-json\/wp\/v2\/product"}],"about":[{"href":"https:\/\/abinox-chr-clim.com\/index.php\/wp-json\/wp\/v2\/types\/product"}],"replies":[{"embeddable":true,"href":"https:\/\/abinox-chr-clim.com\/index.php\/wp-json\/wp\/v2\/comments?post=68895"}],"wp:featuredmedia":[{"embeddable":true,"href":"https:\/\/abinox-chr-clim.com\/index.php\/wp-json\/wp\/v2\/media\/85189"}],"wp:attachment":[{"href":"https:\/\/abinox-chr-clim.com\/index.php\/wp-json\/wp\/v2\/media?parent=68895"}],"wp:term":[{"taxonomy":"product_brand","embeddable":true,"href":"https:\/\/abinox-chr-clim.com\/index.php\/wp-json\/wp\/v2\/product_brand?post=68895"},{"taxonomy":"product_cat","embeddable":true,"href":"https:\/\/abinox-chr-clim.com\/index.php\/wp-json\/wp\/v2\/product_cat?post=68895"},{"taxonomy":"product_tag","embeddable":true,"href":"https:\/\/abinox-chr-clim.com\/index.php\/wp-json\/wp\/v2\/product_tag?post=68895"}],"curies":[{"name":"wp","href":"https:\/\/api.w.org\/{rel}","templated":true}]}}