{"id":68854,"date":"2024-03-22T16:18:09","date_gmt":"2024-03-22T15:18:09","guid":{"rendered":"https:\/\/abinox-chr-clim.com\/index.php\/product\/arriere-bar-4-portes-polar-serie-u\/"},"modified":"2026-04-14T09:53:14","modified_gmt":"2026-04-14T07:53:14","slug":"arriere-bar-4-portes-polar-serie-u","status":"publish","type":"product","link":"https:\/\/abinox-chr-clim.com\/index.php\/product\/arriere-bar-4-portes-polar-serie-u\/","title":{"rendered":"Arri\u00e8re-bar 4 portes Polar S\u00e9rie U"},"content":{"rendered":"<p>Le syst\u00e8me de refroidissement par air forc\u00e9 permet un retour rapide \u00e0 la temp\u00e9rature optimale apr\u00e8s ouverture des portes. Chaque unit\u00e9 est dot\u00e9e d&rsquo;un r\u00e9gulateur de temp\u00e9rature int\u00e9gr\u00e9 et d&rsquo;une fonction de d\u00e9givrage semi-automatique avec intervalle de temps pour un entretien minimal.<br \/>698L. Acier peint, portes en verre. Syst\u00e8me de refroidissement par air forc\u00e9. R\u00e9f\u00e9rence soumise \u00e0 une Eco-participation mobilier de 0.02\u20ac par unit\u00e9 vendue. D\u00e9givrage automatique. Panneau de commande num\u00e9rique intuitif avec affichage permanent. L&rsquo;\u00e9clairage int\u00e9rieur LED \u00e0 \u00e9conomie d&rsquo;\u00e9nergie met en valeur le contenu. Attention : si le serpentin du condenseur n&rsquo;est pas nettoy\u00e9 au moins 4 fois par an, l&rsquo;efficacit\u00e9 de l&rsquo;appareil diminuera consid\u00e9rablement. Afin de r\u00e9duire les d\u00e9chets alimentaires dus \u00e0 la d\u00e9composition ou \u00e0 la d\u00e9shydratation, cet appareil doit \u00eatre utilis\u00e9 dans sa plage de fonctionnement d\u00e9sign\u00e9e. Temp\u00e9rature optimale de conservation des aliments : 4\u00b0C. 8 \u00e9tag\u00e8res. 698L.<\/p>\n<p>Caract\u00e9ristiques :<br \/> Capacit\u00e9 : 698 L.<br \/> Dimensions : 860(H) x 2542(L) x 513(P) mm.<br \/> Mati\u00e8re : Acier et verre.<br \/> Fr\u00e9on : R600a.<br \/> Temp\u00e9rature : 2 \u00b0C \u00e0 8 \u00b0C.<br \/> Voltage : 230V.<br \/> Couleur : Noir.<br \/> Temp\u00e9rature ambiante : 32 \u00b0C.<br \/> Classe climatique : 4.<br \/> Classe \u00e9nerg\u00e9tique : C.<\/p>\n","protected":false},"excerpt":{"rendered":"<div><img decoding=\"async\" src=\"https:\/\/abinox-chr-clim.com\/wp-content\/uploads\/2024\/03\/abinox-garantie.webp\" width=\"400px\"\/><\/div>\n<p>Arri\u00e8re-bar 4 portes Polar S\u00e9rie U<\/p>\n","protected":false},"featured_media":85815,"comment_status":"closed","ping_status":"closed","template":"","meta":[],"product_brand":[],"product_cat":[1251,1249,1296],"product_tag":[],"class_list":{"0":"post-68854","1":"product","2":"type-product","3":"status-publish","4":"has-post-thumbnail","6":"product_cat-arriere-bars","7":"product_cat-froid","8":"product_cat-palettisable","10":"first","11":"instock","12":"featured","13":"taxable","14":"shipping-taxable","15":"purchasable","16":"product-type-simple"},"_links":{"self":[{"href":"https:\/\/abinox-chr-clim.com\/index.php\/wp-json\/wp\/v2\/product\/68854","targetHints":{"allow":["GET"]}}],"collection":[{"href":"https:\/\/abinox-chr-clim.com\/index.php\/wp-json\/wp\/v2\/product"}],"about":[{"href":"https:\/\/abinox-chr-clim.com\/index.php\/wp-json\/wp\/v2\/types\/product"}],"replies":[{"embeddable":true,"href":"https:\/\/abinox-chr-clim.com\/index.php\/wp-json\/wp\/v2\/comments?post=68854"}],"wp:featuredmedia":[{"embeddable":true,"href":"https:\/\/abinox-chr-clim.com\/index.php\/wp-json\/wp\/v2\/media\/85815"}],"wp:attachment":[{"href":"https:\/\/abinox-chr-clim.com\/index.php\/wp-json\/wp\/v2\/media?parent=68854"}],"wp:term":[{"taxonomy":"product_brand","embeddable":true,"href":"https:\/\/abinox-chr-clim.com\/index.php\/wp-json\/wp\/v2\/product_brand?post=68854"},{"taxonomy":"product_cat","embeddable":true,"href":"https:\/\/abinox-chr-clim.com\/index.php\/wp-json\/wp\/v2\/product_cat?post=68854"},{"taxonomy":"product_tag","embeddable":true,"href":"https:\/\/abinox-chr-clim.com\/index.php\/wp-json\/wp\/v2\/product_tag?post=68854"}],"curies":[{"name":"wp","href":"https:\/\/api.w.org\/{rel}","templated":true}]}}