{"id":68770,"date":"2024-03-22T16:15:31","date_gmt":"2024-03-22T15:15:31","guid":{"rendered":"https:\/\/abinox-chr-clim.com\/index.php\/product\/plaque-induction-wok-simple-lincat-silverlink-600-sli3w\/"},"modified":"2026-04-15T10:24:54","modified_gmt":"2026-04-15T08:24:54","slug":"plaque-induction-wok-simple-lincat-silverlink-600-sli3w","status":"publish","type":"product","link":"https:\/\/abinox-chr-clim.com\/index.php\/product\/plaque-induction-wok-simple-lincat-silverlink-600-sli3w\/","title":{"rendered":"Plaque induction wok simple Lincat Silverlink 600 SLI3W"},"content":{"rendered":"<p>Le profil fonctionnel et attrayant est parfait pour la cuisine ouverte en salle. Puissance \u00e9lev\u00e9e\u00a0: offre presque deux fois la puissance de cuisson d&rsquo;une plaque gaz de m\u00eame puissance. La fonction Boost fournit une puissance suppl\u00e9mentaire lorsque cela est le plus n\u00e9cessaire. Taille minimale de l&rsquo;ustensile de cuisson\u00a0: 120\u00a0mm (avant) &#8211; 180\u00a0mm (arri\u00e8re). Appareil portable avec prise \u00e9lectrique &#8211; facile \u00e0 d\u00e9placer dans la cuisine et id\u00e9al pour la restauration \u00e9v\u00e9nementielle. La fonction de d\u00e9tection de casserole coupe l&rsquo;alimentation lorsqu&rsquo;aucune casserole n&rsquo;est pos\u00e9e sur le plaque &#8211; prot\u00e8ge les utilisateurs et les ustensiles tout en \u00e9conomisant de l&rsquo;\u00e9nergie.La fonction de pr\u00e9chauffage automatique passe \u00e0 un niveau de puissance pr\u00e9d\u00e9fini apr\u00e8s un chauffage \u00e0 pleine puissance. La surface en vitroc\u00e9ramique Schott Ceran de 6 mm d&rsquo;\u00e9paisseur est facile \u00e0 nettoyer et r\u00e9sistante aux chocs. Filtre facile \u00e0 changer int\u00e9gr\u00e9 \u00e0 la base de l&rsquo;appareil. Puissant ventilateur de refroidissement interne et protection contre la surchauffe pour une longue dur\u00e9e de vie. Ne convient pas au montage sur les socles Silverlink 600 HC\/HCL ou les fours V. Con\u00e7ue pour les woks \u00e0 fond rond de 330 mm tels que le GJ495. Le profil fonctionnel et attrayant est parfait pour la cuisine ouverte en salle.<\/p>\n<p>Caract\u00e9ristiques :<br \/> Dimensions : 290(H) x 450(L) x 600(P) mm.<br \/> Mati\u00e8re : Inox 304.<br \/> Sortie : 2.4kW.<br \/> Temp\u00e9rature : 0\u00b0C \u00e0 190\u00b0C.<br \/> Voltage : 230V.<br \/> Couleur : Acier inoxydable et noir.<\/p>\n","protected":false},"excerpt":{"rendered":"<p>Plaque induction wok simple Lincat Silverlink 600 SLI3W<\/p>\n","protected":false},"featured_media":101928,"comment_status":"closed","ping_status":"closed","template":"","meta":[],"product_brand":[],"product_cat":[1277,1297],"product_tag":[],"class_list":{"0":"post-68770","1":"product","2":"type-product","3":"status-publish","4":"has-post-thumbnail","6":"product_cat-divers-principal","7":"product_cat-non-palettisable","8":"product_shipping_class-free-shipping","10":"first","11":"instock","12":"featured","13":"taxable","14":"shipping-taxable","15":"purchasable","16":"product-type-simple"},"_links":{"self":[{"href":"https:\/\/abinox-chr-clim.com\/index.php\/wp-json\/wp\/v2\/product\/68770","targetHints":{"allow":["GET"]}}],"collection":[{"href":"https:\/\/abinox-chr-clim.com\/index.php\/wp-json\/wp\/v2\/product"}],"about":[{"href":"https:\/\/abinox-chr-clim.com\/index.php\/wp-json\/wp\/v2\/types\/product"}],"replies":[{"embeddable":true,"href":"https:\/\/abinox-chr-clim.com\/index.php\/wp-json\/wp\/v2\/comments?post=68770"}],"wp:featuredmedia":[{"embeddable":true,"href":"https:\/\/abinox-chr-clim.com\/index.php\/wp-json\/wp\/v2\/media\/101928"}],"wp:attachment":[{"href":"https:\/\/abinox-chr-clim.com\/index.php\/wp-json\/wp\/v2\/media?parent=68770"}],"wp:term":[{"taxonomy":"product_brand","embeddable":true,"href":"https:\/\/abinox-chr-clim.com\/index.php\/wp-json\/wp\/v2\/product_brand?post=68770"},{"taxonomy":"product_cat","embeddable":true,"href":"https:\/\/abinox-chr-clim.com\/index.php\/wp-json\/wp\/v2\/product_cat?post=68770"},{"taxonomy":"product_tag","embeddable":true,"href":"https:\/\/abinox-chr-clim.com\/index.php\/wp-json\/wp\/v2\/product_tag?post=68770"}],"curies":[{"name":"wp","href":"https:\/\/api.w.org\/{rel}","templated":true}]}}