{"id":68764,"date":"2024-03-22T16:15:30","date_gmt":"2024-03-22T15:15:30","guid":{"rendered":"https:\/\/abinox-chr-clim.com\/index.php\/product\/support-mobile-pour-vitrine-refrigeree-de-comptoir-a-poisson-polar-serie-g-175l\/"},"modified":"2025-07-10T11:33:36","modified_gmt":"2025-07-10T09:33:36","slug":"support-mobile-pour-vitrine-refrigeree-de-comptoir-a-poisson-polar-serie-g-175l","status":"publish","type":"product","link":"https:\/\/abinox-chr-clim.com\/index.php\/product\/support-mobile-pour-vitrine-refrigeree-de-comptoir-a-poisson-polar-serie-g-175l\/","title":{"rendered":"Support mobile pour vitrine r\u00e9frig\u00e9r\u00e9e de comptoir \u00e0 poisson Polar S\u00e9rie G 175L"},"content":{"rendered":"<p>Socle solide pour GE960.<br \/>Construction en acier solide et facile \u00e0 nettoyer. Facile \u00e0 installer avec la vitrine \u00e0 poissons de comptoir Polar. Fourni avec des roulettes pour un positionnement facile.  Livr\u00e9 en kit &#8211; assemblage facile. Construction en acier solide et facile \u00e0 nettoyer.<\/p>\n<p>Caract\u00e9ristiques :<br \/> Dimensions : 560(H) x 670(L) x 750(P) mm.<br \/> Mati\u00e8re : Fer.<br \/> Voltage : 220-240V.<br \/> Couleur : Blanc.<\/p>\n","protected":false},"excerpt":{"rendered":"<p>Support mobile pour vitrine r\u00e9frig\u00e9r\u00e9e de comptoir \u00e0 poisson Polar S\u00e9rie G 175L<\/p>\n","protected":false},"featured_media":101366,"comment_status":"closed","ping_status":"closed","template":"","meta":[],"product_brand":[],"product_cat":[1277,1296],"product_tag":[],"class_list":{"0":"post-68764","1":"product","2":"type-product","3":"status-publish","4":"has-post-thumbnail","6":"product_cat-divers-principal","7":"product_cat-palettisable","9":"first","10":"outofstock","11":"featured","12":"taxable","13":"shipping-taxable","14":"purchasable","15":"product-type-simple"},"_links":{"self":[{"href":"https:\/\/abinox-chr-clim.com\/index.php\/wp-json\/wp\/v2\/product\/68764","targetHints":{"allow":["GET"]}}],"collection":[{"href":"https:\/\/abinox-chr-clim.com\/index.php\/wp-json\/wp\/v2\/product"}],"about":[{"href":"https:\/\/abinox-chr-clim.com\/index.php\/wp-json\/wp\/v2\/types\/product"}],"replies":[{"embeddable":true,"href":"https:\/\/abinox-chr-clim.com\/index.php\/wp-json\/wp\/v2\/comments?post=68764"}],"wp:featuredmedia":[{"embeddable":true,"href":"https:\/\/abinox-chr-clim.com\/index.php\/wp-json\/wp\/v2\/media\/101366"}],"wp:attachment":[{"href":"https:\/\/abinox-chr-clim.com\/index.php\/wp-json\/wp\/v2\/media?parent=68764"}],"wp:term":[{"taxonomy":"product_brand","embeddable":true,"href":"https:\/\/abinox-chr-clim.com\/index.php\/wp-json\/wp\/v2\/product_brand?post=68764"},{"taxonomy":"product_cat","embeddable":true,"href":"https:\/\/abinox-chr-clim.com\/index.php\/wp-json\/wp\/v2\/product_cat?post=68764"},{"taxonomy":"product_tag","embeddable":true,"href":"https:\/\/abinox-chr-clim.com\/index.php\/wp-json\/wp\/v2\/product_tag?post=68764"}],"curies":[{"name":"wp","href":"https:\/\/api.w.org\/{rel}","templated":true}]}}