{"id":68763,"date":"2024-03-22T16:15:29","date_gmt":"2024-03-22T15:15:29","guid":{"rendered":"https:\/\/abinox-chr-clim.com\/index.php\/product\/climatiseur-portable-serie-g-polar\/"},"modified":"2026-04-15T10:20:19","modified_gmt":"2026-04-15T08:20:19","slug":"climatiseur-portable-serie-g-polar","status":"publish","type":"product","link":"https:\/\/abinox-chr-clim.com\/index.php\/product\/climatiseur-portable-serie-g-polar\/","title":{"rendered":"Climatiseur portable S\u00e9rie G Polar"},"content":{"rendered":"<p>Maintient de mani\u00e8re fiable les pi\u00e8ces \u00e0 une temp\u00e9rature confortable. Peut rafra\u00eechir ou chauffer. Facile \u00e0 utiliser et \u00e0 entretenir.<br \/>Commandes \u00e0 \u00e9cran tactile conviviales. Construction ABS durable et facile \u00e0 nettoyer. Refroidissement puissant &#8211; jusqu&rsquo;\u00e0 12 000 BTU couvrant des pi\u00e8ces jusqu&rsquo;\u00e0 26m\u00b2. R\u00e9f\u00e9rence soumise \u00e0 une Eco-participation mobilier de 1.47\u20ac par unit\u00e9 vendue. Le filtre amovible assure une bonne qualit\u00e9 de l&rsquo;air. N\u00e9cessite une ventilation externe &#8211; fourni avec tuyau d&rsquo;\u00e9vacuation et kit de fen\u00eatre. Design \u00e9l\u00e9gant &#8211; peut \u00eatre utilis\u00e9 partout. Classe \u00e9nerg\u00e9tique : A.Polyvalent &#8211; 3 vitesses de ventilation avec modes chauffage, refroidissement et s\u00e9chage. Commandes \u00e0 \u00e9cran tactile conviviales.<\/p>\n<p>Caract\u00e9ristiques :<br \/> Mati\u00e8re : .<br \/> Couleur : Blanc.<br \/> Classe \u00e9nerg\u00e9tique : A.<\/p>\n","protected":false},"excerpt":{"rendered":"<p>Climatiseur portable S\u00e9rie G Polar<\/p>\n","protected":false},"featured_media":101359,"comment_status":"closed","ping_status":"closed","template":"","meta":[],"product_brand":[],"product_cat":[1277,1296],"product_tag":[],"class_list":{"0":"post-68763","1":"product","2":"type-product","3":"status-publish","4":"has-post-thumbnail","6":"product_cat-divers-principal","7":"product_cat-palettisable","9":"first","10":"outofstock","11":"featured","12":"taxable","13":"shipping-taxable","14":"purchasable","15":"product-type-simple"},"_links":{"self":[{"href":"https:\/\/abinox-chr-clim.com\/index.php\/wp-json\/wp\/v2\/product\/68763","targetHints":{"allow":["GET"]}}],"collection":[{"href":"https:\/\/abinox-chr-clim.com\/index.php\/wp-json\/wp\/v2\/product"}],"about":[{"href":"https:\/\/abinox-chr-clim.com\/index.php\/wp-json\/wp\/v2\/types\/product"}],"replies":[{"embeddable":true,"href":"https:\/\/abinox-chr-clim.com\/index.php\/wp-json\/wp\/v2\/comments?post=68763"}],"wp:featuredmedia":[{"embeddable":true,"href":"https:\/\/abinox-chr-clim.com\/index.php\/wp-json\/wp\/v2\/media\/101359"}],"wp:attachment":[{"href":"https:\/\/abinox-chr-clim.com\/index.php\/wp-json\/wp\/v2\/media?parent=68763"}],"wp:term":[{"taxonomy":"product_brand","embeddable":true,"href":"https:\/\/abinox-chr-clim.com\/index.php\/wp-json\/wp\/v2\/product_brand?post=68763"},{"taxonomy":"product_cat","embeddable":true,"href":"https:\/\/abinox-chr-clim.com\/index.php\/wp-json\/wp\/v2\/product_cat?post=68763"},{"taxonomy":"product_tag","embeddable":true,"href":"https:\/\/abinox-chr-clim.com\/index.php\/wp-json\/wp\/v2\/product_tag?post=68763"}],"curies":[{"name":"wp","href":"https:\/\/api.w.org\/{rel}","templated":true}]}}