{"id":68762,"date":"2024-03-22T16:15:29","date_gmt":"2024-03-22T15:15:29","guid":{"rendered":"https:\/\/abinox-chr-clim.com\/index.php\/product\/poster-reglementation-code-couleur-hygiplas\/"},"modified":"2026-04-15T10:18:19","modified_gmt":"2026-04-15T08:18:19","slug":"poster-reglementation-code-couleur-hygiplas","status":"publish","type":"product","link":"https:\/\/abinox-chr-clim.com\/index.php\/product\/poster-reglementation-code-couleur-hygiplas\/","title":{"rendered":"Poster r\u00e9glementation code couleur Hygiplas"},"content":{"rendered":"<p>Conforme \u00e0 toutes les r\u00e9glementations d&rsquo;hygi\u00e8ne. Conforme \u00e0 toutes les r\u00e9glementations d&rsquo;hygi\u00e8ne. .<br \/> Caract\u00e9ristiques :<br \/> Mati\u00e8re : PVC<\/p>\n","protected":false},"excerpt":{"rendered":"<p>Poster r\u00e9glementation code couleur Hygiplas<\/p>\n","protected":false},"featured_media":101115,"comment_status":"closed","ping_status":"closed","template":"","meta":[],"product_brand":[],"product_cat":[1277,1297],"product_tag":[],"class_list":{"0":"post-68762","1":"product","2":"type-product","3":"status-publish","4":"has-post-thumbnail","6":"product_cat-divers-principal","7":"product_cat-non-palettisable","8":"product_shipping_class-free-shipping","10":"first","11":"instock","12":"featured","13":"taxable","14":"shipping-taxable","15":"purchasable","16":"product-type-simple"},"_links":{"self":[{"href":"https:\/\/abinox-chr-clim.com\/index.php\/wp-json\/wp\/v2\/product\/68762","targetHints":{"allow":["GET"]}}],"collection":[{"href":"https:\/\/abinox-chr-clim.com\/index.php\/wp-json\/wp\/v2\/product"}],"about":[{"href":"https:\/\/abinox-chr-clim.com\/index.php\/wp-json\/wp\/v2\/types\/product"}],"replies":[{"embeddable":true,"href":"https:\/\/abinox-chr-clim.com\/index.php\/wp-json\/wp\/v2\/comments?post=68762"}],"wp:featuredmedia":[{"embeddable":true,"href":"https:\/\/abinox-chr-clim.com\/index.php\/wp-json\/wp\/v2\/media\/101115"}],"wp:attachment":[{"href":"https:\/\/abinox-chr-clim.com\/index.php\/wp-json\/wp\/v2\/media?parent=68762"}],"wp:term":[{"taxonomy":"product_brand","embeddable":true,"href":"https:\/\/abinox-chr-clim.com\/index.php\/wp-json\/wp\/v2\/product_brand?post=68762"},{"taxonomy":"product_cat","embeddable":true,"href":"https:\/\/abinox-chr-clim.com\/index.php\/wp-json\/wp\/v2\/product_cat?post=68762"},{"taxonomy":"product_tag","embeddable":true,"href":"https:\/\/abinox-chr-clim.com\/index.php\/wp-json\/wp\/v2\/product_tag?post=68762"}],"curies":[{"name":"wp","href":"https:\/\/api.w.org\/{rel}","templated":true}]}}