{"id":68757,"date":"2024-03-22T16:15:28","date_gmt":"2024-03-22T15:15:28","guid":{"rendered":"https:\/\/abinox-chr-clim.com\/index.php\/product\/attendrisseur-a-viande-diamant-sabatier-21cm\/"},"modified":"2025-06-30T11:49:54","modified_gmt":"2025-06-30T09:49:54","slug":"attendrisseur-a-viande-diamant-sabatier-21cm","status":"publish","type":"product","link":"https:\/\/abinox-chr-clim.com\/index.php\/product\/attendrisseur-a-viande-diamant-sabatier-21cm\/","title":{"rendered":"Attendrisseur \u00e0 viande Diamant Sabatier 21cm"},"content":{"rendered":"<p>Enti\u00e8rement en aluminium.<br \/>Un c\u00f4t\u00e9 lisse, l&rsquo;autre avec des picots.Con\u00e7u pour bien aplatir la viande et\/ou la rendre beaucoup plus tendre. Un rapport poids parfait pour bien frapper la viande. 5 ans de garantie. Fonctionnel et professionnel.Un c\u00f4t\u00e9 lisse, l&rsquo;autre avec des picots.<\/p>\n","protected":false},"excerpt":{"rendered":"<p>Attendrisseur \u00e0 viande Diamant Sabatier 21cm<\/p>\n","protected":false},"featured_media":101035,"comment_status":"closed","ping_status":"closed","template":"","meta":[],"product_brand":[],"product_cat":[1277,1297],"product_tag":[],"class_list":{"0":"post-68757","1":"product","2":"type-product","3":"status-publish","4":"has-post-thumbnail","6":"product_cat-divers-principal","7":"product_cat-non-palettisable","8":"product_shipping_class-free-shipping","10":"first","11":"outofstock","12":"featured","13":"taxable","14":"shipping-taxable","15":"purchasable","16":"product-type-simple"},"_links":{"self":[{"href":"https:\/\/abinox-chr-clim.com\/index.php\/wp-json\/wp\/v2\/product\/68757","targetHints":{"allow":["GET"]}}],"collection":[{"href":"https:\/\/abinox-chr-clim.com\/index.php\/wp-json\/wp\/v2\/product"}],"about":[{"href":"https:\/\/abinox-chr-clim.com\/index.php\/wp-json\/wp\/v2\/types\/product"}],"replies":[{"embeddable":true,"href":"https:\/\/abinox-chr-clim.com\/index.php\/wp-json\/wp\/v2\/comments?post=68757"}],"wp:featuredmedia":[{"embeddable":true,"href":"https:\/\/abinox-chr-clim.com\/index.php\/wp-json\/wp\/v2\/media\/101035"}],"wp:attachment":[{"href":"https:\/\/abinox-chr-clim.com\/index.php\/wp-json\/wp\/v2\/media?parent=68757"}],"wp:term":[{"taxonomy":"product_brand","embeddable":true,"href":"https:\/\/abinox-chr-clim.com\/index.php\/wp-json\/wp\/v2\/product_brand?post=68757"},{"taxonomy":"product_cat","embeddable":true,"href":"https:\/\/abinox-chr-clim.com\/index.php\/wp-json\/wp\/v2\/product_cat?post=68757"},{"taxonomy":"product_tag","embeddable":true,"href":"https:\/\/abinox-chr-clim.com\/index.php\/wp-json\/wp\/v2\/product_tag?post=68757"}],"curies":[{"name":"wp","href":"https:\/\/api.w.org\/{rel}","templated":true}]}}