{"id":68749,"date":"2024-03-22T16:15:26","date_gmt":"2024-03-22T15:15:26","guid":{"rendered":"https:\/\/abinox-chr-clim.com\/index.php\/product\/pied-de-table-en-fonte-bolero-gris\/"},"modified":"2026-04-14T10:40:05","modified_gmt":"2026-04-14T08:40:05","slug":"pied-de-table-en-fonte-bolero-gris","status":"publish","type":"product","link":"https:\/\/abinox-chr-clim.com\/index.php\/product\/pied-de-table-en-fonte-bolero-gris\/","title":{"rendered":"Pied de table en fonte Bolero gris"},"content":{"rendered":"<p>Pied de table en fonte de style brasserie, d\u00e9cor\u00e9 et fonctionnel. Conception robuste offrant une base incroyablement fiable et stable, id\u00e9ale pour les patios, jardins et espaces ext\u00e9rieurs des restaurants, caf\u00e9s et bistros. Pied lest\u00e9 pour rester bien en place, tr\u00e8s durable et con\u00e7u pour s&rsquo;adapter aux gammes de plateaux pr\u00e9-perc\u00e9s Bolero et Werzalit.<br \/>La construction en fonte offre un excellent poids pour emp\u00eacher votre table de basculer. La fonte offre \u00e9galement une excellente durabilit\u00e9. La couleur grise ajoute de l&rsquo;\u00e9l\u00e9gance \u00e0 vos espaces de restauration. R\u00e9f\u00e9rence soumise \u00e0 une Eco-participation mobilier de 0.52\u20ac par unit\u00e9 vendue. L&rsquo;auto-assemblage facile vous permet d&rsquo;avoir vos tables mont\u00e9es, pr\u00eates \u00e0 l&#8217;emploi en un rien de temps. Les pieds r\u00e9glables permettent de stabiliser vos tables pour plus de s\u00e9curit\u00e9. Convient pour une utilisation en int\u00e9rieur et ext\u00e9rieur. Pied de table de hauteur standard, parfaite pour les repas.Convient pour une utilisation avec des plateaux de table jusqu&rsquo;\u00e0 800 mm de large. La construction en fonte offre un excellent poids pour emp\u00eacher votre table de basculer.<\/p>\n<p>Caract\u00e9ristiques :<br \/> Dimensions : 720(H) x 611(L) x 611(P) mm.<br \/> Mati\u00e8re : .<br \/> Couleur : Gris.<\/p>\n","protected":false},"excerpt":{"rendered":"<p>Pied de table en fonte Bolero gris<\/p>\n","protected":false},"featured_media":100919,"comment_status":"closed","ping_status":"closed","template":"","meta":[],"product_brand":[],"product_cat":[1277,1297],"product_tag":[],"class_list":{"0":"post-68749","1":"product","2":"type-product","3":"status-publish","4":"has-post-thumbnail","6":"product_cat-divers-principal","7":"product_cat-non-palettisable","8":"product_shipping_class-free-shipping","10":"first","11":"instock","12":"featured","13":"taxable","14":"shipping-taxable","15":"purchasable","16":"product-type-simple"},"_links":{"self":[{"href":"https:\/\/abinox-chr-clim.com\/index.php\/wp-json\/wp\/v2\/product\/68749","targetHints":{"allow":["GET"]}}],"collection":[{"href":"https:\/\/abinox-chr-clim.com\/index.php\/wp-json\/wp\/v2\/product"}],"about":[{"href":"https:\/\/abinox-chr-clim.com\/index.php\/wp-json\/wp\/v2\/types\/product"}],"replies":[{"embeddable":true,"href":"https:\/\/abinox-chr-clim.com\/index.php\/wp-json\/wp\/v2\/comments?post=68749"}],"wp:featuredmedia":[{"embeddable":true,"href":"https:\/\/abinox-chr-clim.com\/index.php\/wp-json\/wp\/v2\/media\/100919"}],"wp:attachment":[{"href":"https:\/\/abinox-chr-clim.com\/index.php\/wp-json\/wp\/v2\/media?parent=68749"}],"wp:term":[{"taxonomy":"product_brand","embeddable":true,"href":"https:\/\/abinox-chr-clim.com\/index.php\/wp-json\/wp\/v2\/product_brand?post=68749"},{"taxonomy":"product_cat","embeddable":true,"href":"https:\/\/abinox-chr-clim.com\/index.php\/wp-json\/wp\/v2\/product_cat?post=68749"},{"taxonomy":"product_tag","embeddable":true,"href":"https:\/\/abinox-chr-clim.com\/index.php\/wp-json\/wp\/v2\/product_tag?post=68749"}],"curies":[{"name":"wp","href":"https:\/\/api.w.org\/{rel}","templated":true}]}}