{"id":68745,"date":"2024-03-22T16:15:24","date_gmt":"2024-03-22T15:15:24","guid":{"rendered":"https:\/\/abinox-chr-clim.com\/index.php\/product\/balance-de-cuisine-numerique-double-plateforme-taylor-pro-5kg-500g\/"},"modified":"2026-04-14T10:49:49","modified_gmt":"2026-04-14T08:49:49","slug":"balance-de-cuisine-numerique-double-plateforme-taylor-pro-5kg-500g","status":"publish","type":"product","link":"https:\/\/abinox-chr-clim.com\/index.php\/product\/balance-de-cuisine-numerique-double-plateforme-taylor-pro-5kg-500g\/","title":{"rendered":"Balance de cuisine num\u00e9rique double plateforme Taylor Pro 5kg\/500g"},"content":{"rendered":"<p>Plateforme 1 : Capacit\u00e9 maximale de 5 kg, 5 000 ml (1 g, 0,1 oz, incr\u00e9ments de 1 ml) Plateforme 2 : Capacit\u00e9 maximale 500 g (0,01 g, incr\u00e9ments de 0,001 oz). Pour peser deux charges en m\u00eame temps. Fonctionnement avec 2 piles AAA (non incluses). Les balances peuvent \u00eatre essuy\u00e9es uniquement. Plateforme 1 : Capacit\u00e9 maximale de 5 kg, 5 000 ml (1 g, 0,1 oz, incr\u00e9ments de 1 ml) Plateforme 2 : Capacit\u00e9 maximale 500 g (0,01 g, incr\u00e9ments de 0,001 oz).<\/p>\n<p>Caract\u00e9ristiques :<br \/> Dimensions : 25(H) x 270(L) x 185(P) mm.<br \/> Mati\u00e8re : Inox.<br \/> Couleur : Argent.<\/p>\n","protected":false},"excerpt":{"rendered":"<p>Balance de cuisine num\u00e9rique double plateforme Taylor Pro 5kg\/500g<\/p>\n","protected":false},"featured_media":100893,"comment_status":"closed","ping_status":"closed","template":"","meta":[],"product_brand":[],"product_cat":[1277,1297],"product_tag":[],"class_list":{"0":"post-68745","1":"product","2":"type-product","3":"status-publish","4":"has-post-thumbnail","6":"product_cat-divers-principal","7":"product_cat-non-palettisable","8":"product_shipping_class-free-shipping","10":"first","11":"instock","12":"featured","13":"taxable","14":"shipping-taxable","15":"purchasable","16":"product-type-simple"},"_links":{"self":[{"href":"https:\/\/abinox-chr-clim.com\/index.php\/wp-json\/wp\/v2\/product\/68745","targetHints":{"allow":["GET"]}}],"collection":[{"href":"https:\/\/abinox-chr-clim.com\/index.php\/wp-json\/wp\/v2\/product"}],"about":[{"href":"https:\/\/abinox-chr-clim.com\/index.php\/wp-json\/wp\/v2\/types\/product"}],"replies":[{"embeddable":true,"href":"https:\/\/abinox-chr-clim.com\/index.php\/wp-json\/wp\/v2\/comments?post=68745"}],"wp:featuredmedia":[{"embeddable":true,"href":"https:\/\/abinox-chr-clim.com\/index.php\/wp-json\/wp\/v2\/media\/100893"}],"wp:attachment":[{"href":"https:\/\/abinox-chr-clim.com\/index.php\/wp-json\/wp\/v2\/media?parent=68745"}],"wp:term":[{"taxonomy":"product_brand","embeddable":true,"href":"https:\/\/abinox-chr-clim.com\/index.php\/wp-json\/wp\/v2\/product_brand?post=68745"},{"taxonomy":"product_cat","embeddable":true,"href":"https:\/\/abinox-chr-clim.com\/index.php\/wp-json\/wp\/v2\/product_cat?post=68745"},{"taxonomy":"product_tag","embeddable":true,"href":"https:\/\/abinox-chr-clim.com\/index.php\/wp-json\/wp\/v2\/product_tag?post=68745"}],"curies":[{"name":"wp","href":"https:\/\/api.w.org\/{rel}","templated":true}]}}