{"id":68733,"date":"2024-03-22T16:15:20","date_gmt":"2024-03-22T15:15:20","guid":{"rendered":"https:\/\/abinox-chr-clim.com\/index.php\/product\/marmite-tradition-matfer-bourgeat-34l\/"},"modified":"2026-04-14T10:43:30","modified_gmt":"2026-04-14T08:43:30","slug":"marmite-tradition-matfer-bourgeat-34l","status":"publish","type":"product","link":"https:\/\/abinox-chr-clim.com\/index.php\/product\/marmite-tradition-matfer-bourgeat-34l\/","title":{"rendered":"Marmite Tradition Matfer Bourgeat 34L"},"content":{"rendered":"<p>Corps en acier inoxydable tr\u00e8s \u00e9pais, compatible tous feux. Fond diffuseur en aluminium \u00e0 m\u00e9moire de forme pour une parfaite plan\u00e9it\u00e9. Renfort ultra \u00e9pais des bords sup\u00e9rieurs et inf\u00e9rieurs. Bords renforc\u00e9 \u00ab verse-franc \u00bb. Montures \u00bffroides\u00bf soud\u00e9es en tube inox. Garantie 1 an.  Corps en acier inoxydable tr\u00e8s \u00e9pais, compatible tous feux.<\/p>\n<p>Caract\u00e9ristiques :<br \/> Capacit\u00e9 : 34 L.<br \/> Dimensions : 409(H) x 400(\u00d8) mm.<br \/> Mati\u00e8re : Inox.<br \/> Couleur : Argent.<\/p>\n","protected":false},"excerpt":{"rendered":"<p>Marmite Tradition Matfer Bourgeat 34L<\/p>\n","protected":false},"featured_media":94529,"comment_status":"closed","ping_status":"closed","template":"","meta":[],"product_brand":[],"product_cat":[1277,1297],"product_tag":[],"class_list":{"0":"post-68733","1":"product","2":"type-product","3":"status-publish","4":"has-post-thumbnail","6":"product_cat-divers-principal","7":"product_cat-non-palettisable","8":"product_shipping_class-free-shipping","10":"first","11":"outofstock","12":"featured","13":"taxable","14":"shipping-taxable","15":"purchasable","16":"product-type-simple"},"_links":{"self":[{"href":"https:\/\/abinox-chr-clim.com\/index.php\/wp-json\/wp\/v2\/product\/68733","targetHints":{"allow":["GET"]}}],"collection":[{"href":"https:\/\/abinox-chr-clim.com\/index.php\/wp-json\/wp\/v2\/product"}],"about":[{"href":"https:\/\/abinox-chr-clim.com\/index.php\/wp-json\/wp\/v2\/types\/product"}],"replies":[{"embeddable":true,"href":"https:\/\/abinox-chr-clim.com\/index.php\/wp-json\/wp\/v2\/comments?post=68733"}],"wp:featuredmedia":[{"embeddable":true,"href":"https:\/\/abinox-chr-clim.com\/index.php\/wp-json\/wp\/v2\/media\/94529"}],"wp:attachment":[{"href":"https:\/\/abinox-chr-clim.com\/index.php\/wp-json\/wp\/v2\/media?parent=68733"}],"wp:term":[{"taxonomy":"product_brand","embeddable":true,"href":"https:\/\/abinox-chr-clim.com\/index.php\/wp-json\/wp\/v2\/product_brand?post=68733"},{"taxonomy":"product_cat","embeddable":true,"href":"https:\/\/abinox-chr-clim.com\/index.php\/wp-json\/wp\/v2\/product_cat?post=68733"},{"taxonomy":"product_tag","embeddable":true,"href":"https:\/\/abinox-chr-clim.com\/index.php\/wp-json\/wp\/v2\/product_tag?post=68733"}],"curies":[{"name":"wp","href":"https:\/\/api.w.org\/{rel}","templated":true}]}}