{"id":68716,"date":"2024-03-22T16:15:15","date_gmt":"2024-03-22T15:15:15","guid":{"rendered":"https:\/\/abinox-chr-clim.com\/index.php\/product\/set-bbq-16-pieces-viners\/"},"modified":"2025-06-17T11:31:23","modified_gmt":"2025-06-17T09:31:23","slug":"set-bbq-16-pieces-viners","status":"publish","type":"product","link":"https:\/\/abinox-chr-clim.com\/index.php\/product\/set-bbq-16-pieces-viners\/","title":{"rendered":"Set BBQ 16 pi\u00e8ces Viners"},"content":{"rendered":"<p>Set en acier inoxydable bross\u00e9 avec des poign\u00e9es brillantes. Passe au lave-vaisselle. L&rsquo;ensemble comprend 1 spatule de 33 cm, 1 fourchette de 33 cm, 1 pince de 29 cm, 1 brosse m\u00e9tallique de 31 cm, 8 fourchettes \u00e0 ma\u00efs de 6 cm et 4 brochettes de 25 cm, le tout rang\u00e9 dans un sac en nylon avec des poign\u00e9es de transport ; sac \u00e0 double usage qui se transforme en tablier.<br \/>1 spatule de 33 cm, 1 fourchette de 33 cm, 1 pince de 29 cm, 1 brosse m\u00e9tallique de 31 cm, 8 fourchettes \u00e0 ma\u00efs de 6 cm et 4 brochettes de 25 cm. Set rang\u00e9 dans un sac en nylon avec poign\u00e9es de transport ; sac \u00e0 double usage qui se transforme en tablier.Fabriqu\u00e9s en acier inoxydable de qualit\u00e9 sup\u00e9rieure, ces ustensiles de barbecue sont con\u00e7us pour cuisiner en plein air. L&rsquo;ensemble durable est r\u00e9sistant \u00e0 la rouille et peut \u00eatre nettoy\u00e9 au lave-vaisselle. Laver avant la premi\u00e8re utilisation.  1 spatule de 33 cm, 1 fourchette de 33 cm, 1 pince de 29 cm, 1 brosse m\u00e9tallique de 31 cm, 8 fourchettes \u00e0 ma\u00efs de 6 cm et 4 brochettes de 25 cm. Set rang\u00e9 dans un sac en nylon avec poign\u00e9es de transport ; sac \u00e0 double usage qui se transforme en tablier.<\/p>\n<p>Caract\u00e9ristiques :<br \/> Mati\u00e8re : Inox.<br \/> Couleur : Argent.<\/p>\n","protected":false},"excerpt":{"rendered":"<p>Set BBQ 16 pi\u00e8ces Viners<\/p>\n","protected":false},"featured_media":92541,"comment_status":"closed","ping_status":"closed","template":"","meta":[],"product_brand":[],"product_cat":[1277,1297],"product_tag":[],"class_list":{"0":"post-68716","1":"product","2":"type-product","3":"status-publish","4":"has-post-thumbnail","6":"product_cat-divers-principal","7":"product_cat-non-palettisable","8":"product_shipping_class-free-shipping","10":"first","11":"outofstock","12":"featured","13":"taxable","14":"shipping-taxable","15":"purchasable","16":"product-type-simple"},"_links":{"self":[{"href":"https:\/\/abinox-chr-clim.com\/index.php\/wp-json\/wp\/v2\/product\/68716","targetHints":{"allow":["GET"]}}],"collection":[{"href":"https:\/\/abinox-chr-clim.com\/index.php\/wp-json\/wp\/v2\/product"}],"about":[{"href":"https:\/\/abinox-chr-clim.com\/index.php\/wp-json\/wp\/v2\/types\/product"}],"replies":[{"embeddable":true,"href":"https:\/\/abinox-chr-clim.com\/index.php\/wp-json\/wp\/v2\/comments?post=68716"}],"wp:featuredmedia":[{"embeddable":true,"href":"https:\/\/abinox-chr-clim.com\/index.php\/wp-json\/wp\/v2\/media\/92541"}],"wp:attachment":[{"href":"https:\/\/abinox-chr-clim.com\/index.php\/wp-json\/wp\/v2\/media?parent=68716"}],"wp:term":[{"taxonomy":"product_brand","embeddable":true,"href":"https:\/\/abinox-chr-clim.com\/index.php\/wp-json\/wp\/v2\/product_brand?post=68716"},{"taxonomy":"product_cat","embeddable":true,"href":"https:\/\/abinox-chr-clim.com\/index.php\/wp-json\/wp\/v2\/product_cat?post=68716"},{"taxonomy":"product_tag","embeddable":true,"href":"https:\/\/abinox-chr-clim.com\/index.php\/wp-json\/wp\/v2\/product_tag?post=68716"}],"curies":[{"name":"wp","href":"https:\/\/api.w.org\/{rel}","templated":true}]}}