{"id":68703,"date":"2024-03-22T16:15:07","date_gmt":"2024-03-22T15:15:07","guid":{"rendered":"https:\/\/abinox-chr-clim.com\/index.php\/product\/aide-a-la-formation-professionnelle-de-bar-pro-pour-beaumont\/"},"modified":"2025-06-30T11:45:11","modified_gmt":"2025-06-30T09:45:11","slug":"aide-a-la-formation-professionnelle-de-bar-pro-pour-beaumont","status":"publish","type":"product","link":"https:\/\/abinox-chr-clim.com\/index.php\/product\/aide-a-la-formation-professionnelle-de-bar-pro-pour-beaumont\/","title":{"rendered":"Aide \u00e0 la formation professionnelle de bar Pro-Pour Beaumont"},"content":{"rendered":"<p>Pour former plus facilement le personnel de bar \u00e0 la technique de mesure pr\u00e9cise. Pr\u00e9cision v\u00e9rifiable. Plusieurs unit\u00e9s de mesure. Pour former plus facilement le personnel de bar \u00e0 la technique de mesure pr\u00e9cise.<\/p>\n<p>Caract\u00e9ristiques :<br \/> Dimensions : 178(H) x 99(L) x 99(P) mm.<br \/> Mati\u00e8re : Plastique<\/p>\n","protected":false},"excerpt":{"rendered":"<p>Aide \u00e0 la formation professionnelle de bar Pro-Pour Beaumont<\/p>\n","protected":false},"featured_media":88528,"comment_status":"closed","ping_status":"closed","template":"","meta":[],"product_brand":[],"product_cat":[1277,1297],"product_tag":[],"class_list":{"0":"post-68703","1":"product","2":"type-product","3":"status-publish","4":"has-post-thumbnail","6":"product_cat-divers-principal","7":"product_cat-non-palettisable","8":"product_shipping_class-free-shipping","10":"first","11":"outofstock","12":"featured","13":"taxable","14":"shipping-taxable","15":"purchasable","16":"product-type-simple"},"_links":{"self":[{"href":"https:\/\/abinox-chr-clim.com\/index.php\/wp-json\/wp\/v2\/product\/68703","targetHints":{"allow":["GET"]}}],"collection":[{"href":"https:\/\/abinox-chr-clim.com\/index.php\/wp-json\/wp\/v2\/product"}],"about":[{"href":"https:\/\/abinox-chr-clim.com\/index.php\/wp-json\/wp\/v2\/types\/product"}],"replies":[{"embeddable":true,"href":"https:\/\/abinox-chr-clim.com\/index.php\/wp-json\/wp\/v2\/comments?post=68703"}],"wp:featuredmedia":[{"embeddable":true,"href":"https:\/\/abinox-chr-clim.com\/index.php\/wp-json\/wp\/v2\/media\/88528"}],"wp:attachment":[{"href":"https:\/\/abinox-chr-clim.com\/index.php\/wp-json\/wp\/v2\/media?parent=68703"}],"wp:term":[{"taxonomy":"product_brand","embeddable":true,"href":"https:\/\/abinox-chr-clim.com\/index.php\/wp-json\/wp\/v2\/product_brand?post=68703"},{"taxonomy":"product_cat","embeddable":true,"href":"https:\/\/abinox-chr-clim.com\/index.php\/wp-json\/wp\/v2\/product_cat?post=68703"},{"taxonomy":"product_tag","embeddable":true,"href":"https:\/\/abinox-chr-clim.com\/index.php\/wp-json\/wp\/v2\/product_tag?post=68703"}],"curies":[{"name":"wp","href":"https:\/\/api.w.org\/{rel}","templated":true}]}}