{"id":68694,"date":"2024-03-22T16:15:04","date_gmt":"2024-03-22T15:15:04","guid":{"rendered":"https:\/\/abinox-chr-clim.com\/index.php\/product\/becs-verseurs-continus-en-inox-plaque-cuivre-beaumont-lot-de-12\/"},"modified":"2025-06-30T11:44:52","modified_gmt":"2025-06-30T09:44:52","slug":"becs-verseurs-continus-en-inox-plaque-cuivre-beaumont-lot-de-12","status":"publish","type":"product","link":"https:\/\/abinox-chr-clim.com\/index.php\/product\/becs-verseurs-continus-en-inox-plaque-cuivre-beaumont-lot-de-12\/","title":{"rendered":"Becs verseurs continus en inox plaqu\u00e9 cuivre Beaumont (lot de 12)"},"content":{"rendered":"<p>Plaquage cuivre pour un look \u00e9l\u00e9gant. L&rsquo;acier inoxydable assure une excellente durabilit\u00e9. Flux continu. Convient aux bouteilles standard. Plaquage cuivre pour un look \u00e9l\u00e9gant.<\/p>\n<p>Caract\u00e9ristiques :<br \/>Lot : 12.<br \/> Dimensions : 112(H) x 29(L) x 29(P) mm.<br \/> Mati\u00e8re : Inox.<br \/> Couleur : Cuivre.<\/p>\n","protected":false},"excerpt":{"rendered":"<p>Becs verseurs continus en inox plaqu\u00e9 cuivre Beaumont (lot de 12)<\/p>\n","protected":false},"featured_media":88561,"comment_status":"closed","ping_status":"closed","template":"","meta":[],"product_brand":[],"product_cat":[1277,1297],"product_tag":[],"class_list":{"0":"post-68694","1":"product","2":"type-product","3":"status-publish","4":"has-post-thumbnail","6":"product_cat-divers-principal","7":"product_cat-non-palettisable","8":"product_shipping_class-free-shipping","10":"first","11":"outofstock","12":"featured","13":"taxable","14":"shipping-taxable","15":"purchasable","16":"product-type-simple"},"_links":{"self":[{"href":"https:\/\/abinox-chr-clim.com\/index.php\/wp-json\/wp\/v2\/product\/68694","targetHints":{"allow":["GET"]}}],"collection":[{"href":"https:\/\/abinox-chr-clim.com\/index.php\/wp-json\/wp\/v2\/product"}],"about":[{"href":"https:\/\/abinox-chr-clim.com\/index.php\/wp-json\/wp\/v2\/types\/product"}],"replies":[{"embeddable":true,"href":"https:\/\/abinox-chr-clim.com\/index.php\/wp-json\/wp\/v2\/comments?post=68694"}],"wp:featuredmedia":[{"embeddable":true,"href":"https:\/\/abinox-chr-clim.com\/index.php\/wp-json\/wp\/v2\/media\/88561"}],"wp:attachment":[{"href":"https:\/\/abinox-chr-clim.com\/index.php\/wp-json\/wp\/v2\/media?parent=68694"}],"wp:term":[{"taxonomy":"product_brand","embeddable":true,"href":"https:\/\/abinox-chr-clim.com\/index.php\/wp-json\/wp\/v2\/product_brand?post=68694"},{"taxonomy":"product_cat","embeddable":true,"href":"https:\/\/abinox-chr-clim.com\/index.php\/wp-json\/wp\/v2\/product_cat?post=68694"},{"taxonomy":"product_tag","embeddable":true,"href":"https:\/\/abinox-chr-clim.com\/index.php\/wp-json\/wp\/v2\/product_tag?post=68694"}],"curies":[{"name":"wp","href":"https:\/\/api.w.org\/{rel}","templated":true}]}}