{"id":68686,"date":"2024-03-22T16:15:01","date_gmt":"2024-03-22T15:15:01","guid":{"rendered":"https:\/\/abinox-chr-clim.com\/index.php\/product\/glaciere-mobile-bleue-coleman-xtreme-47l\/"},"modified":"2025-11-11T10:24:12","modified_gmt":"2025-11-11T09:24:12","slug":"glaciere-mobile-bleue-coleman-xtreme-47l","status":"publish","type":"product","link":"https:\/\/abinox-chr-clim.com\/index.php\/product\/glaciere-mobile-bleue-coleman-xtreme-47l\/","title":{"rendered":"Glaci\u00e8re mobile bleue Coleman Xtreme 47L"},"content":{"rendered":"<p>Refroidissement haute performance des aliments et des boissons. Les couvercles sont suffisamment solides pour \u00eatre utilis\u00e9s comme si\u00e8ges et peuvent supporter jusqu&rsquo;\u00e0 113,4 kg.<br \/>Performances de refroidissement jusqu&rsquo;\u00e0 quatre jours, parfaites pour les manifestations longue dur\u00e9e. Roues tout-terrain et poign\u00e9e t\u00e9lescopique facilitant le transport sur de longues distances. Corps et couvercle isol\u00e9s en mousse de polyur\u00e9thane inject\u00e9e haute performance. La forme des c\u00f4t\u00e9s et de la base assurent une efficacit\u00e9 de refroidissement maximale. Augmentation de la capacit\u00e9 de stockage interne sans affecter les dimensions externes. Le couvercle \u00e0 charni\u00e8re peut supporter jusqu&rsquo;\u00e0 113 kg, ce qui lui permet d&rsquo;\u00eatre utilis\u00e9 comme si\u00e8ge.  Performances de refroidissement jusqu&rsquo;\u00e0 quatre jours, parfaites pour les manifestations longue dur\u00e9e.<\/p>\n<p>Caract\u00e9ristiques :<br \/> Dimensions : 650(H) x 490(L) x 430(P) mm.<br \/> Mati\u00e8re : Polyur\u00e9thane.<br \/> Couleur : Bleu.<\/p>\n","protected":false},"excerpt":{"rendered":"<p>Glaci\u00e8re mobile bleue Coleman Xtreme 47L<\/p>\n","protected":false},"featured_media":88870,"comment_status":"closed","ping_status":"closed","template":"","meta":[],"product_brand":[],"product_cat":[1277,1297],"product_tag":[],"class_list":{"0":"post-68686","1":"product","2":"type-product","3":"status-publish","4":"has-post-thumbnail","6":"product_cat-divers-principal","7":"product_cat-non-palettisable","8":"product_shipping_class-free-shipping","10":"first","11":"outofstock","12":"featured","13":"taxable","14":"shipping-taxable","15":"purchasable","16":"product-type-simple"},"_links":{"self":[{"href":"https:\/\/abinox-chr-clim.com\/index.php\/wp-json\/wp\/v2\/product\/68686","targetHints":{"allow":["GET"]}}],"collection":[{"href":"https:\/\/abinox-chr-clim.com\/index.php\/wp-json\/wp\/v2\/product"}],"about":[{"href":"https:\/\/abinox-chr-clim.com\/index.php\/wp-json\/wp\/v2\/types\/product"}],"replies":[{"embeddable":true,"href":"https:\/\/abinox-chr-clim.com\/index.php\/wp-json\/wp\/v2\/comments?post=68686"}],"wp:featuredmedia":[{"embeddable":true,"href":"https:\/\/abinox-chr-clim.com\/index.php\/wp-json\/wp\/v2\/media\/88870"}],"wp:attachment":[{"href":"https:\/\/abinox-chr-clim.com\/index.php\/wp-json\/wp\/v2\/media?parent=68686"}],"wp:term":[{"taxonomy":"product_brand","embeddable":true,"href":"https:\/\/abinox-chr-clim.com\/index.php\/wp-json\/wp\/v2\/product_brand?post=68686"},{"taxonomy":"product_cat","embeddable":true,"href":"https:\/\/abinox-chr-clim.com\/index.php\/wp-json\/wp\/v2\/product_cat?post=68686"},{"taxonomy":"product_tag","embeddable":true,"href":"https:\/\/abinox-chr-clim.com\/index.php\/wp-json\/wp\/v2\/product_tag?post=68686"}],"curies":[{"name":"wp","href":"https:\/\/api.w.org\/{rel}","templated":true}]}}