{"id":68682,"date":"2024-03-22T16:15:00","date_gmt":"2024-03-22T15:15:00","guid":{"rendered":"https:\/\/abinox-chr-clim.com\/index.php\/product\/coupe-fromage-blockbuster-boska-noir\/"},"modified":"2026-04-14T10:42:35","modified_gmt":"2026-04-14T08:42:35","slug":"coupe-fromage-blockbuster-boska-noir","status":"publish","type":"product","link":"https:\/\/abinox-chr-clim.com\/index.php\/product\/coupe-fromage-blockbuster-boska-noir\/","title":{"rendered":"Coupe-fromage BlockBuster Boska noir"},"content":{"rendered":"<p>Une gamme de couteaux et trancheurs \u00e0 fromage de haute qualit\u00e9 et au design \u00e9l\u00e9gant.<br \/>Coupe rapide de cubes de fromage parfaits pour les salades, les pizzas, les tapas, etc. Cubes de 8, 16 ou 24 mm \u00bf fils de coupe amovibles et rempla\u00e7ables. Facile \u00e0 d\u00e9monter et \u00e0 nettoyer. Design \u00e9l\u00e9gant. Coupe rapide de cubes de fromage parfaits pour les salades, les pizzas, les tapas, etc.<\/p>\n","protected":false},"excerpt":{"rendered":"<p>Coupe-fromage BlockBuster Boska noir<\/p>\n","protected":false},"featured_media":87070,"comment_status":"closed","ping_status":"closed","template":"","meta":[],"product_brand":[],"product_cat":[1277,1297],"product_tag":[],"class_list":{"0":"post-68682","1":"product","2":"type-product","3":"status-publish","4":"has-post-thumbnail","6":"product_cat-divers-principal","7":"product_cat-non-palettisable","8":"product_shipping_class-free-shipping","10":"first","11":"outofstock","12":"featured","13":"taxable","14":"shipping-taxable","15":"purchasable","16":"product-type-simple"},"_links":{"self":[{"href":"https:\/\/abinox-chr-clim.com\/index.php\/wp-json\/wp\/v2\/product\/68682","targetHints":{"allow":["GET"]}}],"collection":[{"href":"https:\/\/abinox-chr-clim.com\/index.php\/wp-json\/wp\/v2\/product"}],"about":[{"href":"https:\/\/abinox-chr-clim.com\/index.php\/wp-json\/wp\/v2\/types\/product"}],"replies":[{"embeddable":true,"href":"https:\/\/abinox-chr-clim.com\/index.php\/wp-json\/wp\/v2\/comments?post=68682"}],"wp:featuredmedia":[{"embeddable":true,"href":"https:\/\/abinox-chr-clim.com\/index.php\/wp-json\/wp\/v2\/media\/87070"}],"wp:attachment":[{"href":"https:\/\/abinox-chr-clim.com\/index.php\/wp-json\/wp\/v2\/media?parent=68682"}],"wp:term":[{"taxonomy":"product_brand","embeddable":true,"href":"https:\/\/abinox-chr-clim.com\/index.php\/wp-json\/wp\/v2\/product_brand?post=68682"},{"taxonomy":"product_cat","embeddable":true,"href":"https:\/\/abinox-chr-clim.com\/index.php\/wp-json\/wp\/v2\/product_cat?post=68682"},{"taxonomy":"product_tag","embeddable":true,"href":"https:\/\/abinox-chr-clim.com\/index.php\/wp-json\/wp\/v2\/product_tag?post=68682"}],"curies":[{"name":"wp","href":"https:\/\/api.w.org\/{rel}","templated":true}]}}