{"id":68667,"date":"2024-03-22T16:14:55","date_gmt":"2024-03-22T15:14:55","guid":{"rendered":"https:\/\/abinox-chr-clim.com\/index.php\/product\/marqueurs-craie-waterproof-securit-verre-ardoise-pointe-2-6mm-rouge-vert-jaune-bleu-lot-de-4\/"},"modified":"2025-11-11T10:25:16","modified_gmt":"2025-11-11T09:25:16","slug":"marqueurs-craie-waterproof-securit-verre-ardoise-pointe-2-6mm-rouge-vert-jaune-bleu-lot-de-4","status":"publish","type":"product","link":"https:\/\/abinox-chr-clim.com\/index.php\/product\/marqueurs-craie-waterproof-securit-verre-ardoise-pointe-2-6mm-rouge-vert-jaune-bleu-lot-de-4\/","title":{"rendered":"Marqueurs craie waterproof Securit (verre+ ardoise) pointe 2-6mm rouge, vert, jaune, bleu (lot de 4)"},"content":{"rendered":"<p>Ne coule pas (lorsqu&rsquo;il est sec) et 100 % r\u00e9sistant \u00e0 la pluie. Facile \u00e0 utiliser : secouez, poussez la pointe vers le bas, \u00e9crivez ou dessinez, et laissez les inscriptions s\u00e9cher pendant quelques minutes.Waterproof. Convient aux surfaces non poreuses. .Ne coule pas (lorsqu&rsquo;il est sec) et 100 % r\u00e9sistant \u00e0 la pluie.<\/p>\n<p>Caract\u00e9ristiques :<br \/> Dimensions : 200(H) x 147(L) x 78(P) mm.<br \/> Mati\u00e8re : Craie liquide.<br \/> Couleur : M\u00e9lange de 2 coloris.<\/p>\n","protected":false},"excerpt":{"rendered":"<p>Marqueurs craie waterproof Securit (verre+ ardoise) pointe 2-6mm rouge, vert, jaune, bleu (lot de 4)<\/p>\n","protected":false},"featured_media":105126,"comment_status":"closed","ping_status":"closed","template":"","meta":[],"product_brand":[],"product_cat":[1277,1297],"product_tag":[],"class_list":{"0":"post-68667","1":"product","2":"type-product","3":"status-publish","4":"has-post-thumbnail","6":"product_cat-divers-principal","7":"product_cat-non-palettisable","8":"product_shipping_class-free-shipping","10":"first","11":"outofstock","12":"featured","13":"taxable","14":"shipping-taxable","15":"purchasable","16":"product-type-simple"},"_links":{"self":[{"href":"https:\/\/abinox-chr-clim.com\/index.php\/wp-json\/wp\/v2\/product\/68667","targetHints":{"allow":["GET"]}}],"collection":[{"href":"https:\/\/abinox-chr-clim.com\/index.php\/wp-json\/wp\/v2\/product"}],"about":[{"href":"https:\/\/abinox-chr-clim.com\/index.php\/wp-json\/wp\/v2\/types\/product"}],"replies":[{"embeddable":true,"href":"https:\/\/abinox-chr-clim.com\/index.php\/wp-json\/wp\/v2\/comments?post=68667"}],"wp:featuredmedia":[{"embeddable":true,"href":"https:\/\/abinox-chr-clim.com\/index.php\/wp-json\/wp\/v2\/media\/105126"}],"wp:attachment":[{"href":"https:\/\/abinox-chr-clim.com\/index.php\/wp-json\/wp\/v2\/media?parent=68667"}],"wp:term":[{"taxonomy":"product_brand","embeddable":true,"href":"https:\/\/abinox-chr-clim.com\/index.php\/wp-json\/wp\/v2\/product_brand?post=68667"},{"taxonomy":"product_cat","embeddable":true,"href":"https:\/\/abinox-chr-clim.com\/index.php\/wp-json\/wp\/v2\/product_cat?post=68667"},{"taxonomy":"product_tag","embeddable":true,"href":"https:\/\/abinox-chr-clim.com\/index.php\/wp-json\/wp\/v2\/product_tag?post=68667"}],"curies":[{"name":"wp","href":"https:\/\/api.w.org\/{rel}","templated":true}]}}