{"id":68645,"date":"2024-03-22T16:14:45","date_gmt":"2024-03-22T15:14:45","guid":{"rendered":"https:\/\/abinox-chr-clim.com\/index.php\/product\/table-carree-a-lattes-en-acier-bolero-terracotta\/"},"modified":"2026-04-14T10:44:10","modified_gmt":"2026-04-14T08:44:10","slug":"table-carree-a-lattes-en-acier-bolero-terracotta","status":"publish","type":"product","link":"https:\/\/abinox-chr-clim.com\/index.php\/product\/table-carree-a-lattes-en-acier-bolero-terracotta\/","title":{"rendered":"Table carr\u00e9e \u00e0 lattes en acier Bolero terracotta"},"content":{"rendered":"<p>Tables bistro de diff\u00e9rentes couleurs faciles d&rsquo;entretien. Parfaites pour les trottoirs, terrasses des caf\u00e9s et restaurants.<br \/>La construction l\u00e9g\u00e8re rend la table facile \u00e0 transporter. R\u00e9f\u00e9rence soumise \u00e0 une Eco-participation mobilier de 0.61\u20ac par unit\u00e9 vendue. La construction durable en acier galvanis\u00e9 vous offre du mobilier durable. Convient pour une utilisation int\u00e9rieure ou ext\u00e9rieure. Conception simple \u00e0 assembler pour une table pr\u00eate \u00e0 l&#8217;emploi en un rien de temps. La conception pliable vous permet d&rsquo;\u00e9conomiser de l&rsquo;espace de stockage. Le coloris terracotta apporte de l&rsquo;originalit\u00e9.La construction l\u00e9g\u00e8re rend la table facile \u00e0 transporter.<\/p>\n<p>Caract\u00e9ristiques :<br \/> Mati\u00e8re : .<br \/> Couleur : Terre cuite.<\/p>\n","protected":false},"excerpt":{"rendered":"<p>Table carr\u00e9e \u00e0 lattes en acier Bolero terracotta<\/p>\n","protected":false},"featured_media":84056,"comment_status":"closed","ping_status":"closed","template":"","meta":[],"product_brand":[],"product_cat":[1277,1297],"product_tag":[],"class_list":{"0":"post-68645","1":"product","2":"type-product","3":"status-publish","4":"has-post-thumbnail","6":"product_cat-divers-principal","7":"product_cat-non-palettisable","8":"product_shipping_class-free-shipping","10":"first","11":"instock","12":"featured","13":"taxable","14":"shipping-taxable","15":"purchasable","16":"product-type-simple"},"_links":{"self":[{"href":"https:\/\/abinox-chr-clim.com\/index.php\/wp-json\/wp\/v2\/product\/68645","targetHints":{"allow":["GET"]}}],"collection":[{"href":"https:\/\/abinox-chr-clim.com\/index.php\/wp-json\/wp\/v2\/product"}],"about":[{"href":"https:\/\/abinox-chr-clim.com\/index.php\/wp-json\/wp\/v2\/types\/product"}],"replies":[{"embeddable":true,"href":"https:\/\/abinox-chr-clim.com\/index.php\/wp-json\/wp\/v2\/comments?post=68645"}],"wp:featuredmedia":[{"embeddable":true,"href":"https:\/\/abinox-chr-clim.com\/index.php\/wp-json\/wp\/v2\/media\/84056"}],"wp:attachment":[{"href":"https:\/\/abinox-chr-clim.com\/index.php\/wp-json\/wp\/v2\/media?parent=68645"}],"wp:term":[{"taxonomy":"product_brand","embeddable":true,"href":"https:\/\/abinox-chr-clim.com\/index.php\/wp-json\/wp\/v2\/product_brand?post=68645"},{"taxonomy":"product_cat","embeddable":true,"href":"https:\/\/abinox-chr-clim.com\/index.php\/wp-json\/wp\/v2\/product_cat?post=68645"},{"taxonomy":"product_tag","embeddable":true,"href":"https:\/\/abinox-chr-clim.com\/index.php\/wp-json\/wp\/v2\/product_tag?post=68645"}],"curies":[{"name":"wp","href":"https:\/\/api.w.org\/{rel}","templated":true}]}}