{"id":68643,"date":"2024-03-22T16:14:45","date_gmt":"2024-03-22T15:14:45","guid":{"rendered":"https:\/\/abinox-chr-clim.com\/index.php\/product\/sacs-de-protection-bacs-gn-1-3-taille-2-moyen-lot-de-100\/"},"modified":"2026-01-12T09:04:46","modified_gmt":"2026-01-12T08:04:46","slug":"sacs-de-protection-bacs-gn-1-3-taille-2-moyen-lot-de-100","status":"publish","type":"product","link":"https:\/\/abinox-chr-clim.com\/index.php\/product\/sacs-de-protection-bacs-gn-1-3-taille-2-moyen-lot-de-100\/","title":{"rendered":"Sacs de protection bacs GN 1\/3 taille 2 moyen (lot de 100)"},"content":{"rendered":"<p>Con\u00e7u pour s&rsquo;adapter aux tailles GN standards. Pour utilisation au bain-marie (pas pour la cuisson). \u00c9conomisez du temps, de l&rsquo;argent, de l&rsquo;eau, de l&rsquo;\u00e9lectricit\u00e9, du gaz et du d\u00e9tergent. Garde les aliments humides plus longtemps. Temps de nettoyage plus court. Peut \u00eatre plac\u00e9 au cong\u00e9lateur pour conserver le produit pour une utilisation ult\u00e9rieure. Prot\u00e8ge la surface du bac GN. Fabriqu\u00e9 au Royaume-Uni. Recyclable.Con\u00e7u pour s&rsquo;adapter aux tailles GN standards.<\/p>\n<p>Caract\u00e9ristiques :<br \/>Lot : 100.<br \/> Dimensions : 280(H) x 470(L) x 1(P) mm.<br \/> Mati\u00e8re : Polym\u00e8re.<br \/> Temp\u00e9rature : 105 \u00b0C.<br \/> Couleur : Transparent.<br \/> Bac GN : GN 1\/3XY.<\/p>\n","protected":false},"excerpt":{"rendered":"<p>Sacs de protection bacs GN 1\/3 taille 2 moyen (lot de 100)<\/p>\n","protected":false},"featured_media":105086,"comment_status":"closed","ping_status":"closed","template":"","meta":[],"product_brand":[],"product_cat":[1277,1297],"product_tag":[],"class_list":{"0":"post-68643","1":"product","2":"type-product","3":"status-publish","4":"has-post-thumbnail","6":"product_cat-divers-principal","7":"product_cat-non-palettisable","8":"product_shipping_class-free-shipping","10":"first","11":"outofstock","12":"featured","13":"taxable","14":"shipping-taxable","15":"purchasable","16":"product-type-simple"},"_links":{"self":[{"href":"https:\/\/abinox-chr-clim.com\/index.php\/wp-json\/wp\/v2\/product\/68643","targetHints":{"allow":["GET"]}}],"collection":[{"href":"https:\/\/abinox-chr-clim.com\/index.php\/wp-json\/wp\/v2\/product"}],"about":[{"href":"https:\/\/abinox-chr-clim.com\/index.php\/wp-json\/wp\/v2\/types\/product"}],"replies":[{"embeddable":true,"href":"https:\/\/abinox-chr-clim.com\/index.php\/wp-json\/wp\/v2\/comments?post=68643"}],"wp:featuredmedia":[{"embeddable":true,"href":"https:\/\/abinox-chr-clim.com\/index.php\/wp-json\/wp\/v2\/media\/105086"}],"wp:attachment":[{"href":"https:\/\/abinox-chr-clim.com\/index.php\/wp-json\/wp\/v2\/media?parent=68643"}],"wp:term":[{"taxonomy":"product_brand","embeddable":true,"href":"https:\/\/abinox-chr-clim.com\/index.php\/wp-json\/wp\/v2\/product_brand?post=68643"},{"taxonomy":"product_cat","embeddable":true,"href":"https:\/\/abinox-chr-clim.com\/index.php\/wp-json\/wp\/v2\/product_cat?post=68643"},{"taxonomy":"product_tag","embeddable":true,"href":"https:\/\/abinox-chr-clim.com\/index.php\/wp-json\/wp\/v2\/product_tag?post=68643"}],"curies":[{"name":"wp","href":"https:\/\/api.w.org\/{rel}","templated":true}]}}